269
CDUS41 KOKX 220630
CLIEWR


CLIMATE REPORT
NATIONAL WEATHER SERVICE NEW YORK NY
230 AM EDT SUN APR 22 2018


...................................

...THE NEWARK NJ CLIMATE SUMMARY FOR APRIL 21 2018...

CLIMATE NORMAL PERIOD 1981 TO 2010
CLIMATE RECORD PERIOD 1929 TO 2018


WEATHER ITEM   OBSERVED TIME   RECORD YEAR NORMAL DEPARTURE LAST
                VALUE   (LST)  VALUE       VALUE  FROM      YEAR
                                                  NORMAL
..................................................................
TEMPERATURE (F)
 YESTERDAY
  MAXIMUM         64    421 PM  88    1957  64      0       57
  MINIMUM         37    402 AM  31    1981  46     -9       49
  AVERAGE         51                        55     -4       53

PRECIPITATION (IN)
  YESTERDAY        0.00          2.50 1991   0.14  -0.14     0.14
  MONTH TO DATE    4.47                      3.01   1.46     2.31
  SINCE MAR 1      8.95                      7.19   1.76     7.38
  SINCE JAN 1     16.75                     13.61   3.14    14.12

SNOWFALL (IN)
  YESTERDAY        0.0           0.0  2001   0.0    0.0      0.0
  MONTH TO DATE    5.0                       0.8    4.2      0.0
  SINCE OCT 1     39.4                      28.4   11.0     30.0
  SINCE JUL 1     39.4                      28.4   11.0     30.0
  SNOW DEPTH       0

DEGREE DAYS
 HEATING
  YESTERDAY       14                        11      3       12
  MONTH TO DATE  381                       295     86      206
  SINCE MAR 1   1139                      1004    135      978
  SINCE JUL 1   4464                      4639   -175     3987

 COOLING
  YESTERDAY        0                         0      0        0
  MONTH TO DATE    6                         0      6       19
  SINCE MAR 1      6                         1      5       19
  SINCE JAN 1      9                         1      8       19
..................................................................


WIND (MPH)
  HIGHEST WIND SPEED    18   HIGHEST WIND DIRECTION    NW (330)
  HIGHEST GUST SPEED    28   HIGHEST GUST DIRECTION    NW (310)
  AVERAGE WIND SPEED    10.0


SKY COVER
  AVERAGE SKY COVER 0.6


WEATHER CONDITIONS
 THE FOLLOWING WEATHER WAS RECORDED YESTERDAY.
  NO SIGNIFICANT WEATHER WAS OBSERVED.


RELATIVE HUMIDITY (PERCENT)
 HIGHEST    59           300 AM
 LOWEST     31           300 PM
 AVERAGE    45

..........................................................


THE NEWARK NJ CLIMATE NORMALS FOR TODAY
                         NORMAL    RECORD    YEAR
 MAXIMUM TEMPERATURE (F)   65        87      1985
 MINIMUM TEMPERATURE (F)   46        32      1947


SUNRISE AND SUNSET
APRIL 22 2018.........SUNRISE   608 AM EDT   SUNSET   743 PM EDT
APRIL 23 2018.........SUNRISE   606 AM EDT   SUNSET   744 PM EDT


-  INDICATES NEGATIVE NUMBERS.
R  INDICATES RECORD WAS SET OR TIED.
MM INDICATES DATA IS MISSING.
T  INDICATES TRACE AMOUNT.




$$
