000
CDUS41 KOKX 140616
CLIEWR


CLIMATE REPORT
NATIONAL WEATHER SERVICE NEW YORK NY
216 AM EDT MON MAY 14 2018


...................................

...THE NEWARK NJ CLIMATE SUMMARY FOR MAY 13 2018...

CLIMATE NORMAL PERIOD 1981 TO 2010
CLIMATE RECORD PERIOD 1929 TO 2018


WEATHER ITEM   OBSERVED TIME   RECORD YEAR NORMAL DEPARTURE LAST
                VALUE   (LST)  VALUE       VALUE  FROM      YEAR
                                                  NORMAL
..................................................................
TEMPERATURE (F)
 YESTERDAY
  MAXIMUM         54    726 PM  92    1956  71    -17       53
  MINIMUM         51    729 AM  37    1938  52     -1       43
  AVERAGE         53                        62     -9       48

PRECIPITATION (IN)
  YESTERDAY        0.25          1.79 2017   0.12   0.13     1.79
  MONTH TO DATE    0.54                      1.61  -1.07     4.94
  SINCE MAR 1     10.87                      9.99   0.88    13.50
  SINCE JAN 1     18.67                     16.41   2.26    20.24

SNOWFALL (IN)
  YESTERDAY        0.0           0.0  2002   0.0    0.0      0.0
                                      2001
  MONTH TO DATE    0.0                       0.0    0.0      0.0
  SINCE OCT 1     39.4                      28.5   10.9     30.0
  SINCE JUL 1     39.4                      28.5   10.9     30.0
  SNOW DEPTH       0

DEGREE DAYS
 HEATING
  YESTERDAY       12                         5      7       17
  MONTH TO DATE   32                        80    -48      116
  SINCE MAR 1   1256                      1165     91     1153
  SINCE JUL 1   4581                      4800   -219     4162

 COOLING
  YESTERDAY        0                         1     -1        0
  MONTH TO DATE   44                        13     31        5
  SINCE MAR 1     50                        25     25       41
  SINCE JAN 1     53                        25     28       41
..................................................................


WIND (MPH)
  HIGHEST WIND SPEED    14   HIGHEST WIND DIRECTION     N (360)
  HIGHEST GUST SPEED    16   HIGHEST GUST DIRECTION    NE (30)
  AVERAGE WIND SPEED     7.1


SKY COVER
  AVERAGE SKY COVER 1.0


WEATHER CONDITIONS
 THE FOLLOWING WEATHER WAS RECORDED YESTERDAY.
  RAIN
  LIGHT RAIN
  FOG
  HAZE


RELATIVE HUMIDITY (PERCENT)
 HIGHEST   100           900 PM
 LOWEST     83          1000 AM
 AVERAGE    92

..........................................................


THE NEWARK NJ CLIMATE NORMALS FOR TODAY
                         NORMAL    RECORD    YEAR
 MAXIMUM TEMPERATURE (F)   72        86      1991
                                             1985
 MINIMUM TEMPERATURE (F)   53        36      1939


SUNRISE AND SUNSET
MAY 14 2018...........SUNRISE   541 AM EDT   SUNSET   806 PM EDT
MAY 15 2018...........SUNRISE   540 AM EDT   SUNSET   807 PM EDT


-  INDICATES NEGATIVE NUMBERS.
R  INDICATES RECORD WAS SET OR TIED.
MM INDICATES DATA IS MISSING.
T  INDICATES TRACE AMOUNT.




$$
