000
CDUS41 KOKX 090617
CLIEWR


CLIMATE REPORT
NATIONAL WEATHER SERVICE NEW YORK NY
217 AM EDT MON APR 9 2018


...................................

...THE NEWARK NJ CLIMATE SUMMARY FOR APRIL 8 2018...

CLIMATE NORMAL PERIOD 1981 TO 2010
CLIMATE RECORD PERIOD 1929 TO 2018


WEATHER ITEM   OBSERVED TIME   RECORD YEAR NORMAL DEPARTURE LAST
                VALUE   (LST)  VALUE       VALUE  FROM      YEAR
                                                  NORMAL
..................................................................
TEMPERATURE (F)
 YESTERDAY
  MAXIMUM         48    150 PM  88    1991  59    -11       60
  MINIMUM         31    512 AM  23    1982  41    -10       40
  AVERAGE         40                        50    -10       50

PRECIPITATION (IN)
  YESTERDAY        0.00          1.85 1940   0.15  -0.15      T
  MONTH TO DATE    0.92                      1.17  -0.25     2.04
  SINCE MAR 1      5.40                      5.35   0.05     7.11
  SINCE JAN 1     13.20                     11.77   1.43    13.85

SNOWFALL (IN)
  YESTERDAY        0.0           3.4  1956   0.0    0.0      0.0
  MONTH TO DATE    5.0                       0.4    4.6      0.0
  SINCE OCT 1     39.4                      28.0   11.4     30.0
  SINCE JUL 1     39.4                      28.0   11.4     30.0
  SNOW DEPTH       0

DEGREE DAYS
 HEATING
  YESTERDAY       25                        15     10       15
  MONTH TO DATE  168                       130     38      126
  SINCE MAR 1    926                       839     87      898
  SINCE JUL 1   4251                      4474   -223     3907

 COOLING
  YESTERDAY        0                         0      0        0
  MONTH TO DATE    0                         0      0        0
  SINCE MAR 1      0                         1     -1        0
  SINCE JAN 1      3                         1      2        0
..................................................................


WIND (MPH)
  HIGHEST WIND SPEED    25   HIGHEST WIND DIRECTION    NW (310)
  HIGHEST GUST SPEED    33   HIGHEST GUST DIRECTION     W (290)
  AVERAGE WIND SPEED    14.4


SKY COVER
  AVERAGE SKY COVER 0.6


WEATHER CONDITIONS
 THE FOLLOWING WEATHER WAS RECORDED YESTERDAY.
  NO SIGNIFICANT WEATHER WAS OBSERVED.


RELATIVE HUMIDITY (PERCENT)
 HIGHEST    54           400 AM
 LOWEST     25           500 PM
 AVERAGE    40

..........................................................


THE NEWARK NJ CLIMATE NORMALS FOR TODAY
                         NORMAL    RECORD    YEAR
 MAXIMUM TEMPERATURE (F)   60        85      2013
 MINIMUM TEMPERATURE (F)   42        26      1977


SUNRISE AND SUNSET
APRIL  9 2018.........SUNRISE   627 AM EDT   SUNSET   730 PM EDT
APRIL 10 2018.........SUNRISE   626 AM EDT   SUNSET   731 PM EDT


-  INDICATES NEGATIVE NUMBERS.
R  INDICATES RECORD WAS SET OR TIED.
MM INDICATES DATA IS MISSING.
T  INDICATES TRACE AMOUNT.




$$
