000
CDUS41 KOKX 070616
CLIEWR


CLIMATE REPORT
NATIONAL WEATHER SERVICE NEW YORK NY
216 AM EDT MON MAY 7 2018


...................................

...THE NEWARK NJ CLIMATE SUMMARY FOR MAY 6 2018...

CLIMATE NORMAL PERIOD 1981 TO 2010
CLIMATE RECORD PERIOD 1929 TO 2018


WEATHER ITEM   OBSERVED TIME   RECORD YEAR NORMAL DEPARTURE LAST
                VALUE   (LST)  VALUE       VALUE  FROM      YEAR
                                                  NORMAL
..................................................................
TEMPERATURE (F)
 YESTERDAY
  MAXIMUM         67    251 PM  93    1949  69     -2       66
  MINIMUM         59   1159 PM  40    1967  50      9       53
                                      1931
  AVERAGE         63                        60      3       60

PRECIPITATION (IN)
  YESTERDAY        T             1.70 1991   0.13  -0.13     0.10
  MONTH TO DATE    T                         0.74  -0.74     3.15
  SINCE MAR 1     10.33                      9.12   1.21    11.71
  SINCE JAN 1     18.13                     15.54   2.59    18.45

SNOWFALL (IN)
  YESTERDAY        0.0           T    1994   0.0    0.0      0.0
  MONTH TO DATE    0.0                       0.0    0.0      0.0
  SINCE OCT 1     39.4                      28.5   10.9     30.0
  SINCE JUL 1     39.4                      28.5   10.9     30.0
  SNOW DEPTH       0

DEGREE DAYS
 HEATING
  YESTERDAY        2                         6     -4        5
  MONTH TO DATE    3                        42    -39       34
  SINCE MAR 1   1227                      1127    100     1071
  SINCE JUL 1   4552                      4762   -210     4080

 COOLING
  YESTERDAY        0                         1     -1        0
  MONTH TO DATE   41                         6     35        5
  SINCE MAR 1     47                        18     29       41
  SINCE JAN 1     50                        18     32       41
..................................................................


WIND (MPH)
  HIGHEST WIND SPEED    18   HIGHEST WIND DIRECTION    NE (50)
  HIGHEST GUST SPEED    23   HIGHEST GUST DIRECTION    NE (50)
  AVERAGE WIND SPEED     8.5


SKY COVER
  AVERAGE SKY COVER 1.0


WEATHER CONDITIONS
 THE FOLLOWING WEATHER WAS RECORDED YESTERDAY.
  NO SIGNIFICANT WEATHER WAS OBSERVED.


RELATIVE HUMIDITY (PERCENT)
 HIGHEST    75          1100 PM
 LOWEST     44           500 PM
 AVERAGE    60

..........................................................


THE NEWARK NJ CLIMATE NORMALS FOR TODAY
                         NORMAL    RECORD    YEAR
 MAXIMUM TEMPERATURE (F)   69        94      2000
 MINIMUM TEMPERATURE (F)   51        38      1996
                                             1970


SUNRISE AND SUNSET
MAY  7 2018...........SUNRISE   548 AM EDT   SUNSET   759 PM EDT
MAY  8 2018...........SUNRISE   547 AM EDT   SUNSET   800 PM EDT


-  INDICATES NEGATIVE NUMBERS.
R  INDICATES RECORD WAS SET OR TIED.
MM INDICATES DATA IS MISSING.
T  INDICATES TRACE AMOUNT.




$$
