000
CDUS41 KOKX 170618
CLIEWR


CLIMATE REPORT
NATIONAL WEATHER SERVICE NEW YORK NY
218 AM EDT TUE APR 17 2018


...................................

...THE NEWARK NJ CLIMATE SUMMARY FOR APRIL 16 2018...

CLIMATE NORMAL PERIOD 1981 TO 2010
CLIMATE RECORD PERIOD 1929 TO 2018


WEATHER ITEM   OBSERVED TIME   RECORD YEAR NORMAL DEPARTURE LAST
                VALUE   (LST)  VALUE       VALUE  FROM      YEAR
                                                  NORMAL
..................................................................
TEMPERATURE (F)
 YESTERDAY
  MAXIMUM         61    432 PM  92    2002  62     -1       87
  MINIMUM         40   1225 AM  26    1943  44     -4       58
  AVERAGE         51                        53     -2       73

PRECIPITATION (IN)
  YESTERDAY        2.99R         2.82 1986   0.14   2.85     0.05
  MONTH TO DATE    4.35                      2.34   2.01     2.12
  SINCE MAR 1      8.83                      6.52   2.31     7.19
  SINCE JAN 1     16.63                     12.94   3.69    13.93

SNOWFALL (IN)
  YESTERDAY        0.0           T    2014   0.0    0.0      0.0
                                      1992
  MONTH TO DATE    5.0                       0.7    4.3      0.0
  SINCE OCT 1     39.4                      28.3   11.1     30.0
  SINCE JUL 1     39.4                      28.3   11.1     30.0
  SNOW DEPTH       0

DEGREE DAYS
 HEATING
  YESTERDAY       14                        12      2        0
  MONTH TO DATE  286                       238     48      163
  SINCE MAR 1   1044                       947     97      935
  SINCE JUL 1   4369                      4582   -213     3944

 COOLING
  YESTERDAY        0                         0      0        8
  MONTH TO DATE    6                         0      6       17
  SINCE MAR 1      6                         1      5       17
  SINCE JAN 1      9                         1      8       17
..................................................................


WIND (MPH)
  HIGHEST WIND SPEED    30   HIGHEST WIND DIRECTION     W (250)
  HIGHEST GUST SPEED    39   HIGHEST GUST DIRECTION     E (70)
  AVERAGE WIND SPEED    16.1


SKY COVER
  AVERAGE SKY COVER 0.9


WEATHER CONDITIONS
 THE FOLLOWING WEATHER WAS RECORDED YESTERDAY.
  THUNDERSTORM
  HEAVY RAIN
  RAIN
  LIGHT RAIN
  FOG


RELATIVE HUMIDITY (PERCENT)
 HIGHEST   100           600 AM
 LOWEST     65          1000 PM
 AVERAGE    83

..........................................................


THE NEWARK NJ CLIMATE NORMALS FOR TODAY
                         NORMAL    RECORD    YEAR
 MAXIMUM TEMPERATURE (F)   63        97      2002
 MINIMUM TEMPERATURE (F)   44        30      1980


SUNRISE AND SUNSET
APRIL 17 2018.........SUNRISE   615 AM EDT   SUNSET   738 PM EDT
APRIL 18 2018.........SUNRISE   613 AM EDT   SUNSET   739 PM EDT


-  INDICATES NEGATIVE NUMBERS.
R  INDICATES RECORD WAS SET OR TIED.
MM INDICATES DATA IS MISSING.
T  INDICATES TRACE AMOUNT.




$$
