000
CDUS41 KOKX 282034
CLIEWR


CLIMATE REPORT
NATIONAL WEATHER SERVICE NEW YORK NY
434 PM EDT WED MAR 28 2018


...................................

...THE NEWARK NJ CLIMATE SUMMARY FOR MARCH 28 2018...
VALID TODAY AS OF 0400 PM LOCAL TIME.

CLIMATE NORMAL PERIOD 1981 TO 2010
CLIMATE RECORD PERIOD 1929 TO 2018


WEATHER ITEM   OBSERVED TIME   RECORD YEAR NORMAL DEPARTURE LAST
                VALUE   (LST)  VALUE       VALUE  FROM      YEAR
                                                  NORMAL
..................................................................
TEMPERATURE (F)
 TODAY
  MAXIMUM         51    256 PM  87    1945  55     -4       49
  MINIMUM         38    621 AM  19    1982  37      1       41
  AVERAGE         45                        46     -1       45

PRECIPITATION (IN)
  TODAY            0.03          2.30 2005   0.14  -0.11     0.99
  MONTH TO DATE    4.43                      3.75   0.68     2.99
  SINCE MAR 1      4.43                      3.75   0.68     2.99
  SINCE JAN 1     12.23                     10.17   2.06     9.73

SNOWFALL (IN)
  TODAY            0.0           1.1  1984   0.1   -0.1      0.0
  MONTH TO DATE   13.2                       4.4    8.8      9.4
  SINCE OCT 1     34.4                      27.4    7.0     30.0
  SINCE JUL 1     34.4                      27.4    7.0     30.0
  SNOW DEPTH       0

DEGREE DAYS
 HEATING
  TODAY           20                        19      1       20
  MONTH TO DATE  713                       654     59      712
  SINCE MAR 1    713                       654     59      712
  SINCE JUL 1   4038                      4289   -251     3721

 COOLING
  TODAY            0                         0      0        0
  MONTH TO DATE    0                         0      0        0
  SINCE MAR 1      0                         0      0        0
  SINCE JAN 1      3                         0      3        0
..................................................................


WIND (MPH)
  HIGHEST WIND SPEED    13   HIGHEST WIND DIRECTION    SW (240)
  HIGHEST GUST SPEED    18   HIGHEST GUST DIRECTION     W (250)
  AVERAGE WIND SPEED     6.9


SKY COVER
  AVERAGE SKY COVER 1.0


WEATHER CONDITIONS
 THE FOLLOWING WEATHER WAS RECORDED TODAY.
  LIGHT RAIN
  FOG


RELATIVE HUMIDITY (PERCENT)
 HIGHEST    92          1200 AM
 LOWEST     71           100 PM
 AVERAGE    82

..........................................................


THE NEWARK NJ CLIMATE NORMALS FOR TOMORROW
                         NORMAL    RECORD    YEAR
 MAXIMUM TEMPERATURE (F)   55        89      1945
 MINIMUM TEMPERATURE (F)   38        23      1959


SUNRISE AND SUNSET
MARCH 28 2018.........SUNRISE   647 AM EDT   SUNSET   717 PM EDT
MARCH 29 2018.........SUNRISE   645 AM EDT   SUNSET   718 PM EDT


-  INDICATES NEGATIVE NUMBERS.
R  INDICATES RECORD WAS SET OR TIED.
MM INDICATES DATA IS MISSING.
T  INDICATES TRACE AMOUNT.




$$
