098
CDUS41 KOKX 112036
CLIEWR


CLIMATE REPORT
NATIONAL WEATHER SERVICE NEW YORK NY
436 PM EDT WED APR 11 2018


...................................

...THE NEWARK NJ CLIMATE SUMMARY FOR APRIL 11 2018...
VALID TODAY AS OF 0400 PM LOCAL TIME.

CLIMATE NORMAL PERIOD 1981 TO 2010
CLIMATE RECORD PERIOD 1929 TO 2018


WEATHER ITEM   OBSERVED TIME   RECORD YEAR NORMAL DEPARTURE LAST
                VALUE   (LST)  VALUE       VALUE  FROM      YEAR
                                                  NORMAL
..................................................................
TEMPERATURE (F)
 TODAY
  MAXIMUM         54   1245 PM  87    2011  60     -6       84
  MINIMUM         32    538 AM  29    1976  42    -10       56
                                      1938
  AVERAGE         43                        51     -8       70

PRECIPITATION (IN)
  TODAY            T             0.78 1934   0.15  -0.15     0.00
  MONTH TO DATE    0.92                      1.62  -0.70     2.04
  SINCE MAR 1      5.40                      5.80  -0.40     7.11
  SINCE JAN 1     13.20                     12.22   0.98    13.85

SNOWFALL (IN)
  TODAY            0.0           T    1986   0.0    0.0      0.0
  MONTH TO DATE    5.0                       0.5    4.5      0.0
  SINCE OCT 1     39.4                      28.1   11.3     30.0
  SINCE JUL 1     39.4                      28.1   11.3     30.0
  SNOW DEPTH       0

DEGREE DAYS
 HEATING
  TODAY           22                        14      8        0
  MONTH TO DATE  234                       173     61      136
  SINCE MAR 1    992                       882    110      908
  SINCE JUL 1   4317                      4517   -200     3917

 COOLING
  TODAY            0                         0      0        5
  MONTH TO DATE    0                         0      0        5
  SINCE MAR 1      0                         1     -1        5
  SINCE JAN 1      3                         1      2        5
..................................................................


WIND (MPH)
  HIGHEST WIND SPEED    16   HIGHEST WIND DIRECTION    SW (220)
  HIGHEST GUST SPEED    23   HIGHEST GUST DIRECTION     W (250)
  AVERAGE WIND SPEED     5.0


SKY COVER
  AVERAGE SKY COVER 0.4


WEATHER CONDITIONS
 THE FOLLOWING WEATHER WAS RECORDED TODAY.
  LIGHT RAIN


RELATIVE HUMIDITY (PERCENT)
 HIGHEST    61           500 AM
 LOWEST     31          1000 AM
 AVERAGE    46

..........................................................


THE NEWARK NJ CLIMATE NORMALS FOR TOMORROW
                         NORMAL    RECORD    YEAR
 MAXIMUM TEMPERATURE (F)   61        90      1977
 MINIMUM TEMPERATURE (F)   43        27      1976
                                             1940


SUNRISE AND SUNSET
APRIL 11 2018.........SUNRISE   624 AM EDT   SUNSET   732 PM EDT
APRIL 12 2018.........SUNRISE   623 AM EDT   SUNSET   733 PM EDT


-  INDICATES NEGATIVE NUMBERS.
R  INDICATES RECORD WAS SET OR TIED.
MM INDICATES DATA IS MISSING.
T  INDICATES TRACE AMOUNT.




$$
