000
CDUS41 KOKX 100618
CLIEWR


CLIMATE REPORT
NATIONAL WEATHER SERVICE NEW YORK NY
217 AM EDT THU MAY 10 2018


...................................

...THE NEWARK NJ CLIMATE SUMMARY FOR MAY 9 2018...

CLIMATE NORMAL PERIOD 1981 TO 2010
CLIMATE RECORD PERIOD 1929 TO 2018


WEATHER ITEM   OBSERVED TIME   RECORD YEAR NORMAL DEPARTURE LAST
                VALUE   (LST)  VALUE       VALUE  FROM      YEAR
                                                  NORMAL
..................................................................
TEMPERATURE (F)
 YESTERDAY
  MAXIMUM         76        MM  93    2000  70      6       64
  MINIMUM         53        MM  33    1947  51      2       45
  AVERAGE         65                        60      5       55

PRECIPITATION (IN)
  YESTERDAY        0.00          1.46 2013   0.12  -0.12     0.00
  MONTH TO DATE    T                         1.11  -1.11     3.15
  SINCE MAR 1     10.33                      9.49   0.84    11.71
  SINCE JAN 1     18.13                     15.91   2.22    18.45

SNOWFALL (IN)
  YESTERDAY        0.0           T    1977   0.0    0.0      0.0
  MONTH TO DATE    0.0                       0.0    0.0      0.0
  SINCE OCT 1     39.4                      28.5   10.9     30.0
  SINCE JUL 1     39.4                      28.5   10.9     30.0
  SNOW DEPTH       0

DEGREE DAYS
 HEATING
  YESTERDAY        0                         6     -6       10
  MONTH TO DATE    8                        60    -52       69
  SINCE MAR 1   1232                      1145     87     1106
  SINCE JUL 1   4557                      4780   -223     4115

 COOLING
  YESTERDAY        0                         1     -1        0
  MONTH TO DATE   41                         9     32        5
  SINCE MAR 1     47                        21     26       41
  SINCE JAN 1     50                        21     29       41
..................................................................


WIND (MPH)
  HIGHEST WIND SPEED    15   HIGHEST WIND DIRECTION    SE (130)
  HIGHEST GUST SPEED    22   HIGHEST GUST DIRECTION    SE (130)
  AVERAGE WIND SPEED     5.3


SKY COVER
  AVERAGE SKY COVER 0.4


WEATHER CONDITIONS
 THE FOLLOWING WEATHER WAS RECORDED YESTERDAY.
  NO SIGNIFICANT WEATHER WAS OBSERVED.


RELATIVE HUMIDITY (PERCENT)
 HIGHEST    86          1100 PM
 LOWEST     29           300 PM
 AVERAGE    58

..........................................................


THE NEWARK NJ CLIMATE NORMALS FOR TODAY
                         NORMAL    RECORD    YEAR
 MAXIMUM TEMPERATURE (F)   70        93      1979
 MINIMUM TEMPERATURE (F)   51        34      1947


SUNRISE AND SUNSET
MAY 10 2018...........SUNRISE   545 AM EDT   SUNSET   802 PM EDT
MAY 11 2018...........SUNRISE   544 AM EDT   SUNSET   803 PM EDT


-  INDICATES NEGATIVE NUMBERS.
R  INDICATES RECORD WAS SET OR TIED.
MM INDICATES DATA IS MISSING.
T  INDICATES TRACE AMOUNT.




$$
