000
CDUS41 KOKX 260617
CLIEWR


CLIMATE REPORT
NATIONAL WEATHER SERVICE NEW YORK NY
217 AM EDT SAT MAY 26 2018


...................................

...THE NEWARK NJ CLIMATE SUMMARY FOR MAY 25 2018...

CLIMATE NORMAL PERIOD 1981 TO 2010
CLIMATE RECORD PERIOD 1929 TO 2018


WEATHER ITEM   OBSERVED TIME   RECORD YEAR NORMAL DEPARTURE LAST
                VALUE   (LST)  VALUE       VALUE  FROM      YEAR
                                                  NORMAL
..................................................................
TEMPERATURE (F)
 YESTERDAY
  MAXIMUM         88    515 PM  93    1991  75     13       59
  MINIMUM         60    412 AM  42    1956  56      4       56
  AVERAGE         74                        66      8       58

PRECIPITATION (IN)
  YESTERDAY        0.00          1.95 1952   0.14  -0.14     0.95
  MONTH TO DATE    2.92                      3.24  -0.32     6.72
  SINCE MAR 1     13.25                     11.62   1.63    15.28
  SINCE JAN 1     21.05                     18.04   3.01    22.02

SNOWFALL (IN)
  YESTERDAY        0.0           0.0  2002   0.0    0.0      0.0
                                      2001
  MONTH TO DATE    0.0                       0.0    0.0      0.0
  SINCE OCT 1     39.4                      28.5   10.9     30.0
  SINCE JUL 1     39.4                      28.5   10.9     30.0
  SNOW DEPTH       0

DEGREE DAYS
 HEATING
  YESTERDAY        0                         3     -3        7
  MONTH TO DATE   56                       123    -67      155
  SINCE MAR 1   1280                      1208     72     1192
  SINCE JUL 1   4605                      4843   -238     4201

 COOLING
  YESTERDAY        9                         3      6        0
  MONTH TO DATE   90                        41     49       53
  SINCE MAR 1     96                        53     43       89
  SINCE JAN 1     99                        53     46       89
..................................................................


WIND (MPH)
  HIGHEST WIND SPEED    25   HIGHEST WIND DIRECTION     W (250)
  HIGHEST GUST SPEED    31   HIGHEST GUST DIRECTION     W (250)
  AVERAGE WIND SPEED    12.7


SKY COVER
  AVERAGE SKY COVER 0.3


WEATHER CONDITIONS
 THE FOLLOWING WEATHER WAS RECORDED YESTERDAY.
  NO SIGNIFICANT WEATHER WAS OBSERVED.


RELATIVE HUMIDITY (PERCENT)
 HIGHEST    72           500 AM
 LOWEST     27          1200 PM
 AVERAGE    50

..........................................................


THE NEWARK NJ CLIMATE NORMALS FOR TODAY
                         NORMAL    RECORD    YEAR
 MAXIMUM TEMPERATURE (F)   75        96      1965
 MINIMUM TEMPERATURE (F)   56        44      1967


SUNRISE AND SUNSET
MAY 26 2018...........SUNRISE   531 AM EDT   SUNSET   817 PM EDT
MAY 27 2018...........SUNRISE   530 AM EDT   SUNSET   818 PM EDT


-  INDICATES NEGATIVE NUMBERS.
R  INDICATES RECORD WAS SET OR TIED.
MM INDICATES DATA IS MISSING.
T  INDICATES TRACE AMOUNT.




$$
