000
CXUS51 KOKX 011735
CLMEWR
NYCCLMEWR 000
TTAA00 OKX 011733
CLIMATE REPORT
NATIONAL WEATHER SERVICE NEW YORK, NY
134 PM EDT SUN OCT 01 2023
...................................
...THE NEWARK NJ CLIMATE SUMMARY FOR THE MONTH OF SEPTEMBER 2023...
CLIMATE NORMAL PERIOD 1991 TO 2020
CLIMATE RECORD PERIOD 1931 TO 2023
WEATHER OBSERVED NORMAL DEPART LAST YEAR`S
VALUE DATE(S) VALUE FROM VALUE DATE(S)
NORMAL
................................................................
TEMPERATURE (F)
RECORD
HIGH 105 09/02/1953
LOW 35 09/27/1947
HIGHEST 97 09/06 MM MM 93 09/04
LOWEST 51 09/27 MM MM 47 09/24
AVG. MAXIMUM 78.9 77.7 1.2 78.4
AVG. MINIMUM 63.5 60.7 2.8 60.9
MEAN 71.2 69.2 2.0 69.7
DAYS MAX >= 90 6 2.0 4.0 1
DAYS MAX <= 32 0 0.0 0.0 0
DAYS MIN <= 32 0 0.0 0.0 0
DAYS MIN <= 0 0 0.0 0.0 0
PRECIPITATION (INCHES)
RECORD
MAXIMUM 10.50 2021
MINIMUM 0.14 1941
TOTALS 8.31 3.82 4.49 3.73
DAILY AVG. 0.28 0.13 0.15 0.12
DAYS >= .01 14 8.7 5.3 10
DAYS >= .10 10 5.7 4.3 6
DAYS >= .50 7 2.6 4.4 3
DAYS >= 1.00 5 1.0 4.0 1
GREATEST
24 HR. TOTAL 1.79 09/28 TO 09/29 1.44 09/25 TO 09/25
STORM TOTAL 1.79 1.44
(MM/DD(HH)) MM
DEGREE DAYS
HEATING TOTAL 23 33 -10 37
SINCE 7/1 23 32 -9 MM
COOLING TOTAL 217 159 58 183
SINCE 1/1 1379 1248 131 MM
................................................................
WIND (MPH)
AVERAGE WIND SPEED 9.0
HIGHEST WIND SPEED/DIRECTION 31/190 DATE 09/08
HIGHEST GUST SPEED/DIRECTION 39/190 DATE 09/08
WEATHER CONDITIONS. NUMBER OF DAYS WITH
THUNDERSTORM 7 MIXED PRECIP 0
HEAVY RAIN 7 RAIN 9
LIGHT RAIN 15 FREEZING RAIN 0
LT FREEZING RAIN 0 HAIL 0
HEAVY SNOW 0 SNOW 0
LIGHT SNOW 0 SLEET 0
FOG 13 FOG W/VIS <= 1/4 MILE 0
HAZE 2
- INDICATES NEGATIVE NUMBERS.
R INDICATES RECORD WAS SET OR TIED.
MM INDICATES DATA IS MISSING.
T INDICATES TRACE AMOUNT.
$$