847
CXUS51 KOKX 021758
CLSEWR
NYCCLSEWR 000
TTAA00 OKX 021752
CLIMATE REPORT
NATIONAL WEATHER SERVICE NEW YORK, NY
1252 PM EST TUE MAR 02 2021
...................................
...THE NEWARK NJ CLIMATE SUMMARY FOR THE SEASON, FROM
12/1/2020 TO 2/28/2021...
CLIMATE NORMAL PERIOD 1981 TO 2010
CLIMATE RECORD PERIOD 1893 TO 2021
WEATHER OBSERVED NORMAL DEPART LAST YEAR`S
VALUE DATE(S) VALUE FROM VALUE
NORMAL
..............................................................
TEMPERATURE (F)
RECORD
HIGH 80 02/21/2018
LOW -14 02/09/1934
HIGHEST 62 12/13 MM MM
12/25
LOWEST 16 12/19 MM MM
02/08
02/12
AVG. MAXIMUM 41.7 41.5 0.2
AVG. MINIMUM 28.6 27.0 1.6
MEAN 35.2 34.2 1.0
DAYS MAX >= 90 0 0.0 0.0
DAYS MAX <= 32 9 15.0 -6.0
DAYS MIN <= 32 65 62.6 2.4
DAYS MIN <= 0 0 0.4 -0.4
PRECIPITATION (INCHES)
RECORD
MAXIMUM 20.41 1979
MINIMUM MM MM
TOTALS 11.25 10.23 1.02 10.76
DAILY AVG. 0.13 0.11 0.02
DAYS >= .01 33 30.8 2.2
DAYS >= .10 22 18.4 3.6
DAYS >= .50 10 7.6 2.4
DAYS >= 1.00 1 2.7 -1.7
GREATEST
24 HR. TOTAL 1.44 02/01 TO 02/01
STORM TOTAL MM
(MM/DD(HH))
SNOWFALL (INCHES)
RECORDS
TOTAL 69.5 1961
24 HR TOTAL MM
TOTALS 45.7 22.6 23.1
LIQUID EQUIV 4.60 2.20 2.40
SINCE 7/1 45.7 23.0 22.7
LIQUID 7/1 4.57
DAYS >= TRACE 23 11.0 12.0
DAYS >= 1.0 9 5.0 4.0
GREATEST
SNOW DEPTH 17 02/02
02/03
24 HR TOTAL 15.1 02/01 TO 02/01
STORM TOTAL MM
(MM/DD(HH))
DEGREE DAYS
HEATING TOTAL 2659 2767 -108
SINCE 7/1 3311 3636 -325
COOLING TOTAL 0 0 0
SINCE 1/1 0 0 0
..............................................................
WIND (MPH)
AVERAGE WIND SPEED 10.3
HIGHEST WIND SPEED/DIRECTION 38/360 DATE 12/17
HIGHEST GUST SPEED/DIRECTION 47/310 DATE 01/29
SKY COVER
POSSIBLE SUNSHINE (PERCENT) MM
AVERAGE SKY COVER 0.68
NUMBER OF DAYS FAIR 7
NUMBER OF DAYS PC 40
NUMBER OF DAYS CLOUDY 43
AVERAGE RH (PERCENT) 65
WEATHER CONDITIONS. NUMBER OF DAYS WITH
THUNDERSTORM 1 MIXED PRECIP 1
HEAVY RAIN 5 RAIN 11
LIGHT RAIN 25 FREEZING RAIN 0
LT FREEZING RAIN 5 HAIL 0
HEAVY SNOW 5 SNOW 7
LIGHT SNOW 23 SLEET 8
FOG 38 FOG W/VIS <= 1/4 MILE 1
HAZE 13
- INDICATES NEGATIVE NUMBERS.
R INDICATES RECORD WAS SET OR TIED.
MM INDICATES DATA IS MISSING.
T INDICATES TRACE AMOUNT.
$$