000
CXUS51 KOKX 011951
CLSEWR
CLIMATE REPORT
NATIONAL WEATHER SERVICE NEW YORK, NY
328 PM EDT FRI SEP 01 2023
...................................
...THE NEWARK NJ CLIMATE SUMMARY FOR THE SEASON, FROM
6/1/2023 TO 8/31/2023...
CLIMATE NORMAL PERIOD 1991 TO 2020
CLIMATE RECORD PERIOD 1931 TO 2023
WEATHER OBSERVED NORMAL DEPART LAST YEAR`S
VALUE DATE(S) VALUE FROM VALUE
NORMAL
..............................................................
TEMPERATURE (F)
RECORD
HIGH 108 07/22/2011
LOW 41 06/01/1938
HIGHEST 96 07/27 MM MM
LOWEST 49 06/04 MM MM
AVG. MAXIMUM 84.8 84.5 0.3
AVG. MINIMUM 67.8 67.0 0.8
MEAN 76.3 75.7 0.6
DAYS MAX >= 90 20 24.1 -4.1
DAYS MAX <= 32 0 0.0 0.0
DAYS MIN <= 32 0 0.0 0.0
DAYS MIN <= 0 0 0.0 0.0
PRECIPITATION (INCHES)
RECORD
MAXIMUM 23.57 2011
MINIMUM 4.46 1966
TOTALS 13.19 13.15 0.04 4.87
DAILY AVG. 0.14 0.14 -0.00
DAYS >= .01 33 30.7 2.3
DAYS >= .10 24 20.3 3.7
DAYS >= .50 11 9.1 1.9
DAYS >= 1.00 3 3.6 -0.6
GREATEST
24 HR. TOTAL 1.63 07/15 TO 07/16
STORM TOTAL 1.49
(MM/DD(HH))
SNOWFALL (INCHES)
RECORDS
TOTAL T 2021
24 HR TOTAL MM
TOTALS 0.0 0.0 0.0
LIQUID EQUIV 0.00 0.00 0.00
SINCE 7/1 0.0 0.0 0.0
LIQUID 7/1 0.00
DAYS >= TRACE 0 0.0 0.0
DAYS >= 1.0 0 0.0 0.0
GREATEST
SNOW DEPTH 0
24 HR TOTAL MM
STORM TOTAL 0.0
(MM/DD(HH))
DEGREE DAYS
HEATING TOTAL 6 15 -9
SINCE 7/1 0 0 0
COOLING TOTAL 1072 1005 67
SINCE 1/1 1162 1089 73
..............................................................
WIND (MPH)
AVERAGE WIND SPEED 8.0
HIGHEST WIND SPEED/DIRECTION 36/230 DATE 07/25
HIGHEST GUST SPEED/DIRECTION 46/240 DATE 07/25
SKY COVER
POSSIBLE SUNSHINE (PERCENT) MM
AVERAGE SKY COVER 0.66
NUMBER OF DAYS FAIR 9
NUMBER OF DAYS PC 43
NUMBER OF DAYS CLOUDY 40
AVERAGE RH (PERCENT) 64
WEATHER CONDITIONS. NUMBER OF DAYS WITH
THUNDERSTORM 28 MIXED PRECIP 0
HEAVY RAIN 16 RAIN 17
LIGHT RAIN 37 FREEZING RAIN 0
LT FREEZING RAIN 0 HAIL 0
HEAVY SNOW 0 SNOW 0
LIGHT SNOW 0 SLEET 0
FOG 29 FOG W/VIS <= 1/4 MILE 0
HAZE 20
- INDICATES NEGATIVE NUMBERS.
R INDICATES RECORD WAS SET OR TIED.
MM INDICATES DATA IS MISSING.
T INDICATES TRACE AMOUNT.
$$