000
CXUS54 KFWD 010830
CF6F44
PRELIMINARY LOCAL CLIMATOLOGICAL DATA (WS FORM: F-6)
STATION: ATHENS
MONTH: FEBRUARY
YEAR: 2023
LATITUDE: 32 9 N
LONGITUDE: 95 50 W
TEMPERATURE IN F: :PCPN: SNOW: WIND :SUNSHINE: SKY :PK WND
================================================================================
1 2 3 4 5 6A 6B 7 8 9 10 11 12 13 14 15 16 17 18
12Z AVG MX 2MIN
DY MAX MIN AVG DEP HDD CDD WTR SNW DPTH SPD SPD DIR MIN PSBL S-S WX SPD DR
================================================================================
1 32 30 31 M 34 0 0.19 M M 6.6 10 10 M M 10 46 16 10
2 37 32 35 M 30 0 0.94 M M 6.8 13 10 M M 10 1 17 10
3 55 34 45 M 20 0 0.00 M M 2.7 9 10 M M 5 1 M M
4 59 28 44 M 21 0 0.00 M M 3.8 12 180 M M 0 29 170
5 70 41 56 M 9 0 0.00 M M 2.4 10 180 M M 2 12 16 180
6 72 45 59 M 6 0 0.00 M M 9.4 20 180 M M 7 1 27 180
7 68 57 63 M 2 0 0.59 M M 7.3 12 170 M M 10 20 170
8 64 37 51 M 14 0 1.23 M M 3.5 9 280 M M 8 3 18 260
9 68 34 51 M 14 0 0.00 M M 2.4 8 180 M M 1 12 M M
10 52 39 46 M 19 0 0.00 M M 9.5 15 340 M M 10 24 350
11 52 34 43 M 22 0 0.00 M M 5.3 8 340 M M 7 M M
12 64 30 47 M 18 0 0.00 M M 1.9 8 160 M M 0 M M
13 66 37 52 M 13 0 0.00 M M 3.8 13 180 M M 0 18 180
14 73 48 61 M 4 0 0.22 M M 8.2 18 160 M M 4 25 290
15 77 43 60 M 5 0 0.00 M M 6.8 18 170 M M 4 1 28 170
16 72 37 55 M 10 0 0.01 M M 11.5 20 320 M M 7 28 320
17 50 32 41 M 24 0 0.00 M M 7.2 13 10 M M 0 23 360
18 54 27 41 M 24 0 0.00 M M 3.5 10 170 M M 0 17 170
19 70 43 57 M 8 0 0.00 M M 5.8 9 210 M M 0 18 210
20 81 59 70 M 0 5 0.00 M M 7.0 15 240 M M 1 22 230
21 84 64 74 M 0 9 0.00 M M 9.8 17 200 M M 4 29 200
22 79 59 69 M 0 4 0.36 M M 7.7 22 190 M M 5 8 35 170
23 68 52 60 M 5 0 0.00 M M 10.0 18 30 M M 5 1 25 30
24 64 50 57 M 8 0 0.00 M M 7.0 10 10 M M 10 M M
25 54 45 50 M 15 0 0.00 M M 4.5 10 10 M M 10 1 M M
26 79 54 67 M 0 2 0.00 M M 7.1 20 180 M M 8 18 31 180
27 72 48 60 M 5 0 0.09 M M 4.3 20 190 M M 3 8 25 190
28 86 43 65 M 0 0 0.00 M M 3.0 9 230 M M 0 M M
================================================================================
SM 1822 1182 330 20 3.63 M 168.6 M 131
================================================================================
AV 65.1 42.2 6.0 FASTST M M 5 MAX(MPH)
MISC ----> 22 190 35 170
================================================================================
NOTES:
# LAST OF SEVERAL OCCURRENCES
COLUMN 17 PEAK WIND IN M.P.H.
PRELIMINARY LOCAL CLIMATOLOGICAL DATA (WS FORM: F-6) , PAGE 2
STATION: ATHENS
MONTH: FEBRUARY
YEAR: 2023
LATITUDE: 32 9 N
LONGITUDE: 95 50 W
[TEMPERATURE DATA] [PRECIPITATION DATA] SYMBOLS USED IN COLUMN 16
AVERAGE MONTHLY: 53.6 TOTAL FOR MONTH: 3.63 1 = FOG OR MIST
DPTR FM NORMAL: 0.0 DPTR FM NORMAL: 3.63 2 = FOG REDUCING VISIBILITY
HIGHEST: 86 ON 28 GRTST 24HR 1.23 ON 8- 8 TO 1/4 MILE OR LESS
LOWEST: 27 ON 18 3 = THUNDER
SNOW, ICE PELLETS, HAIL 4 = ICE PELLETS
TOTAL MONTH: M 5 = HAIL
GRTST 24HR M ON M 6 = FREEZING RAIN OR DRIZZLE
GRTST DEPTH: M ON M 7 = DUSTSTORM OR SANDSTORM:
VSBY 1/2 MILE OR LESS
8 = SMOKE OR HAZE
[NO. OF DAYS WITH] [WEATHER - DAYS WITH] 9 = BLOWING SNOW
X = TORNADO
MAX 32 OR BELOW: 1 0.01 INCH OR MORE: 8
MAX 90 OR ABOVE: 0 0.10 INCH OR MORE: 6
MIN 32 OR BELOW: 6 0.50 INCH OR MORE: 3
MIN 0 OR BELOW: 0 1.00 INCH OR MORE: 1
[HDD (BASE 65) ]
TOTAL THIS MO. 330 CLEAR (SCALE 0-3) 11
DPTR FM NORMAL M PTCLDY (SCALE 4-7) 10
TOTAL FM JUL 1 1624 CLOUDY (SCALE 8-10) 7
DPTR FM NORMAL M
[CDD (BASE 65) ]
TOTAL THIS MO. 20
DPTR FM NORMAL M [PRESSURE DATA]
TOTAL FM JAN 1 29 HIGHEST SLP M ON M
DPTR FM NORMAL M LOWEST SLP M ON M
[REMARKS]
#FINAL-02-23#