000
CXUS54 KFWD 010830
CF6F46
PRELIMINARY LOCAL CLIMATOLOGICAL DATA (WS FORM: F-6)
STATION: ROCKWALL
MONTH: FEBRUARY
YEAR: 2022
LATITUDE: 32 55 N
LONGITUDE: 96 26 W
TEMPERATURE IN F: :PCPN: SNOW: WIND :SUNSHINE: SKY :PK WND
================================================================================
1 2 3 4 5 6A 6B 7 8 9 10 11 12 13 14 15 16 17 18
12Z AVG MX 2MIN
DY MAX MIN AVG DEP HDD CDD WTR SNW DPTH SPD SPD DIR MIN PSBL S-S WX SPD DR
================================================================================
1 70 54 62 M 3 0 0.00 M M 6.6 10 150 M M 9 17 120
2 58 32 45 M 20 0 0.77 M M 10.1 16 360 M M 10 1 28 10
3 32 21 27 M 38 0 0.18 M M 14.1 18 340 M M 10 25 340
4 33 20 27 M 38 0 0.00 M M 9.7 15 330 M M 6 20 340
5 47 23 35 M 30 0 0.00 M M 4.1 9 170 M M 0 M M
6 55 28 42 M 23 0 0.00 M M 6.2 14 210 M M 0 17 200
7 57 32 45 M 20 0 0.00 M M 5.6 16 340 M M 0 21 350
8 65 32 49 M 16 0 0.00 M M 8.6 12 180 M M 0 25 200
9 69 34 52 M 13 0 0.00 M M 3.8 9 210 M M 0 M M
10 70 36 53 M 12 0 0.00 M M 4.1 7 180 M M 0 10 220
11 75 44 60 M 5 0 0.00 M M 9.6 14 40 M M 1 20 210
12 55 33 44 M 21 0 0.00 M M 12.9 26 30 M M 5 35 30
13 63 28 46 M 19 0 0.00 M M 4.1 12 240 M M 0 16 230
14 71 36 54 M 11 0 0.00 M M 8.2 17 190 M M 0 22 190
15 71 42 57 M 8 0 0.00 M M 13.9 24 190 M M 1 36 190
16 69 60 65 M 0 0 0.05 M M 15.3 22 200 M M 10 36 200
17 67 33 50 M 15 0 0.13 M M 16.5 24 320 M M 10 30 180
18 52 25 39 M 26 0 0.00 M M 5.0 13 350 M M 2 20 350
19 64 33 49 M 16 0 0.00 M M 3.0 8 160 M M 0 M M
20 67 40 54 M 11 0 0.00 M M 12.4 22 190 M M 0 28 180
21 78 55 67 M 0 2 M M M 12.2 20 180 M M 6 1 33 180
22 70 33 52 M 13 0 0.03 M M 12.9 18 340 M M 6 29 320
23 33 23 28 M 37 0 0.04 M M 11.1 15 360 M M 10 23 20
24 30 23 27 M 38 0 0.00 M M 8.3 15 340 M M 10 1 20 340
25 37 22 30 M 35 0 0.00 M M 8.7 16 20 M M 6 23 10
26 39 34 37 M 28 0 0.04 M M 6.6 9 20 M M 10 1 M M
27 55 32 44 M 21 0 0.00 M M 5.5 14 340 M M 1 18 340
28 65 31 48 M 17 0 0.00 M M 2.4 8 240 M M 0 M M
================================================================================
SM 1617 939 534 2 1.24 M 241.5 M 113
================================================================================
AV 57.8 33.5 8.6 FASTST M M 4 MAX(MPH)
MISC ----> 26 30 # 36 190
================================================================================
NOTES:
# LAST OF SEVERAL OCCURRENCES
COLUMN 17 PEAK WIND IN M.P.H.
PRELIMINARY LOCAL CLIMATOLOGICAL DATA (WS FORM: F-6) , PAGE 2
STATION: ROCKWALL
MONTH: FEBRUARY
YEAR: 2022
LATITUDE: 32 55 N
LONGITUDE: 96 26 W
[TEMPERATURE DATA] [PRECIPITATION DATA] SYMBOLS USED IN COLUMN 16
AVERAGE MONTHLY: 45.6 TOTAL FOR MONTH: 1.24 1 = FOG OR MIST
DPTR FM NORMAL: 0.0 DPTR FM NORMAL: 1.24 2 = FOG REDUCING VISIBILITY
HIGHEST: 78 ON 21 GRTST 24HR 0.77 ON 2- 2 TO 1/4 MILE OR LESS
LOWEST: 20 ON 4 3 = THUNDER
SNOW, ICE PELLETS, HAIL 4 = ICE PELLETS
TOTAL MONTH: M 5 = HAIL
GRTST 24HR M ON M 6 = FREEZING RAIN OR DRIZZLE
GRTST DEPTH: M ON M 7 = DUSTSTORM OR SANDSTORM:
VSBY 1/2 MILE OR LESS
8 = SMOKE OR HAZE
[NO. OF DAYS WITH] [WEATHER - DAYS WITH] 9 = BLOWING SNOW
X = TORNADO
MAX 32 OR BELOW: 2 0.01 INCH OR MORE: 7
MAX 90 OR ABOVE: 0 0.10 INCH OR MORE: 3
MIN 32 OR BELOW: 14 0.50 INCH OR MORE: 1
MIN 0 OR BELOW: 0 1.00 INCH OR MORE: 0
[HDD (BASE 65) ]
TOTAL THIS MO. 534 CLEAR (SCALE 0-3) 15
DPTR FM NORMAL M PTCLDY (SCALE 4-7) 5
TOTAL FM JUL 1 1616 CLOUDY (SCALE 8-10) 8
DPTR FM NORMAL M
[CDD (BASE 65) ]
TOTAL THIS MO. 2
DPTR FM NORMAL M [PRESSURE DATA]
TOTAL FM JAN 1 2 HIGHEST SLP M ON M
DPTR FM NORMAL M LOWEST SLP M ON M
[REMARKS]
#FINAL-02-22#