000
CXUS54 KFWD 010731
CF6F46
PRELIMINARY LOCAL CLIMATOLOGICAL DATA (WS FORM: F-6)
STATION: ROCKWALL
MONTH: APRIL
YEAR: 2020
LATITUDE: 32 55 N
LONGITUDE: 96 26 W
TEMPERATURE IN F: :PCPN: SNOW: WIND :SUNSHINE: SKY :PK WND
================================================================================
1 2 3 4 5 6A 6B 7 8 9 10 11 12 13 14 15 16 17 18
12Z AVG MX 2MIN
DY MAX MIN AVG DEP HDD CDD WTR SNW DPTH SPD SPD DIR MIN PSBL S-S WX SPD DR
================================================================================
1 70 48 59 M 6 0 0.00 0.0 0 6.6 15 210 M M 0 1 22 210
2 70 56 63 M 2 0 0.05 0.0 0 8.9 14 180 M M 7 25 180
3 67 40 54 M 11 0 0.15 0.0 0 10.1 18 350 M M 10 13 23 360
4 48 40 44 M 21 0 0.05 0.0 0 7.4 12 30 M M 10 13 17 20
5 66 45 56 M 9 0 0.00 0.0 0 3.3 7 40 M M 8 18 M M
6 72 59 66 M 0 1 0.00 0.0 0 4.4 16 190 M M 6 22 190
7 87 66 77 M 0 12 0.00 0.0 0 9.4 15 210 M M 3 1 18 230
8 93 71 82 M 0 17 0.00 0.0 0 8.9 13 220 M M 0 1 21 260
9 76 60 68 M 0 3 0.00 0.0 0 7.1 14 80 M M 1 21 80
10 72 53 63 M 2 0 0.00 0.0 0 7.5 14 90 M M 0 23 90
11 70 54 62 M 3 0 0.10 0.0 0 8.2 21 210 M M 7 3 27 210
12 81 46 64 M 1 0 0.35 0.0 0 10.8 21 310 M M 6 13 31 210
13 56 38 47 M 18 0 0.00 0.0 0 12.1 18 320 M M 3 28 320
14 56 42 49 M 16 0 0.00 0.0 0 8.7 14 320 M M 7 21 10
15 64 38 51 M 14 0 0.00 0.0 0 2.8 7 240 M M 0 M M
16 72 46 59 M 6 0 0.00 0.0 0 9.9 16 140 M M 0 23 140
17 65 46 56 M 9 0 0.00 0.0 0 8.4 16 160 M M 6 22 160
18 71 40 56 M 9 0 0.00 0.0 0 4.5 8 80 M M 4 M M
19 74 58 66 M 0 1 0.24 0.0 0 5.7 13 190 M M 8 13 20 190
20 75 53 64 M 1 0 0.00 0.0 0 3.5 7 90 M M 4 1 M M
21 83 59 71 M 0 6 0.00 0.0 0 7.5 14 100 M M 6 12 20 100
22 80 64 72 M 0 7 0.02 0.0 0 10.5 22 190 M M 7 1 28 190
23 81 58 70 M 0 5 0.00 0.0 0 6.3 13 330 M M 0 17 330
24 86 61 74 M 0 9 0.00 0.0 0 10.6 21 170 M M 1 27 300
25 76 57 67 M 0 2 0.00 0.0 0 8.6 15 340 M M 1 8 22 340
26 80 51 66 M 0 1 0.00 0.0 0 4.7 12 110 M M 1 8 M M
27 83 59 71 M 0 6 M 0.0 0 10.6 18 180 M M 1 8 29 150
28 88 64 76 M 0 11 0.15 0.0 0 12.9 22 190 M M 5 3 30 200
29 78 56 67 M 0 2 0.00 0.0 0 10.3 21 320 M M 1 3 32 310
30 81 53 67 M 0 2 0.00 0.0 0 2.5 7 130 M M 0 M M
================================================================================
SM 2221 1581 128 85 1.11 0.0 232.7 M 113
================================================================================
AV 74.0 52.7 7.8 FASTST M M 4 MAX(MPH)
MISC ----> # 22 190 # 32 310
================================================================================
NOTES:
# LAST OF SEVERAL OCCURRENCES
COLUMN 17 PEAK WIND IN M.P.H.
PRELIMINARY LOCAL CLIMATOLOGICAL DATA (WS FORM: F-6) , PAGE 2
STATION: ROCKWALL
MONTH: APRIL
YEAR: 2020
LATITUDE: 32 55 N
LONGITUDE: 96 26 W
[TEMPERATURE DATA] [PRECIPITATION DATA] SYMBOLS USED IN COLUMN 16
AVERAGE MONTHLY: 63.4 TOTAL FOR MONTH: 1.11 1 = FOG OR MIST
DPTR FM NORMAL: M DPTR FM NORMAL: M 2 = FOG REDUCING VISIBILITY
HIGHEST: 93 ON 8 GRTST 24HR 0.35 ON 12-12 TO 1/4 MILE OR LESS
LOWEST: 38 ON 15,13 3 = THUNDER
SNOW, ICE PELLETS, HAIL 4 = ICE PELLETS
TOTAL MONTH: 0.0 INCH 5 = HAIL
GRTST 24HR 0.0 6 = FREEZING RAIN OR DRIZZLE
GRTST DEPTH: 0 7 = DUSTSTORM OR SANDSTORM:
VSBY 1/2 MILE OR LESS
8 = SMOKE OR HAZE
[NO. OF DAYS WITH] [WEATHER - DAYS WITH] 9 = BLOWING SNOW
X = TORNADO
MAX 32 OR BELOW: 0 0.01 INCH OR MORE: 8
MAX 90 OR ABOVE: 1 0.10 INCH OR MORE: 5
MIN 32 OR BELOW: 0 0.50 INCH OR MORE: 0
MIN 0 OR BELOW: 0 1.00 INCH OR MORE: 0
[HDD (BASE 65) ]
TOTAL THIS MO. 128 CLEAR (SCALE 0-3) 14
DPTR FM NORMAL M PTCLDY (SCALE 4-7) 13
TOTAL FM JUL 1 2096 CLOUDY (SCALE 8-10) 3
DPTR FM NORMAL M
[CDD (BASE 65) ]
TOTAL THIS MO. 85
DPTR FM NORMAL M [PRESSURE DATA]
TOTAL FM JAN 1 159 HIGHEST SLP M ON M
DPTR FM NORMAL M LOWEST SLP M ON M
[REMARKS]
#FINAL-04-20#