000
CXUS54 KFWD 010731
CF6F46
PRELIMINARY LOCAL CLIMATOLOGICAL DATA (WS FORM: F-6)
STATION: ROCKWALL
MONTH: OCTOBER
YEAR: 2023
LATITUDE: 32 55 N
LONGITUDE: 96 26 W
TEMPERATURE IN F: :PCPN: SNOW: WIND :SUNSHINE: SKY :PK WND
================================================================================
1 2 3 4 5 6A 6B 7 8 9 10 11 12 13 14 15 16 17 18
12Z AVG MX 2MIN
DY MAX MIN AVG DEP HDD CDD WTR SNW DPTH SPD SPD DIR MIN PSBL S-S WX SPD DR
================================================================================
1 91 69 80 M 0 15 0.00 M M 5.1 9 70 M M 1 M M
2 90 69 80 M 0 15 0.00 M M 6.2 13 90 M M 1 17 100
3 91 69 80 M 0 15 0.00 M M 6.0 10 190 M M 1 17 180
4 92 68 80 M 0 15 2.91 M M 9.2 18 50 M M 8 3 35 0
5 81 68 75 M 0 10 0.06 M M 4.8 13 70 M M 6 22 70
6 85 62 74 M 0 9 0.00 M M 6.4 15 20 M M 0 20 20
7 70 54 62 M 3 0 0.00 M M 7.4 14 20 M M 2 21 20
8 77 50 64 M 1 0 0.00 M M 3.8 9 250 M M 0 M M
9 87 56 72 M 0 7 0.00 M M 8.2 13 210 M M 0 16 210
10 83 62 73 M 0 8 0.00 M M 8.7 13 190 M M 1 18 200
11 74 64 69 M 0 4 0.00 M M 8.4 15 180 M M 7 21 180
12 73 61 67 M 0 2 0.00 M M 9.1 13 180 M M 8 1 23 150
13 79 62 71 M 0 6 0.00 M M 10.0 16 330 M M 4 23 330
14 69 53 61 M 4 0 0.00 M M 10.7 16 330 M M 0 24 330
15 66 52 59 M 6 0 0.00 M M 10.0 17 350 M M 4 26 10
16 65 46 56 M 9 0 0.00 M M 5.6 13 10 M M 0 22 20
17 73 44 59 M 6 0 0.00 M M 3.4 10 210 M M 0 M M
18 80 52 66 M 0 1 0.00 M M 9.7 20 200 M M 0 25 200
19 83 57 70 M 0 5 0.00 M M 4.2 9 340 M M 0 17 10
20 91 58 75 M 0 10 0.00 M M 3.9 7 210 M M 0 22 340
21 82 60 71 M 0 6 0.00 M M 5.7 10 200 M M 0 M M
22 83 71 77 M 0 12 0.00 M M 7.1 9 130 M M 0 M M
23 77 70 74 M 0 9 0.00 M M 8.0 14 140 M M 5 21 160
24 78 71 75 M 0 10 0.02 M M 9.1 20 170 M M 9 26 170
25 83 70 77 M 0 12 0.28 M M 8.8 13 160 M M 9 22 140
26 79 67 73 M 0 8 1.92 M M 8.4 13 200 M M 9 24 140
27 86 62 74 M 0 9 1.33 M M 9.3 15 340 M M 9 3 20 180
28 67 56 62 M 3 0 3.11 M M 5.0 8 340 M M 9 13 M M
29 56 40 48 M 17 0 0.12 M M 11.7 18 360 M M 10 1 30 360
30 49 37 43 M 22 0 0.19 M M 13.2 18 20 M M 2 30 10
31 41 35 38 M 27 0 0.00 M M 3.6 6 10 M M 0 M M
================================================================================
SM 2381 1815 98 188 9.94 M 230.6 M 105
================================================================================
AV 76.8 58.5 7.4 FASTST M M 3 MAX(MPH)
MISC ----> 20 200 35 0
================================================================================
NOTES:
# LAST OF SEVERAL OCCURRENCES
COLUMN 17 PEAK WIND IN M.P.H.
PRELIMINARY LOCAL CLIMATOLOGICAL DATA (WS FORM: F-6) , PAGE 2
STATION: ROCKWALL
MONTH: OCTOBER
YEAR: 2023
LATITUDE: 32 55 N
LONGITUDE: 96 26 W
[TEMPERATURE DATA] [PRECIPITATION DATA] SYMBOLS USED IN COLUMN 16
AVERAGE MONTHLY: 67.7 TOTAL FOR MONTH: 9.94 1 = FOG OR MIST
DPTR FM NORMAL: 0.0 DPTR FM NORMAL: M 2 = FOG REDUCING VISIBILITY
HIGHEST: 92 ON 4 GRTST 24HR 3.11 ON 28-28 TO 1/4 MILE OR LESS
LOWEST: 35 ON 31 3 = THUNDER
SNOW, ICE PELLETS, HAIL 4 = ICE PELLETS
TOTAL MONTH: M 5 = HAIL
GRTST 24HR M ON M 6 = FREEZING RAIN OR DRIZZLE
GRTST DEPTH: M ON M 7 = DUSTSTORM OR SANDSTORM:
VSBY 1/2 MILE OR LESS
8 = SMOKE OR HAZE
[NO. OF DAYS WITH] [WEATHER - DAYS WITH] 9 = BLOWING SNOW
X = TORNADO
MAX 32 OR BELOW: 0 0.01 INCH OR MORE: 9
MAX 90 OR ABOVE: 5 0.10 INCH OR MORE: 7
MIN 32 OR BELOW: 0 0.50 INCH OR MORE: 4
MIN 0 OR BELOW: 0 1.00 INCH OR MORE: 4
[HDD (BASE 65) ]
TOTAL THIS MO. 98 CLEAR (SCALE 0-3) 18
DPTR FM NORMAL M PTCLDY (SCALE 4-7) 7
TOTAL FM JUL 1 98 CLOUDY (SCALE 8-10) 6
DPTR FM NORMAL M
[CDD (BASE 65) ]
TOTAL THIS MO. 188
DPTR FM NORMAL M [PRESSURE DATA]
TOTAL FM JAN 1 2939 HIGHEST SLP M ON M
DPTR FM NORMAL M LOWEST SLP M ON M
[REMARKS]
#FINAL-10-23#