000
CXUS54 KFWD 010732
CF6F46
PRELIMINARY LOCAL CLIMATOLOGICAL DATA (WS FORM: F-6)
STATION: ROCKWALL
MONTH: AUGUST
YEAR: 2023
LATITUDE: 32 55 N
LONGITUDE: 96 26 W
TEMPERATURE IN F: :PCPN: SNOW: WIND :SUNSHINE: SKY :PK WND
================================================================================
1 2 3 4 5 6A 6B 7 8 9 10 11 12 13 14 15 16 17 18
12Z AVG MX 2MIN
DY MAX MIN AVG DEP HDD CDD WTR SNW DPTH SPD SPD DIR MIN PSBL S-S WX SPD DR
================================================================================
1 105 79 92 M 0 27 0.00 M M 5.4 10 100 M M 0 18 80
2 104 80 92 M 0 27 0.00 M M 7.4 15 190 M M 0 30 190
3 103 81 92 M 0 27 0.00 M M 8.3 13 190 M M 0 17 230
4 103 82 93 M 0 28 0.00 M M 7.6 13 190 M M 0 20 190
5 104 80 92 M 0 27 0.00 M M 7.3 13 230 M M 0 17 230
6 102 81 92 M 0 27 0.00 M M 6.9 10 190 M M 0 21 170
7 102 83 93 M 0 28 0.00 M M 7.0 14 200 M M 1 18 200
8 99 83 91 M 0 26 0.00 M M 9.1 16 100 M M 1 25 100
9 104 80 92 M 0 27 0.00 M M 13.6 18 200 M M 2 30 200
10 104 83 94 M 0 29 0.00 M M 9.5 21 190 M M 0 25 190
11 104 82 93 M 0 28 0.00 M M 11.7 16 200 M M 0 24 200
12 104 80 92 M 0 27 0.00 M M 10.5 17 190 M M 0 23 220
13 104 81 93 M 0 28 0.00 M M 10.1 17 200 M M 0 22 200
14 99 78 89 M 0 24 0.00 M M 9.1 15 20 M M 0 20 190
15 92 73 83 M 0 18 0.00 M M 7.3 14 40 M M 0 18 320
16 94 66 80 M 0 15 0.00 M M 4.8 8 30 M M 0 M M
17 107 69 88 M 0 23 0.00 M M 6.3 13 210 M M 0 17 200
18 108 79 94 M 0 29 0.00 M M 7.0 12 180 M M 0 16 220
19 105 80 93 M 0 28 0.00 M M 6.0 9 230 M M 0 M M
20 107 80 94 M 0 29 0.00 M M 6.9 14 70 M M 0 23 90
21 104 79 92 M 0 27 0.00 M M 6.4 10 100 M M 0 20 60
22 101 82 92 M 0 27 0.00 M M 6.8 13 90 M M 0 22 80
23 102 81 92 M 0 27 0.00 M M 5.0 8 110 M M 1 M M
24 104 83 94 M 0 29 0.00 M M 4.6 8 170 M M 1 M M
25 107 80 94 M 0 29 0.00 M M 4.6 9 110 M M 1 M M
26 107 81 94 M 0 29 0.00 M M 5.7 10 220 M M 0 M M
27 99 81 90 M 0 25 0.00 M M 7.5 13 190 M M 2 22 10
28 94 77 86 M 0 21 0.00 M M 6.9 10 340 M M 3 18 360
29 96 72 84 M 0 19 0.00 M M 4.7 10 30 M M 1 18 320
30 96 73 85 M 0 20 0.00 M M 5.0 9 30 M M 1 18 10
31 96 72 84 M 0 19 0.00 M M 5.0 12 150 M M 1 8 16 180
================================================================================
SM 3160 2441 0 794 0.00 M 223.8 M 15
================================================================================
AV101.9 78.7 7.2 FASTST M M 0 MAX(MPH)
MISC ----> 21 190 # 30 190
================================================================================
NOTES:
# LAST OF SEVERAL OCCURRENCES
COLUMN 17 PEAK WIND IN M.P.H.
PRELIMINARY LOCAL CLIMATOLOGICAL DATA (WS FORM: F-6) , PAGE 2
STATION: ROCKWALL
MONTH: AUGUST
YEAR: 2023
LATITUDE: 32 55 N
LONGITUDE: 96 26 W
[TEMPERATURE DATA] [PRECIPITATION DATA] SYMBOLS USED IN COLUMN 16
AVERAGE MONTHLY: 90.3 TOTAL FOR MONTH: 0.00 1 = FOG OR MIST
DPTR FM NORMAL: 0.0 DPTR FM NORMAL: M 2 = FOG REDUCING VISIBILITY
HIGHEST: 108 ON 18 GRTST 24HR 0.00 ON 1- 1 TO 1/4 MILE OR LESS
LOWEST: 66 ON 16 3 = THUNDER
SNOW, ICE PELLETS, HAIL 4 = ICE PELLETS
TOTAL MONTH: M 5 = HAIL
GRTST 24HR M ON M 6 = FREEZING RAIN OR DRIZZLE
GRTST DEPTH: M ON M 7 = DUSTSTORM OR SANDSTORM:
VSBY 1/2 MILE OR LESS
8 = SMOKE OR HAZE
[NO. OF DAYS WITH] [WEATHER - DAYS WITH] 9 = BLOWING SNOW
X = TORNADO
MAX 32 OR BELOW: 0 0.01 INCH OR MORE: 0
MAX 90 OR ABOVE: 31 0.10 INCH OR MORE: 0
MIN 32 OR BELOW: 0 0.50 INCH OR MORE: 0
MIN 0 OR BELOW: 0 1.00 INCH OR MORE: 0
[HDD (BASE 65) ]
TOTAL THIS MO. 0 CLEAR (SCALE 0-3) 31
DPTR FM NORMAL M PTCLDY (SCALE 4-7) 0
TOTAL FM JUL 1 0 CLOUDY (SCALE 8-10) 0
DPTR FM NORMAL M
[CDD (BASE 65) ]
TOTAL THIS MO. 794
DPTR FM NORMAL M [PRESSURE DATA]
TOTAL FM JAN 1 2215 HIGHEST SLP M ON M
DPTR FM NORMAL M LOWEST SLP M ON M
[REMARKS]
#FINAL-08-23#