000
CXUS52 KRAH 010845
CF6FAY
PRELIMINARY LOCAL CLIMATOLOGICAL DATA (WS FORM: F-6)
STATION: FAYETTEVILLE NC
MONTH: JULY
YEAR: 2023
LATITUDE: 35 0 N
LONGITUDE: 78 53 W
TEMPERATURE IN F: :PCPN: SNOW: WIND :SUNSHINE: SKY :PK WND
================================================================================
1 2 3 4 5 6A 6B 7 8 9 10 11 12 13 14 15 16 17 18
12Z AVG MX 2MIN
DY MAX MIN AVG DEP HDD CDD WTR SNW DPTH SPD SPD DIR MIN PSBL S-S WX SPD DR
================================================================================
1 91 70 81 0 0 16 0.63 M M 5.6 21 10 M M 4 13 32 10
2 93 70 82 1 0 17 T M M 7.6 16 270 M M 1 13 20 280
3 94 76 85 4 0 20 0.00 M M 8.8 21 220 M M 0 1 25 200
4 95 74 85 4 0 20 0.00 M M 7.1 22 130 M M 3 13 28 350
5 93 73 83 2 0 18 0.17 0.0 0 5.8 21 170 M M 2 123 26 30
6 90 73 82 0 0 17 0.56 M M 2.7 28 310 M M 4 13 43 300
7 93 73 83 1 0 18 T M M 3.9 12 140 M M 2 13 15 240
8 89 73 81 -1 0 16 1.65 M M 3.2 24 250 M M 2 1238 31 200
9 90 72 81 -1 0 16 0.68 M M 5.6 31 330 M M 4 1238 42 330
10 81 74 78 -4 0 13 0.02 M M 3.5 8 300 M M 5 1 11 320
11 92 72 82 0 0 17 0.00 M M 3.3 13 320 M M 2 17 300
12 93 74 84 2 0 19 T M M 5.5 15 220 M M 3 19 150
13 94 74 84 2 0 19 0.00 M M 7.9 17 180 M M 2 26 220
14 84 74 79 -3 0 14 1.67 M M 8.2 22 220 M M 4 123 29 220
15 90 73 82 0 0 17 0.13 M M 4.7 26 210 M M 6 13 37 210
16 94 77 86 4 0 21 0.00 M M 6.9 15 260 M M 5 19 250
17 93 73 83 1 0 18 0.00 M M 3.6 9 360 M M 0 18 14 330
18 93 70 82 0 0 17 0.00 M M 4.1 10 210 M M 0 18 13 190
19 94 77 86 4 0 21 T M M 8.3 21 220 M M 2 138 26 200
20 94 76 85 3 0 20 0.00 M M 6.5 14 220 M M 3 17 230
21 97 76 87 5 0 22 0.00 M M 8.6 17 340 M M 1 18 25 320
22 91 72 82 0 0 17 0.00 M M 6.7 16 20 M M 5 21 30
23 92 70 81 -1 0 16 0.35 M M 4.1 14 200 M M 2 13 17 120
24 87 72 80 -2 0 15 0.40 M M 3.7 9 270 M M 3 13 12 260
25 94 71 83 1 0 18 0.00 M M 2.9 9 250 M M 0 1 12 240
26 96 74 85 3 0 20 0.14 M M 4.5 18 160 M M 1 1 25 130
27 94 75 85 3 0 20 0.00 M M 5.3 14 150 M M 0 1 17 230
28 95 76 86 4 0 21 0.00 M M 6.7 24 170 M M 1 3 29 190
29 90 75 83 1 0 18 T M M 8.0 17 200 M M 3 23 180
30 93 76 85 4 0 20 0.00 M M 6.7 15 20 M M 3 128 18 20
31 90 71 81 0 0 16 T M M 4.2 13 70 M M 2 13 16 70
================================================================================
SM 2849 2276 0 557 6.40 0.0 174.2 M 75
================================================================================
AV 91.9 73.4 5.6 FASTST M M 2 MAX(MPH)
MISC ----> 31 330 43 300
================================================================================
NOTES:
# LAST OF SEVERAL OCCURRENCES
COLUMN 17 PEAK WIND IN M.P.H.
PRELIMINARY LOCAL CLIMATOLOGICAL DATA (WS FORM: F-6) , PAGE 2
STATION: FAYETTEVILLE NC
MONTH: JULY
YEAR: 2023
LATITUDE: 35 0 N
LONGITUDE: 78 53 W
[TEMPERATURE DATA] [PRECIPITATION DATA] SYMBOLS USED IN COLUMN 16
AVERAGE MONTHLY: 82.7 TOTAL FOR MONTH: 6.40 1 = FOG OR MIST
DPTR FM NORMAL: 1.0 DPTR FM NORMAL: 1.45 2 = FOG REDUCING VISIBILITY
HIGHEST: 97 ON 21 GRTST 24HR 2.27 ON 8- 9 TO 1/4 MILE OR LESS
LOWEST: 70 ON 23,18 3 = THUNDER
SNOW, ICE PELLETS, HAIL 4 = ICE PELLETS
TOTAL MONTH: 0.0 INCH 5 = HAIL
GRTST 24HR 0.0 6 = FREEZING RAIN OR DRIZZLE
GRTST DEPTH: 0 7 = DUSTSTORM OR SANDSTORM:
VSBY 1/2 MILE OR LESS
8 = SMOKE OR HAZE
[NO. OF DAYS WITH] [WEATHER - DAYS WITH] 9 = BLOWING SNOW
X = TORNADO
MAX 32 OR BELOW: 0 0.01 INCH OR MORE: 11
MAX 90 OR ABOVE: 27 0.10 INCH OR MORE: 10
MIN 32 OR BELOW: 0 0.50 INCH OR MORE: 5
MIN 0 OR BELOW: 0 1.00 INCH OR MORE: 2
[HDD (BASE 65) ]
TOTAL THIS MO. 0 CLEAR (SCALE 0-3) 21
DPTR FM NORMAL 0 PTCLDY (SCALE 4-7) 10
TOTAL FM JUL 1 0 CLOUDY (SCALE 8-10) 0
DPTR FM NORMAL 0
[CDD (BASE 65) ]
TOTAL THIS MO. 557
DPTR FM NORMAL 41 [PRESSURE DATA]
TOTAL FM JAN 1 1162 HIGHEST SLP 30.14 ON 28
DPTR FM NORMAL -54 LOWEST SLP 29.70 ON 9
[REMARKS]
#FINAL-07-23#