000
CXUS52 KRAH 010945
CF6FAY
PRELIMINARY LOCAL CLIMATOLOGICAL DATA (WS FORM: F-6)
STATION: FAYETTEVILLE NC
MONTH: FEBRUARY
YEAR: 2022
LATITUDE: 35 0 N
LONGITUDE: 78 53 W
TEMPERATURE IN F: :PCPN: SNOW: WIND :SUNSHINE: SKY :PK WND
================================================================================
1 2 3 4 5 6A 6B 7 8 9 10 11 12 13 14 15 16 17 18
12Z AVG MX 2MIN
DY MAX MIN AVG DEP HDD CDD WTR SNW DPTH SPD SPD DIR MIN PSBL S-S WX SPD DR
================================================================================
1 54 28 41 -4 24 0 0.00 M M 5.8 12 30 M M 0 16 40
2 64 28 46 1 19 0 0.00 M M 5.4 13 30 M M 1 15 30
3 74 50 62 17 3 0 T M M 10.2 24 150 M M 6 31 150
4 74 59 67 22 0 2 0.06 M M 15.5 30 210 M M 8 39 220
5 59 28 44 -1 21 0 0.00 M M 11.6 23 330 M M 2 30 330
6 47 25 36 -10 29 0 0.00 M M 8.4 15 20 M M 4 20 20
7 41 37 39 -7 26 0 0.76 M M 11.5 25 360 M M 10 1 33 350
8 51 32 42 -4 23 0 0.00 M M 3.8 9 310 M M 4 18 13 290
9 58 28 43 -3 22 0 0.00 M M 3.3 9 240 M M 0 1 13 170
10 68 35 52 6 13 0 0.00 M M 8.4 20 230 M M 0 24 210
11 71 35 53 7 12 0 0.00 M M 7.7 18 200 M M 0 23 220
12 69 38 54 8 11 0 0.00 M M 7.7 15 220 M M 0 18 250
13 52 37 45 -2 20 0 0.00 M M 10.0 21 330 M M 4 27 320
14 53 26 40 -7 25 0 0.00 M M 6.3 20 360 M M 0 25 10
15 56 26 41 -6 24 0 0.00 M M 4.6 13 90 M M 0 17 100
16 65 29 47 0 18 0 0.00 M M 7.1 15 180 M M 4 21 170
17 76 51 64 17 1 0 0.00 M M 12.3 23 190 M M 5 32 190
18 76 46 61 13 4 0 0.05 M M 15.8 30 200 M M 6 40 190
19 61 34 48 0 17 0 0.00 M M 10.3 23 300 M M 1 29 300
20 55 29 42 -6 23 0 0.00 M M 4.7 12 130 M M 0 15 110
21 72 35 54 6 11 0 0.00 M M 5.8 16 170 M M 3 22 240
22 75 58 67 19 0 2 0.00 M M 9.7 21 190 M M 8 27 190
23 77 60 69 21 0 4 0.00 M M 7.1 16 200 M M 4 21 210
24 65 50 58 9 7 0 0.00 M M 6.8 18 20 M M 9 128 23 20
25 82 47 65 16 0 0 0.00 M M 8.4 24 260 M M 7 12 34 250
26 59 45 52 3 13 0 0.00 M M 10.4 21 30 M M 8 26 10
27 47 40 44 -5 21 0 0.33 M M 1.8 9 210 M M 10 12 12 200
28 60 31 46 -4 19 0 0.00 M M 5.7 17 20 M M 1 12 23 20
================================================================================
SM 1761 1067 406 8 1.20 M 226.1 M 105
================================================================================
AV 62.9 38.1 8.1 FASTST M M 4 MAX(MPH)
MISC ----> # 30 210 40 190
================================================================================
NOTES:
# LAST OF SEVERAL OCCURRENCES
COLUMN 17 PEAK WIND IN M.P.H.
PRELIMINARY LOCAL CLIMATOLOGICAL DATA (WS FORM: F-6) , PAGE 2
STATION: FAYETTEVILLE NC
MONTH: FEBRUARY
YEAR: 2022
LATITUDE: 35 0 N
LONGITUDE: 78 53 W
[TEMPERATURE DATA] [PRECIPITATION DATA] SYMBOLS USED IN COLUMN 16
AVERAGE MONTHLY: 50.5 TOTAL FOR MONTH: 1.20 1 = FOG OR MIST
DPTR FM NORMAL: 3.5 DPTR FM NORMAL: -1.58 2 = FOG REDUCING VISIBILITY
HIGHEST: 82 ON 25 GRTST 24HR 0.76 ON 7- 7 TO 1/4 MILE OR LESS
LOWEST: 25 ON 6 3 = THUNDER
SNOW, ICE PELLETS, HAIL 4 = ICE PELLETS
TOTAL MONTH: M 5 = HAIL
GRTST 24HR M ON M 6 = FREEZING RAIN OR DRIZZLE
GRTST DEPTH: M ON M 7 = DUSTSTORM OR SANDSTORM:
VSBY 1/2 MILE OR LESS
8 = SMOKE OR HAZE
[NO. OF DAYS WITH] [WEATHER - DAYS WITH] 9 = BLOWING SNOW
X = TORNADO
MAX 32 OR BELOW: 0 0.01 INCH OR MORE: 4
MAX 90 OR ABOVE: 0 0.10 INCH OR MORE: 2
MIN 32 OR BELOW: 11 0.50 INCH OR MORE: 1
MIN 0 OR BELOW: 0 1.00 INCH OR MORE: 0
[HDD (BASE 65) ]
TOTAL THIS MO. 406 CLEAR (SCALE 0-3) 12
DPTR FM NORMAL -102 PTCLDY (SCALE 4-7) 11
TOTAL FM JUL 1 1915 CLOUDY (SCALE 8-10) 5
DPTR FM NORMAL -295
[CDD (BASE 65) ]
TOTAL THIS MO. 8
DPTR FM NORMAL 4 [PRESSURE DATA]
TOTAL FM JAN 1 18 HIGHEST SLP 30.64 ON 15
DPTR FM NORMAL 16 LOWEST SLP 29.74 ON 18
[REMARKS]
#FINAL-02-22#