000
CXUS52 KRAH 011319
CLMFAY
CLIMATE REPORT
NATIONAL WEATHER SERVICE RALEIGH NC
919 AM EDT MON MAY 01 2023
...................................
...THE FAYETTEVILLE NC CLIMATE SUMMARY FOR THE MONTH OF APRIL 2023...
CLIMATE NORMAL PERIOD 1991 TO 2020
CLIMATE RECORD PERIOD 1910 TO 2023
WEATHER OBSERVED NORMAL DEPART LAST YEAR`S
VALUE DATE(S) VALUE FROM VALUE
NORMAL
..............................................................
TEMPERATURE (F)
RECORD
HIGH 96 04/12/1930
LOW 22 04/10/1996
HIGHEST 87 04/06 89
04/19
04/20
LOWEST 36 04/11 37
AVG. MAXIMUM 76.4 74.8 1.6 76.3
AVG. MINIMUM 52.2 50.8 1.4 50.3
MEAN 64.3 62.8 1.5 63.3
DAYS MAX >= 90 0 0
DAYS MAX <= 32 0 0
DAYS MIN <= 32 0 0
DAYS MIN <= 0 0 0
PRECIPITATION (INCHES)
RECORD
MAXIMUM 7.37 1918
TOTALS 4.26 3.15 1.11 2.11
DAYS >= .01 12
DAYS >= .10 9
DAYS >= .50 2
DAYS >= 1.00 1
GREATEST
24 HR. TOTAL 1.72 04/07 TO 04/08
DEGREE DAYS
HEATING TOTAL 104 136 -32 122
SINCE 7/1 2112 2707 -595 2290
COOLING TOTAL 91 70 21 77
SINCE 1/1 143 91 52 123
..............................................................
WIND (MPH)
AVERAGE WIND SPEED 8.2
HIGHEST WIND SPEED/DIRECTION 40/240 DATE 04/30
HIGHEST GUST SPEED/DIRECTION 51/210 DATE 04/01
SKY COVER
POSSIBLE SUNSHINE (PERCENT) MM
AVERAGE SKY COVER 0.35
NUMBER OF DAYS FAIR 16
NUMBER OF DAYS PC 10
NUMBER OF DAYS CLOUDY 4
AVERAGE RH (PERCENT) 66
WEATHER CONDITIONS. NUMBER OF DAYS WITH
THUNDERSTORM 5 MIXED PRECIP 0
HEAVY RAIN 3 RAIN 6
LIGHT RAIN 13 FREEZING RAIN 0
LT FREEZING RAIN 0 HAIL 0
HEAVY SNOW 0 SNOW 0
LIGHT SNOW 0 SLEET 0
FOG 15 FOG W/VIS <= 1/4 MILE 2
HAZE 3
- INDICATES NEGATIVE NUMBERS.
R INDICATES RECORD WAS SET OR TIED.
MM INDICATES DATA IS MISSING.
T INDICATES TRACE AMOUNT.
&&
A RECORD DAILY HIGH MINIMUM TEMPERATURE OF 69 DEGREES WAS SET AT
FAYETTEVILLE NC ON APRIL 6TH. THIS BREAKS THE OLD RECORD OF 64
DEGREES SET IN 1945.
A RECORD DAILY LOW MAXIMUM TEMPERATURE OF 47 DEGREES WAS SET AT
FAYETTEVILLE NC ON APRIL 8TH. THIS BREAKS THE OLD RECORD OF 48
DEGREES LAST SET IN 2003.
$$