000
CXUS54 KOUN 010910
CF6FDR
PRELIMINARY LOCAL CLIMATOLOGICAL DATA (WS FORM: F-6)
STATION: FREDERICK MUNICIPAL
MONTH: DECEMBER
YEAR: 2023
LATITUDE: 34 21 N
LONGITUDE: 98 59 W
TEMPERATURE IN F: :PCPN: SNOW: WIND :SUNSHINE: SKY :PK WND
================================================================================
1 2 3 4 5 6A 6B 7 8 9 10 11 12 13 14 15 16 17 18
12Z AVG MX 2MIN
DY MAX MIN AVG DEP HDD CDD WTR SNW DPTH SPD SPD DIR MIN PSBL S-S WX SPD DR
================================================================================
1 53 34 44 -2 21 0 0.00 M M 8.9 17 300 M M 0 23 300
2 69 33 51 5 14 0 0.00 M M 10.7 31 260 M M 3 12 40 260
3 72 28 50 4 15 0 0.00 M M 11.0 33 350 M M 0 42 340
4 62 30 46 0 19 0 0.00 M M 7.7 14 310 M M 0 17 200
5 67 33 50 5 15 0 0.00 M M 6.9 14 20 M M 0 17 20
6 69 34 52 7 13 0 0.00 M M 10.2 20 190 M M 0 26 180
7 76 46 61 16 4 0 0.00 M M 16.6 28 220 M M 0 35 180
8 68 45 57 13 8 0 0.00 M M 14.4 25 260 M M 0 32 260
9 55 30 43 -1 22 0 0.00 M M 14.3 30 360 M M 0 37 10
10 54 25 40 -4 25 0 0.00 M M 10.8 18 200 M M 0 23 210
11 62 29 46 2 19 0 0.00 M M 7.4 13 70 M M 0 17 40
12 64 36 50 7 15 0 0.00 M M 10.1 18 140 M M 2 22 140
13 56 44 50 7 15 0 0.32 M M 10.3 16 90 M M 10 1 20 100
14 56 45 51 8 14 0 1.03 M M 12.7 24 110 M M 10 13 31 110
15 52 37 45 2 20 0 0.58 M M 10.4 22 290 M M 7 1 28 320
16 57 35 46 4 19 0 0.00 M M 8.5 16 300 M M 0 21 300
17 65 35 50 8 15 0 0.00 M M 5.5 15 10 M M 0 17 10
18 59 38 49 7 16 0 0.00 M M 9.7 16 360 M M 0 19 350
19 58 33 46 4 19 0 0.00 M M 11.2 21 160 M M 0 28 160
20 62 40 51 9 14 0 0.00 M M 11.6 25 180 M M 3 32 190
21 66 49 58 16 7 0 T 0.0 0 9.3 17 160 M M 6 1 21 160
22 63 48 56 14 9 0 0.00 0.0 0 3.0 10 170 M M 8 12 12 170
23 68 46 57 15 8 0 0.71 0.0 0 13.4 25 130 M M 9 123 31 140
24 60 38 49 7 16 0 0.20 0.0 0 17.0 32 330 M M 7 123 41 340
25 47 30 39 -2 26 0 0.00 M M 12.0 26 330 M M 0 34 330
26 51 27 39 -2 26 0 0.00 M M 6.3 16 290 M M 0 20 300
27 49 35 42 1 23 0 0.00 M M 10.1 22 330 M M 6 29 320
28 47 30 39 -2 26 0 T T 0 8.8 20 20 M M 7 23 20
29 56 26 41 0 24 0 0.00 0.0 0 9.2 21 300 M M 0 24 300
30 65 30 48 7 17 0 0.00 0.0 0 8.0 13 180 M M 0 17 180
31 53 31 42 1 23 0 0.00 0.0 0 10.2 23 50 M M 0 28 50
================================================================================
SM 1861 1100 527 0 2.84 T 316.2 M 78
================================================================================
AV 60.0 35.5 10.2 FASTST M M 3 MAX(MPH)
MISC ----> 33 350 42 340
================================================================================
NOTES:
# LAST OF SEVERAL OCCURRENCES
COLUMN 17 PEAK WIND IN M.P.H.
PRELIMINARY LOCAL CLIMATOLOGICAL DATA (WS FORM: F-6) , PAGE 2
STATION: FREDERICK MUNICIPAL
MONTH: DECEMBER
YEAR: 2023
LATITUDE: 34 21 N
LONGITUDE: 98 59 W
[TEMPERATURE DATA] [PRECIPITATION DATA] SYMBOLS USED IN COLUMN 16
AVERAGE MONTHLY: 47.8 TOTAL FOR MONTH: 2.84 1 = FOG OR MIST
DPTR FM NORMAL: 4.8 DPTR FM NORMAL: M 2 = FOG REDUCING VISIBILITY
HIGHEST: 76 ON 7 GRTST 24HR 1.61 ON 14-15 TO 1/4 MILE OR LESS
LOWEST: 25 ON 10 3 = THUNDER
SNOW, ICE PELLETS, HAIL 4 = ICE PELLETS
TOTAL MONTH: T 5 = HAIL
GRTST 24HR T ON 28-28 6 = FREEZING RAIN OR DRIZZLE
GRTST DEPTH: 0 7 = DUSTSTORM OR SANDSTORM:
VSBY 1/2 MILE OR LESS
8 = SMOKE OR HAZE
[NO. OF DAYS WITH] [WEATHER - DAYS WITH] 9 = BLOWING SNOW
X = TORNADO
MAX 32 OR BELOW: 0 0.01 INCH OR MORE: 5
MAX 90 OR ABOVE: 0 0.10 INCH OR MORE: 5
MIN 32 OR BELOW: 11 0.50 INCH OR MORE: 3
MIN 0 OR BELOW: 0 1.00 INCH OR MORE: 1
[HDD (BASE 65) ]
TOTAL THIS MO. 527 CLEAR (SCALE 0-3) 20
DPTR FM NORMAL -155 PTCLDY (SCALE 4-7) 7
TOTAL FM JUL 1 987 CLOUDY (SCALE 8-10) 4
DPTR FM NORMAL -206
[CDD (BASE 65) ]
TOTAL THIS MO. 0
DPTR FM NORMAL 0 [PRESSURE DATA]
TOTAL FM JAN 1 2880 HIGHEST SLP 30.45 ON 13
DPTR FM NORMAL 384 LOWEST SLP 29.59 ON 8
[REMARKS]
#FINAL-12-23#