000
CXUS53 KLMK 010710
CF6FFT
PRELIMINARY LOCAL CLIMATOLOGICAL DATA (WS FORM: F-6)
STATION: FRANKFORT KY
MONTH: JUNE
YEAR: 2023
LATITUDE: 38 10 N
LONGITUDE: 84 54 W
TEMPERATURE IN F: :PCPN: SNOW: WIND :SUNSHINE: SKY :PK WND
================================================================================
1 2 3 4 5 6A 6B 7 8 9 10 11 12 13 14 15 16 17 18
12Z AVG MX 2MIN
DY MAX MIN AVG DEP HDD CDD WTR SNW DPTH SPD SPD DIR MIN PSBL S-S WX SPD DR
================================================================================
1 88 60 74 4 0 9 0.00 M M 3.3 14 90 M M 1 19 90
2 91 56 74 4 0 9 0.00 M M 4.1 15 60 M M 0 21 50
3 92 57 75 4 0 10 0.00 M M 3.8 16 100 M M 1 26 80
4 88 59 74 3 0 9 0.00 M M 3.7 12 340 M M 0 17 360
5 86 58 72 1 0 7 0.00 M M 5.4 13 360 M M 0 18 10
6 84 49 67 -5 0 2 0.00 M M 5.8 13 240 M M 1 19 230
7 73 55 64 -8 1 0 0.44 M M 2.1 9 330 M M 8 18 16 340
8 77 48 63 -9 2 0 0.00 M M 2.3 10 340 M M 3 12 16 60
9 80 47 64 -8 1 0 0.00 M M 2.7 14 330 M M 0 1 20 260
10 82 47 65 -8 0 0 0.00 M M 2.6 14 230 M M 0 18 190
11 83 59 71 -2 0 6 1.10 M M 7.8 18 340 M M 8 13 29 350
12 69 51 60 -13 5 0 T M M 7.1 16 330 M M 7 1 24 330
13 78 48 63 -10 2 0 0.00 M M 11.9 24 220 M M 2 37 220
14 82 61 72 -2 0 7 0.00 M M 7.3 15 230 M M 5 24 250
15 83 58 71 -3 0 6 0.00 M M 3.9 12 240 M M 1 1 16 220
16 77 57 67 -7 0 2 0.00 M M 5.8 13 340 M M 1 18 18 360
17 81 52 67 -7 0 2 0.00 M M 2.1 12 330 M M 1 18 17 330
18 84 51 68 -7 0 3 0.00 M M 4.8 13 160 M M 0 18 20 140
19 79 68 74 -1 0 9 0.93 M M 7.1 16 70 M M 9 138 21 60
20 83 68 76 1 0 11 0.01 M M 9.8 17 70 M M 7 3 26 90
21 82 65 74 -1 0 9 0.45 M M 8.8 22 90 M M 5 1 31 110
22 70 61 66 -9 0 1 0.00 M M 6.0 13 80 M M 8 19 60
23 75 61 68 -8 0 3 T M M 1.6 12 310 M M 10 16 280
24 87 66 77 1 0 12 0.00 M M 4.4 12 300 M M 5 17 300
25 85 63 74 -2 0 9 1.09 M M 7.1 25 310 M M 3 13 43 300
26 83 65 74 -2 0 9 0.01 M M 8.6 21 230 M M 5 3 28 230
27 82 62 72 -4 0 7 0.00 M M 5.3 15 310 M M 3 18 22 310
28 83 58 71 -5 0 6 0.00 M M 2.0 8 130 M M 10 18 14 130
29 81 62 72 -4 0 7 0.01 M M 4.6 22 120 M M 5 138 35 270
30 85 68 77 1 0 12 1.92 M M 6.0 14 200 M M 8 13 20 300
================================================================================
SM 2453 1740 11 167 5.96 M 157.8 M 117
================================================================================
AV 81.8 58.0 5.3 FASTST M M 4 MAX(MPH)
MISC ----> 25 310 43 300
================================================================================
NOTES:
# LAST OF SEVERAL OCCURRENCES
COLUMN 17 PEAK WIND IN M.P.H.
PRELIMINARY LOCAL CLIMATOLOGICAL DATA (WS FORM: F-6) , PAGE 2
STATION: FRANKFORT KY
MONTH: JUNE
YEAR: 2023
LATITUDE: 38 10 N
LONGITUDE: 84 54 W
[TEMPERATURE DATA] [PRECIPITATION DATA] SYMBOLS USED IN COLUMN 16
AVERAGE MONTHLY: 69.9 TOTAL FOR MONTH: 5.96 1 = FOG OR MIST
DPTR FM NORMAL: -3.8 DPTR FM NORMAL: 1.62 2 = FOG REDUCING VISIBILITY
HIGHEST: 92 ON 3 GRTST 24HR 1.93 ON 29-30 TO 1/4 MILE OR LESS
LOWEST: 47 ON 10, 9 3 = THUNDER
SNOW, ICE PELLETS, HAIL 4 = ICE PELLETS
TOTAL MONTH: M 5 = HAIL
GRTST 24HR M ON M 6 = FREEZING RAIN OR DRIZZLE
GRTST DEPTH: M ON M 7 = DUSTSTORM OR SANDSTORM:
VSBY 1/2 MILE OR LESS
8 = SMOKE OR HAZE
[NO. OF DAYS WITH] [WEATHER - DAYS WITH] 9 = BLOWING SNOW
X = TORNADO
MAX 32 OR BELOW: 0 0.01 INCH OR MORE: 9
MAX 90 OR ABOVE: 2 0.10 INCH OR MORE: 6
MIN 32 OR BELOW: 0 0.50 INCH OR MORE: 4
MIN 0 OR BELOW: 0 1.00 INCH OR MORE: 3
[HDD (BASE 65) ]
TOTAL THIS MO. 11 CLEAR (SCALE 0-3) 16
DPTR FM NORMAL 4 PTCLDY (SCALE 4-7) 11
TOTAL FM JUL 1 3985 CLOUDY (SCALE 8-10) 3
DPTR FM NORMAL -399
[CDD (BASE 65) ]
TOTAL THIS MO. 167
DPTR FM NORMAL -102 [PRESSURE DATA]
TOTAL FM JAN 1 246 HIGHEST SLP M ON M
DPTR FM NORMAL -162 LOWEST SLP 29.56 ON 11
[REMARKS]
#FINAL-06-23#