000
CXUS53 KFGF 010915
CF6FGF
PRELIMINARY LOCAL CLIMATOLOGICAL DATA (WS FORM: F-6)
STATION: GRAND FORKS UNIV. (NWS) ND
MONTH: DECEMBER
YEAR: 2020
LATITUDE: 47 55 N
LONGITUDE: 97 6 W
TEMPERATURE IN F: :PCPN: SNOW: WIND :SUNSHINE: SKY :PK WND
================================================================================
1 2 3 4 5 6A 6B 7 8 9 10 11 12 13 14 15 16 17 18
12Z AVG MX 2MIN
DY MAX MIN AVG DEP HDD CDD WTR SNW DPTH SPD SPD DIR MIN PSBL S-S WX SPD DR
================================================================================
1 38 18 28 10 37 0 0.00 0.0 0 M M M M M M M M
2 40 17 29 11 36 0 0.00 0.0 0 M M M M M M M M
3 45 21 33 16 32 0 0.00 0.0 0 M M M M M M M M
4 41 18 30 13 35 0 0.00 0.0 0 M M M M M M M M
5 39 20 30 14 35 0 0.00 0.0 0 M M M M M M M M
6 47 19 33 17 32 0 0.00 0.0 0 M M M M M M M M
7 44 19 32 17 33 0 0.00 0.0 0 M M M M M M M M
8 49 27 38 23 27 0 0.00 0.0 0 M M M M M M M M
9 46 23 35 21 30 0 0.00 0.0 0 M M M M M M M M
10 38 28 33 19 32 0 0.00 0.0 0 M M M M M M M M
11 28 23 26 12 39 0 0.00 0.0 0 M M M M M M M M
12 23 20 22 9 43 0 T T 0 M M M M M M M M
13 25 4 15 2 50 0 0.04 0.6 T M M M M M M M M
14 4 -6 -1 -13 66 0 0.00 0.0 1 M M M M M M M M
15 23 4 14 2 51 0 T T T M M M M M M M M
16 29 17 23 11 42 0 0.02 0.4 T M M M M M M M M
17 30 23 27 16 38 0 0.00 0.0 1 M M M M M M M M
18 31 4 18 7 47 0 0.00 0.0 1 M M M M M M M M
19 37 -1 18 7 47 0 0.00 0.0 T M M M M M M M M
20 39 15 27 17 38 0 0.06 0.7 T M M M M M M M M
21 35 14 25 15 40 0 0.00 0.0 1 M M M M M M M M
22 35 18 27 17 38 0 T T 1 M M M M M M M M
23 27 -7 10 0 55 0 0.05 0.8 1 M M M M M M M M
24 1 -12 -5 -14 70 0 0.00 0.0 1 M M M M M M M M
25 34 0 17 8 48 0 0.00 0.0 1 M M M M M M M M
26 24 8 16 7 49 0 0.00 0.0 1 M M M M M M M M
27 23 11 17 8 48 0 0.03 1.0 2 M M M M M M M M
28 11 1 6 -2 59 0 T T 2 M M M M M M M M
29 22 2 12 4 53 0 0.08 2.1 4 M M M M M M M M
30 22 13 18 10 47 0 0.04 0.5 4 M M M M M M M M
31 22 12 17 9 48 0 0.00 0.0 4 M M M M M M M M
================================================================================
SM 952 373 1345 0 0.32 6.1 M M M
================================================================================
AV 30.7 12.0 M FASTST M M M MAX(MPH)
MISC ----> M M M M
================================================================================
NOTES:
# LAST OF SEVERAL OCCURRENCES
COLUMN 17 PEAK WIND IN M.P.H.
PRELIMINARY LOCAL CLIMATOLOGICAL DATA (WS FORM: F-6) , PAGE 2
STATION: GRAND FORKS UNIV. (NWS) ND
MONTH: DECEMBER
YEAR: 2020
LATITUDE: 47 55 N
LONGITUDE: 97 6 W
[TEMPERATURE DATA] [PRECIPITATION DATA] SYMBOLS USED IN COLUMN 16
AVERAGE MONTHLY: 21.4 TOTAL FOR MONTH: 0.32 1 = FOG OR MIST
DPTR FM NORMAL: 9.2 DPTR FM NORMAL: -0.33 2 = FOG REDUCING VISIBILITY
HIGHEST: 49 ON 8 GRTST 24HR 0.08 ON 29-29 TO 1/4 MILE OR LESS
LOWEST: -12 ON 24 3 = THUNDER
SNOW, ICE PELLETS, HAIL 4 = ICE PELLETS
TOTAL MONTH: 6.1 INCHES 5 = HAIL
GRTST 24HR 2.1 ON 29-29 6 = FREEZING RAIN OR DRIZZLE
GRTST DEPTH: 4 ON 31,30 7 = DUSTSTORM OR SANDSTORM:
VSBY 1/2 MILE OR LESS
8 = SMOKE OR HAZE
[NO. OF DAYS WITH] [WEATHER - DAYS WITH] 9 = BLOWING SNOW
X = TORNADO
MAX 32 OR BELOW: 16 0.01 INCH OR MORE: 7
MAX 90 OR ABOVE: 0 0.10 INCH OR MORE: 0
MIN 32 OR BELOW: 31 0.50 INCH OR MORE: 0
MIN 0 OR BELOW: 5 1.00 INCH OR MORE: 0
[HDD (BASE 65) ]
TOTAL THIS MO. 1345 CLEAR (SCALE 0-3) 0
DPTR FM NORMAL -292 PTCLDY (SCALE 4-7) 0
TOTAL FM JUL 1 3384 CLOUDY (SCALE 8-10) 31
DPTR FM NORMAL -348
[CDD (BASE 65) ]
TOTAL THIS MO. 0
DPTR FM NORMAL 0 [PRESSURE DATA]
TOTAL FM JAN 1 619 HIGHEST SLP M ON M
DPTR FM NORMAL 156 LOWEST SLP M ON M
[REMARKS]
#FINAL-12-20#