000
CXUS53 KARX 010900
CF6FKA
PRELIMINARY LOCAL CLIMATOLOGICAL DATA (WS FORM: F-6)
STATION: PRESTON MN
MONTH: MAY
YEAR: 2021
LATITUDE: 43 40 N
LONGITUDE: 92 11 W
TEMPERATURE IN F: :PCPN: SNOW: WIND :SUNSHINE: SKY :PK WND
================================================================================
1 2 3 4 5 6A 6B 7 8 9 10 11 12 13 14 15 16 17 18
12Z AVG MX 2MIN
DY MAX MIN AVG DEP HDD CDD WTR SNW DPTH SPD SPD DIR MIN PSBL S-S WX SPD DR
================================================================================
1 90 49 70 M 0 5 0.00 0.0 0 13.4 21 240 M M 0 33 220
2 82 58 70 M 0 5 0.79 0.0 0 11.0 15 220 M M 2 3 24 220
3 64 49 57 M 8 0 0.24 0.0 0 10.0 20 360 M M 7 123 25 340
4 56 41 49 M 16 0 0.00 0.0 0 10.9 21 350 M M 3 25 350
5 56 37 47 M 18 0 M 0.0 0 5.8 13 300 M M 4 17 350
6 57 37 47 M 18 0 M 0.0 0 9.4 18 300 M M 2 1 24 300
7 54 38 46 M 19 0 0.00 0.0 0 8.6 18 360 M M 2 27 350
8 51 33 42 M 23 0 0.00 0.0 0 7.4 14 200 M M 0 18 140
9 62 36 49 M 16 0 0.00 0.0 0 6.0 12 30 M M 1 18 350
10 53 38 46 M 19 0 0.00 0.0 0 8.2 17 30 M M 3 23 30
11 57 33 45 M 20 0 0.00 0.0 0 2.5 9 30 M M 0 18 350
12 64 38 51 M 14 0 0.00 0.0 0 3.7 7 220 M M 0 M M
13 66 41 54 M 11 0 0.00 0.0 0 7.0 13 190 M M 1 20 190
14 65 42 54 M 11 0 M 0.0 0 8.7 18 190 M M 3 29 140
15 67 48 58 M 7 0 0.00 0.0 0 8.1 13 120 M M 5 1 18 110
16 68 53 61 M 4 0 M 0.0 M 8.6 14 190 M M 5 18 180
17 73 48 61 M 4 0 0.00 0.0 0 7.0 14 130 M M 2 1 24 150
18 67 53 60 M 5 0 0.34 0.0 M 9.3 18 130 M M 8 1 26 130
19 69 61 65 M 0 0 0.02 0.0 M 10.3 15 170 M M 8 1 22 170
20 70 63 67 M 0 2 0.46 0.0 M 13.9 24 170 M M 8 1 30 170
21 75 64 70 M 0 5 0.12 0.0 M 11.9 18 200 M M 6 1 32 200
22 78 63 71 M 0 6 0.00 0.0 0 9.5 14 190 M M 7 21 190
23 76 65 71 M 0 6 0.67 0.0 0 5.6 8 210 M M 7 18 M M
24 82 64 73 M 0 8 0.00 0.0 0 12.7 21 190 M M 1 27 190
25 83 65 74 M 0 9 0.00 0.0 0 13.8 22 210 M M 4 30 210
26 66 53 60 M 5 0 0.00 0.0 0 9.6 16 330 M M 0 23 310
27 53 38 46 M 19 0 1.26 M M 13.0 21 80 M M 8 1 35 80
28 54 37 46 M 19 0 0.05 M M 10.2 18 40 M M 6 1 25 40
29 61 37 49 M 16 0 0.00 0.0 0 4.4 9 140 M M 0 M M
30 57 44 51 M 14 0 0.03 0.0 0 3.5 8 190 M M 4 1 M M
31 73 46 60 M 5 0 M M M 6.9 12 190 M M 1 21 240
================================================================================
SM 2049 1472 291 46 3.98 0.0 270.9 M 108
================================================================================
AV 66.1 47.5 8.7 FASTST M M 3 MAX(MPH)
MISC ----> 24 170 35 80
================================================================================
NOTES:
# LAST OF SEVERAL OCCURRENCES
COLUMN 17 PEAK WIND IN M.P.H.
PRELIMINARY LOCAL CLIMATOLOGICAL DATA (WS FORM: F-6) , PAGE 2
STATION: PRESTON MN
MONTH: MAY
YEAR: 2021
LATITUDE: 43 40 N
LONGITUDE: 92 11 W
[TEMPERATURE DATA] [PRECIPITATION DATA] SYMBOLS USED IN COLUMN 16
AVERAGE MONTHLY: 56.8 TOTAL FOR MONTH: 3.98 1 = FOG OR MIST
DPTR FM NORMAL: 0.0 DPTR FM NORMAL: M 2 = FOG REDUCING VISIBILITY
HIGHEST: 90 ON 1 GRTST 24HR 1.26 ON 27-27 TO 1/4 MILE OR LESS
LOWEST: 33 ON 11, 8 3 = THUNDER
SNOW, ICE PELLETS, HAIL 4 = ICE PELLETS
TOTAL MONTH: 0.0 INCH 5 = HAIL
GRTST 24HR 0.0 6 = FREEZING RAIN OR DRIZZLE
GRTST DEPTH: 0 7 = DUSTSTORM OR SANDSTORM:
VSBY 1/2 MILE OR LESS
8 = SMOKE OR HAZE
[NO. OF DAYS WITH] [WEATHER - DAYS WITH] 9 = BLOWING SNOW
X = TORNADO
MAX 32 OR BELOW: 0 0.01 INCH OR MORE: 10
MAX 90 OR ABOVE: 1 0.10 INCH OR MORE: 7
MIN 32 OR BELOW: 0 0.50 INCH OR MORE: 3
MIN 0 OR BELOW: 0 1.00 INCH OR MORE: 1
[HDD (BASE 65) ]
TOTAL THIS MO. 291 CLEAR (SCALE 0-3) 17
DPTR FM NORMAL M PTCLDY (SCALE 4-7) 13
TOTAL FM JUL 1 7576 CLOUDY (SCALE 8-10) 1
DPTR FM NORMAL M
[CDD (BASE 65) ]
TOTAL THIS MO. 46
DPTR FM NORMAL M [PRESSURE DATA]
TOTAL FM JAN 1 51 HIGHEST SLP M ON M
DPTR FM NORMAL M LOWEST SLP M ON M
[REMARKS]
#FINAL-05-21#