000
CXUS53 KMKX 020213
CF6FLD
PRELIMINARY LOCAL CLIMATOLOGICAL DATA (WS FORM: F-6)
STATION: FOND_DU_LAC WI
MONTH: DECEMBER
YEAR: 2020
LATITUDE: 43 46 N
LONGITUDE: 88 29 W
TEMPERATURE IN F: :PCPN: SNOW: WIND :SUNSHINE: SKY :PK WND
================================================================================
1 2 3 4 5 6A 6B 7 8 9 10 11 12 13 14 15 16 17 18
12Z AVG MX 2MIN
DY MAX MIN AVG DEP HDD CDD WTR SNW DPTH SPD SPD DIR MIN PSBL S-S WX SPD DR
================================================================================
1 36 21 29 0 36 0 0.00 M M 8.0 16 330 M M 3 20 330
2 47 20 34 5 31 0 0.00 M M 7.3 16 240 M M 0 26 240
3 42 27 35 7 30 0 0.00 M M 9.5 16 240 M M 6 26 230
4 42 22 32 4 33 0 0.00 M M 5.6 14 20 M M 2 18 20
5 34 20 27 0 38 0 0.00 M M 3.3 9 60 M M 8 13 70
6 37 27 32 5 33 0 0.00 M M 3.0 8 270 M M 9 12 210
7 36 32 34 8 31 0 0.00 M M 5.0 9 280 M M 10 13 290
8 35 31 33 7 32 0 0.00 M M 9.9 18 220 M M 9 27 220
9 52 27 40 14 25 0 0.00 M M 4.7 13 290 M M 2 17 280
10 54 24 39 14 26 0 0.00 M M 6.5 20 180 M M 0 26 210
11 40 33 37 12 28 0 T M M 14.6 25 30 M M 8 1 33 20
12 34 26 30 6 35 0 0.03 M M 18.4 33 20 M M 9 1 45 20
13 28 23 26 2 39 0 0.00 M M 6.7 16 300 M M 10 24 300
14 27 11 19 -5 46 0 0.00 M M 10.6 21 300 M M 3 30 300
15 24 7 16 -7 49 0 0.00 M M 4.2 9 40 M M 3 11 40
16 34 20 27 4 38 0 0.00 M M 5.4 14 80 M M 5 18 80
17 32 12 22 -1 43 0 0.00 M M 1.3 6 180 M M 6 18 7 110
18 36 11 24 2 41 0 0.00 M M 9.4 20 170 M M 2 18 27 170
19 37 34 36 14 29 0 T M M 5.3 17 200 M M 10 18 23 210
20 34 29 32 10 33 0 0.00 M M 8.8 18 210 M M 8 1 28 210
21 39 29 34 13 31 0 T M M 10.0 20 290 M M 9 27 300
22 40 32 36 15 29 0 0.00 M M 11.6 20 180 M M 8 29 160
23 54 23 39 18 26 0 0.01 M M 18.6 29 210 M M 6 45 240
24 23 7 15 -6 50 0 T M M 15.5 23 310 M M 8 38 230
25 23 9 16 -4 49 0 0.00 M M 10.8 18 290 M M 6 25 270
26 29 14 22 2 43 0 0.00 M M 7.3 17 290 M M 6 23 290
27 36 19 28 8 37 0 0.05 M M 9.3 25 360 M M 7 1 34 10
28 27 16 22 2 43 0 0.00 M M 8.1 16 300 M M 5 23 310
29 31 3 17 -3 48 0 0.02 M M 8.0 24 170 M M 4 1 32 160
30 33 25 29 9 36 0 T M M 12.1 23 280 M M 10 1 32 270
31 25 17 21 2 44 0 0.00 M M 6.4 15 190 M M M 20 190
================================================================================
SM 1101 651 1132 0 0.11 M 265.2 M 182
================================================================================
AV 35.5 21.0 8.6 FASTST M M 6 MAX(MPH)
MISC ----> 33 20 # 45 20
================================================================================
NOTES:
# LAST OF SEVERAL OCCURRENCES
COLUMN 17 PEAK WIND IN M.P.H.
PRELIMINARY LOCAL CLIMATOLOGICAL DATA (WS FORM: F-6) , PAGE 2
STATION: FOND_DU_LAC WI
MONTH: DECEMBER
YEAR: 2020
LATITUDE: 43 46 N
LONGITUDE: 88 29 W
[TEMPERATURE DATA] [PRECIPITATION DATA] SYMBOLS USED IN COLUMN 16
AVERAGE MONTHLY: 28.3 TOTAL FOR MONTH: 0.11 1 = FOG OR MIST
DPTR FM NORMAL: 4.9 DPTR FM NORMAL: -0.88 2 = FOG REDUCING VISIBILITY
HIGHEST: 54 ON 23,10 GRTST 24HR 0.05 ON 27-27 TO 1/4 MILE OR LESS
LOWEST: 3 ON 29 3 = THUNDER
SNOW, ICE PELLETS, HAIL 4 = ICE PELLETS
TOTAL MONTH: M 5 = HAIL
GRTST 24HR M ON M 6 = FREEZING RAIN OR DRIZZLE
GRTST DEPTH: M ON M 7 = DUSTSTORM OR SANDSTORM:
VSBY 1/2 MILE OR LESS
8 = SMOKE OR HAZE
[NO. OF DAYS WITH] [WEATHER - DAYS WITH] 9 = BLOWING SNOW
X = TORNADO
MAX 32 OR BELOW: 10 0.01 INCH OR MORE: 4
MAX 90 OR ABOVE: 0 0.10 INCH OR MORE: 0
MIN 32 OR BELOW: 29 0.50 INCH OR MORE: 0
MIN 0 OR BELOW: 0 1.00 INCH OR MORE: 0
[HDD (BASE 65) ]
TOTAL THIS MO. 1132 CLEAR (SCALE 0-3) 7
DPTR FM NORMAL -157 PTCLDY (SCALE 4-7) 14
TOTAL FM JUL 1 2526 CLOUDY (SCALE 8-10) 10
DPTR FM NORMAL -281
[CDD (BASE 65) ]
TOTAL THIS MO. 0
DPTR FM NORMAL 0 [PRESSURE DATA]
TOTAL FM JAN 1 794 HIGHEST SLP 30.57 ON 29
DPTR FM NORMAL 201 LOWEST SLP 29.27 ON 23
[REMARKS]
#FINAL-12-20#