000
CXUS56 KFGZ 010910
CF6FLG
PRELIMINARY LOCAL CLIMATOLOGICAL DATA (WS FORM: F-6)
STATION: FLAGSTAFF AZ AIRPORT
MONTH: JUNE
YEAR: 2022
LATITUDE: 35 7 N
LONGITUDE: 111 40 W
TEMPERATURE IN F: :PCPN: SNOW: WIND :SUNSHINE: SKY :PK WND
================================================================================
1 2 3 4 5 6A 6B 7 8 9 10 11 12 13 14 15 16 17 18
12Z AVG MX 2MIN
DY MAX MIN AVG DEP HDD CDD WTR SNW DPTH SPD SPD DIR MIN PSBL S-S WX SPD DR
================================================================================
1 74 30 52 -4 13 0 0.00 0.0 0 6.2 20 210 M M 0 26 230
2 77 35 56 -1 9 0 0.00 0.0 0 7.6 23 220 M M 0 32 220
3 74 41 58 1 7 0 0.00 0.0 0 8.2 24 210 M M 0 33 200
4 74 37 56 -1 9 0 0.00 0.0 0 9.4 28 220 M M 0 41 200
5 78 42 60 2 5 0 0.00 0.0 0 9.2 24 220 M M 0 31 230
6 80 45 63 5 2 0 0.00 0.0 0 7.5 25 220 M M 0 8 31 240
7 83 46 65 7 0 0 0.00 0.0 0 7.8 24 210 M M 0 32 240
8 85 48 67 9 0 2 0.00 0.0 0 6.3 20 220 M M 0 26 240
9 85 49 67 8 0 2 0.00 0.0 0 7.1 23 230 M M 0 29 220
10 87 56 72 13 0 7 0.00 0.0 M 5.9 21 210 M M 2 28 220
11 87 56 72 12 0 7 0.00 0.0 M 8.0 24 230 M M 1 31 240
12 84 48 66 6 0 1 0.00 M M 12.8 32 240 M M 0 46 240
13 80 59 70 10 0 5 0.00 0.0 M 19.7 41 210 M M 0 57 200
14 79 46 63 3 2 0 0.00 0.0 0 10.8 25 220 M M 0 35 210
15 84 42 63 2 2 0 0.00 0.0 0 4.6 18 200 M M 0 8 22 220
16 86 42 64 3 1 0 0.00 0.0 0 7.6 23 230 M M 0 32 190
17 82 53 68 7 0 3 0.00 0.0 0 12.5 33 220 M M 1 44 210
18 72 55 64 2 1 0 0.21 0.0 0 9.9 30 230 M M 5 40 230
19 72 41 57 -5 8 0 0.00 0.0 0 15.6 33 220 M M 2 47 220
20 76 31 54 -8 11 0 0.00 0.0 0 4.6 18 230 M M 0 23 230
21 81 36 59 -4 6 0 0.00 0.0 0 6.8 23 210 M M 1 28 200
22 76 49 63 0 2 0 0.01 M M 4.2 13 70 M M 6 17 110
23 79 42 61 -2 4 0 0.05 0.0 0 5.0 26 180 M M 3 3 37 180
24 77 51 64 1 1 0 0.02 0.0 0 6.4 22 210 M M 4 13 28 220
25 79 48 64 0 1 0 0.11 0.0 0 4.0 20 10 M M 3 3 27 230
26 76 46 61 -3 4 0 0.11 0.0 M 5.8 20 40 M M 3 3 25 40
27 79 44 62 -2 3 0 0.00 M M 5.3 20 70 M M 1 28 70
28 84 49 67 3 0 2 0.00 0.0 0 4.8 17 80 M M 0 25 120
29 84 53 69 4 0 4 0.02 0.0 0 5.1 18 30 M M 3 3 27 210
30 79 54 67 2 0 2 0.35 0.0 0 6.9 22 220 M M 6 13 27 210
================================================================================
SM 2393 1374 91 35 0.88 0.0 235.6 M 41
================================================================================
AV 79.8 45.8 7.9 FASTST M M 1 MAX(MPH)
MISC ----> 41 210 57 200
================================================================================
NOTES:
# LAST OF SEVERAL OCCURRENCES
COLUMN 17 PEAK WIND IN M.P.H.
PRELIMINARY LOCAL CLIMATOLOGICAL DATA (WS FORM: F-6) , PAGE 2
STATION: FLAGSTAFF AZ AIRPORT
MONTH: JUNE
YEAR: 2022
LATITUDE: 35 7 N
LONGITUDE: 111 40 W
[TEMPERATURE DATA] [PRECIPITATION DATA] SYMBOLS USED IN COLUMN 16
AVERAGE MONTHLY: 62.8 TOTAL FOR MONTH: 0.88 1 = FOG OR MIST
DPTR FM NORMAL: 2.0 DPTR FM NORMAL: 0.58 2 = FOG REDUCING VISIBILITY
HIGHEST: 87 ON 11,10 GRTST 24HR 0.35 ON 30-30 TO 1/4 MILE OR LESS
LOWEST: 30 ON 1 3 = THUNDER
SNOW, ICE PELLETS, HAIL 4 = ICE PELLETS
TOTAL MONTH: 0.0 INCH 5 = HAIL
GRTST 24HR 0.0 6 = FREEZING RAIN OR DRIZZLE
GRTST DEPTH: 0 7 = DUSTSTORM OR SANDSTORM:
VSBY 1/2 MILE OR LESS
8 = SMOKE OR HAZE
[NO. OF DAYS WITH] [WEATHER - DAYS WITH] 9 = BLOWING SNOW
X = TORNADO
MAX 32 OR BELOW: 0 0.01 INCH OR MORE: 8
MAX 90 OR ABOVE: 0 0.10 INCH OR MORE: 4
MIN 32 OR BELOW: 2 0.50 INCH OR MORE: 0
MIN 0 OR BELOW: 0 1.00 INCH OR MORE: 0
[HDD (BASE 65) ]
TOTAL THIS MO. 91 CLEAR (SCALE 0-3) 26
DPTR FM NORMAL -57 PTCLDY (SCALE 4-7) 4
TOTAL FM JUL 1 6465 CLOUDY (SCALE 8-10) 0
DPTR FM NORMAL -281
[CDD (BASE 65) ]
TOTAL THIS MO. 35
DPTR FM NORMAL 13 [PRESSURE DATA]
TOTAL FM JAN 1 35 HIGHEST SLP M ON M
DPTR FM NORMAL 12 LOWEST SLP 29.63 ON 13
[REMARKS]
#FINAL-06-22#