000
CXUS52 KILM 011000
CF6FLO
PRELIMINARY LOCAL CLIMATOLOGICAL DATA (WS FORM: F-6)
STATION: FLORENCE SOUTH CAROLINA
MONTH: JULY
YEAR: 2021
LATITUDE: 34 10 N
LONGITUDE: 79 43 W
TEMPERATURE IN F: :PCPN: SNOW: WIND :SUNSHINE: SKY :PK WND
================================================================================
1 2 3 4 5 6A 6B 7 8 9 10 11 12 13 14 15 16 17 18
12Z AVG MX 2MIN
DY MAX MIN AVG DEP HDD CDD WTR SNW DPTH SPD SPD DIR MIN PSBL S-S WX SPD DR
================================================================================
1 93 73 83 1 0 18 0.18 M M 8.4 25 220 M M 4 38 33 220
2 81 72 77 -5 0 12 0.42 M M 5.9 15 350 M M 6 138 19 340
3 85 65 75 -7 0 10 0.00 M M 5.9 14 360 M M 2 8 16 340
4 89 62 76 -6 0 11 0.00 M M 2.2 10 230 M M 3 18 14 230
5 91 65 78 -4 0 13 0.00 M M 3.7 14 170 M M 1 18 170
6 90 66 78 -4 0 13 0.00 M M 4.0 15 150 M M 1 17 150
7 91 72 82 0 0 17 0.05 M M 4.9 21 220 M M 2 138 24 230
8 88 74 81 -1 0 16 2.30 M M 13.7 33 150 M M 7 1 45 150
9 93 74 84 2 0 19 T M M 8.6 20 250 M M 2 3 25 250
10 92 71 82 0 0 17 0.00 M M 3.6 9 190 M M 2 3 14 40
11 93 75 84 2 0 19 T M M 8.6 23 230 M M 3 1 31 210
12 91 73 82 0 0 17 0.03 M M 7.7 21 170 M M 2 26 170
13 91 72 82 0 0 17 0.81 M M 5.5 23 190 M M 3 13 37 80
14 91 70 81 -1 0 16 0.00 M M 4.4 13 160 M M 3 12 19 190
15 93 73 83 1 0 18 0.00 M M 6.2 22 240 M M 1 3 28 230
16 92 74 83 1 0 18 0.00 M M 6.9 14 180 M M 3 3 17 190
17 92 74 83 1 0 18 0.04 M M 6.8 14 240 M M 3 3 19 230
18 94 72 83 1 0 18 0.53 M M 6.1 33 230 M M 4 13 48 250
19 87 72 80 -2 0 15 0.08 M M 5.2 17 350 M M 7 38 20 340
20 83 72 78 -4 0 13 0.04 M M 3.9 9 10 M M 6 1 13 10
21 90 74 82 0 0 17 0.13 M M 5.8 9 270 M M 6 1 M M
22 93 73 83 1 0 18 0.00 M M 4.3 13 190 M M 0 8 14 190
23 90 72 81 -1 0 16 0.00 M M 6.5 14 140 M M 4 128 17 90
24 89 69 79 -3 0 14 0.00 M M 5.0 15 150 M M 1 18 150
25 90 67 79 -3 0 14 0.00 M M 3.5 13 150 M M 0 16 150
26 94 70 82 0 0 17 0.00 M M 3.6 13 170 M M 1 12 21 100
27 94 75 85 3 0 20 0.77 M M 3.2 24 160 M M 5 13 29 150
28 93 75 84 2 0 19 0.03 M M 4.2 21 110 M M 6 12 26 110
29 93 72 83 1 0 18 0.00 M M 4.9 13 200 M M 3 12 15 190
30 94 78 86 4 0 21 0.00 M M 8.1 15 240 M M 1 18 220
31 96 76 86 4 0 21 0.24 M M 3.6 21 250 M M 2 138 27 250
================================================================================
SM 2816 2222 0 510 5.65 M 174.9 M 94
================================================================================
AV 90.8 71.7 5.6 FASTST M M 3 MAX(MPH)
MISC ----> # 33 150 48 250
================================================================================
NOTES:
# LAST OF SEVERAL OCCURRENCES
COLUMN 17 PEAK WIND IN M.P.H.
PRELIMINARY LOCAL CLIMATOLOGICAL DATA (WS FORM: F-6) , PAGE 2
STATION: FLORENCE SOUTH CAROLINA
MONTH: JULY
YEAR: 2021
LATITUDE: 34 10 N
LONGITUDE: 79 43 W
[TEMPERATURE DATA] [PRECIPITATION DATA] SYMBOLS USED IN COLUMN 16
AVERAGE MONTHLY: 81.3 TOTAL FOR MONTH: 5.65 1 = FOG OR MIST
DPTR FM NORMAL: -0.9 DPTR FM NORMAL: -0.15 2 = FOG REDUCING VISIBILITY
HIGHEST: 96 ON 31 GRTST 24HR 2.33 ON 7- 8 TO 1/4 MILE OR LESS
LOWEST: 62 ON 4 3 = THUNDER
SNOW, ICE PELLETS, HAIL 4 = ICE PELLETS
TOTAL MONTH: M 5 = HAIL
GRTST 24HR M ON M 6 = FREEZING RAIN OR DRIZZLE
GRTST DEPTH: M ON M 7 = DUSTSTORM OR SANDSTORM:
VSBY 1/2 MILE OR LESS
8 = SMOKE OR HAZE
[NO. OF DAYS WITH] [WEATHER - DAYS WITH] 9 = BLOWING SNOW
X = TORNADO
MAX 32 OR BELOW: 0 0.01 INCH OR MORE: 14
MAX 90 OR ABOVE: 24 0.10 INCH OR MORE: 8
MIN 32 OR BELOW: 0 0.50 INCH OR MORE: 4
MIN 0 OR BELOW: 0 1.00 INCH OR MORE: 1
[HDD (BASE 65) ]
TOTAL THIS MO. 0 CLEAR (SCALE 0-3) 18
DPTR FM NORMAL 0 PTCLDY (SCALE 4-7) 13
TOTAL FM JUL 1 0 CLOUDY (SCALE 8-10) 0
DPTR FM NORMAL 0
[CDD (BASE 65) ]
TOTAL THIS MO. 510
DPTR FM NORMAL -23 [PRESSURE DATA]
TOTAL FM JAN 1 1265 HIGHEST SLP 30.30 ON 13
DPTR FM NORMAL -51 LOWEST SLP 29.76 ON 8
[REMARKS]
#FINAL-07-21#