000
CXUS52 KILM 011000
CF6FLO
PRELIMINARY LOCAL CLIMATOLOGICAL DATA (WS FORM: F-6)
STATION: FLORENCE SOUTH CAROLINA
MONTH: OCTOBER
YEAR: 2022
LATITUDE: 34 10 N
LONGITUDE: 79 43 W
TEMPERATURE IN F: :PCPN: SNOW: WIND :SUNSHINE: SKY :PK WND
================================================================================
1 2 3 4 5 6A 6B 7 8 9 10 11 12 13 14 15 16 17 18
12Z AVG MX 2MIN
DY MAX MIN AVG DEP HDD CDD WTR SNW DPTH SPD SPD DIR MIN PSBL S-S WX SPD DR
================================================================================
1 75 57 66 -5 0 1 T M M 7.5 15 240 M M 9 1 18 240
2 74 54 64 -7 1 0 0.00 M M 8.6 17 360 M M 8 24 10
3 66 53 60 -10 5 0 0.00 M M 10.3 20 360 M M 9 25 40
4 75 47 61 -9 4 0 0.00 M M 5.9 17 340 M M 0 1 22 340
5 76 45 61 -9 4 0 0.00 M M 4.4 14 320 M M 0 18 290
6 81 49 65 -4 0 0 0.00 M M 1.0 9 260 M M 0 13 270
7 84 52 68 -1 0 3 0.00 M M 2.2 13 210 M M 0 1 16 220
8 76 56 66 -2 0 1 0.00 M M 7.3 17 30 M M 0 21 40
9 71 49 60 -8 5 0 0.00 M M 5.2 10 50 M M 4 14 50
10 73 57 65 -3 0 0 T M M 6.3 17 50 M M 9 23 40
11 78 57 68 1 0 3 0.00 M M 6.3 14 60 M M 7 24 60
12 81 57 69 2 0 4 0.06 M M 5.7 16 130 M M 3 1 20 130
13 78 64 71 4 0 6 0.02 M M 5.2 13 140 M M 4 1 15 140
14 76 48 62 -4 3 0 0.00 M M 6.0 15 20 M M 0 19 10
15 80 44 62 -4 3 0 0.00 M M 5.3 14 180 M M 0 16 180
16 84 52 68 2 0 3 0.00 M M 6.5 13 230 M M 0 16 290
17 82 63 73 8 0 8 0.00 M M 9.3 23 230 M M 1 29 240
18 68 41 55 -10 10 0 0.00 M M 9.2 21 360 M M 1 27 10
19 61 32 47 -17 18 0 0.00 M M 4.0 14 290 M M 0 20 330
20 67 33 50 -14 15 0 0.00 M M 2.8 13 190 M M 0 18 270
21 71 34 53 -11 12 0 0.00 M M 2.0 9 350 M M 0 14 40
22 76 39 58 -5 7 0 0.00 M M 6.1 13 50 M M 1 19 70
23 76 44 60 -3 5 0 0.00 M M 5.4 15 10 M M 0 19 10
24 72 42 57 -5 8 0 0.00 M M 2.9 9 340 M M 4 128 13 360
25 75 46 61 -1 4 0 0.00 M M 1.9 8 120 M M 5 12 11 160
26 77 51 64 2 1 0 T M M 5.1 16 210 M M 7 12 21 200
27 73 53 63 2 2 0 0.00 M M 9.7 20 30 M M 4 26 50
28 71 52 62 1 3 0 T M M 10.0 17 40 M M 7 21 30
29 60 56 58 -3 7 0 0.07 M M 9.0 16 30 M M 10 1 21 30
30 64 57 61 1 4 0 0.02 M M 6.6 13 70 M M 10 1 16 70
31 80 55 68 8 0 3 0.31 M M 4.1 22 160 M M 5 128 28 160
================================================================================
SM 2301 1539 121 32 0.48 M 181.8 M 108
================================================================================
AV 74.2 49.6 5.9 FASTST M M 3 MAX(MPH)
MISC ----> 23 230 29 240
================================================================================
NOTES:
# LAST OF SEVERAL OCCURRENCES
COLUMN 17 PEAK WIND IN M.P.H.
PRELIMINARY LOCAL CLIMATOLOGICAL DATA (WS FORM: F-6) , PAGE 2
STATION: FLORENCE SOUTH CAROLINA
MONTH: OCTOBER
YEAR: 2022
LATITUDE: 34 10 N
LONGITUDE: 79 43 W
[TEMPERATURE DATA] [PRECIPITATION DATA] SYMBOLS USED IN COLUMN 16
AVERAGE MONTHLY: 61.9 TOTAL FOR MONTH: 0.48 1 = FOG OR MIST
DPTR FM NORMAL: -3.6 DPTR FM NORMAL: -2.94 2 = FOG REDUCING VISIBILITY
HIGHEST: 84 ON 16, 7 GRTST 24HR 2.34 ON 30- 1 TO 1/4 MILE OR LESS
LOWEST: 32 ON 19 3 = THUNDER
SNOW, ICE PELLETS, HAIL 4 = ICE PELLETS
TOTAL MONTH: M 5 = HAIL
GRTST 24HR M ON M 6 = FREEZING RAIN OR DRIZZLE
GRTST DEPTH: M ON M 7 = DUSTSTORM OR SANDSTORM:
VSBY 1/2 MILE OR LESS
8 = SMOKE OR HAZE
[NO. OF DAYS WITH] [WEATHER - DAYS WITH] 9 = BLOWING SNOW
X = TORNADO
MAX 32 OR BELOW: 0 0.01 INCH OR MORE: 5
MAX 90 OR ABOVE: 0 0.10 INCH OR MORE: 1
MIN 32 OR BELOW: 1 0.50 INCH OR MORE: 0
MIN 0 OR BELOW: 0 1.00 INCH OR MORE: 0
[HDD (BASE 65) ]
TOTAL THIS MO. 121 CLEAR (SCALE 0-3) 16
DPTR FM NORMAL 33 PTCLDY (SCALE 4-7) 10
TOTAL FM JUL 1 129 CLOUDY (SCALE 8-10) 5
DPTR FM NORMAL 34
[CDD (BASE 65) ]
TOTAL THIS MO. 32
DPTR FM NORMAL -72 [PRESSURE DATA]
TOTAL FM JAN 1 2374 HIGHEST SLP 30.34 ON 29
DPTR FM NORMAL 140 LOWEST SLP 29.61 ON 1
[REMARKS]
#FINAL-10-22#