000
CXUS52 KILM 011100
CF6FLO
PRELIMINARY LOCAL CLIMATOLOGICAL DATA (WS FORM: F-6)
STATION: FLORENCE SOUTH CAROLINA
MONTH: FEBRUARY
YEAR: 2021
LATITUDE: 34 10 N
LONGITUDE: 79 43 W
TEMPERATURE IN F: :PCPN: SNOW: WIND :SUNSHINE: SKY :PK WND
================================================================================
1 2 3 4 5 6A 6B 7 8 9 10 11 12 13 14 15 16 17 18
12Z AVG MX 2MIN
DY MAX MIN AVG DEP HDD CDD WTR SNW DPTH SPD SPD DIR MIN PSBL S-S WX SPD DR
================================================================================
1 44 37 41 -5 24 0 0.19 M M 7.8 16 340 M M 10 1 22 320
2 47 37 42 -4 23 0 0.00 M M 12.7 23 290 M M 9 28 330
3 54 32 43 -3 22 0 0.00 M M 10.6 20 320 M M 0 26 290
4 54 22 38 -9 27 0 0.00 M M 4.3 10 190 M M 1 13 230
5 56 47 52 5 13 0 0.02 M M 8.3 21 210 M M 6 32 220
6 52 41 47 0 18 0 0.22 M M 7.5 16 70 M M 8 1 20 70
7 54 34 44 -3 21 0 0.32 M M 7.4 31 70 M M 7 1 37 70
8 60 31 46 -1 19 0 0.00 M M 5.1 13 120 M M 2 1 15 130
9 66 45 56 9 9 0 0.00 M M 3.3 12 310 M M 5 1 15 270
10 62 48 55 7 10 0 0.00 M M 4.5 14 90 M M 9 12 17 90
11 67 51 59 11 6 0 0.36 M M 4.7 18 20 M M 10 12 24 20
12 51 38 45 -3 20 0 0.60 M M 11.2 17 50 M M 10 1 23 20
13 41 37 39 -9 26 0 1.30 M M 9.0 15 20 M M 10 1 19 20
14 42 38 40 -8 25 0 0.43 M M 9.8 20 90 M M 10 1 23 90
15 57 40 49 1 16 0 0.42 M M 7.2 20 270 M M 10 123 24 260
16 65 40 53 4 12 0 0.02 M M 13.5 25 260 M M 4 1 33 270
17 48 34 41 -8 24 0 0.00 M M 7.9 17 50 M M 6 21 40
18 47 37 42 -7 23 0 2.39 M M 9.5 20 70 M M 10 1 23 60
19 50 35 43 -6 22 0 0.70 M M 7.3 15 350 M M 8 12 18 10
20 53 31 42 -8 23 0 0.00 M M 4.7 15 270 M M 2 18 26 330
21 51 31 41 -9 24 0 0.00 M M 7.0 15 80 M M 1 19 80
22 68 40 54 4 11 0 0.27 M M 6.9 23 210 M M 10 12 33 220
23 68 39 54 4 11 0 0.00 M M 6.9 20 240 M M 0 12 24 230
24 75 36 56 6 9 0 0.00 M M 6.0 18 220 M M 0 26 260
25 75 41 58 7 7 0 0.00 M M 5.9 14 140 M M 1 16 150
26 61 46 54 3 11 0 0.00 M M 8.1 16 100 M M 5 20 110
27 80 46 63 12 2 0 0.00 M M 5.0 17 230 M M 4 1 26 220
28 84 58 71 20 0 6 0.00 M M 9.2 23 220 M M 6 12 30 220
================================================================================
SM 1632 1092 458 6 7.24 M 211.3 M 164
================================================================================
AV 58.3 39.0 7.5 FASTST M M 6 MAX(MPH)
MISC ----> 31 70 37 70
================================================================================
NOTES:
# LAST OF SEVERAL OCCURRENCES
COLUMN 17 PEAK WIND IN M.P.H.
PRELIMINARY LOCAL CLIMATOLOGICAL DATA (WS FORM: F-6) , PAGE 2
STATION: FLORENCE SOUTH CAROLINA
MONTH: FEBRUARY
YEAR: 2021
LATITUDE: 34 10 N
LONGITUDE: 79 43 W
[TEMPERATURE DATA] [PRECIPITATION DATA] SYMBOLS USED IN COLUMN 16
AVERAGE MONTHLY: 48.6 TOTAL FOR MONTH: 7.24 1 = FOG OR MIST
DPTR FM NORMAL: 0.1 DPTR FM NORMAL: 4.32 2 = FOG REDUCING VISIBILITY
HIGHEST: 84 ON 28 GRTST 24HR 3.00 ON 18-19 TO 1/4 MILE OR LESS
LOWEST: 22 ON 4 3 = THUNDER
SNOW, ICE PELLETS, HAIL 4 = ICE PELLETS
TOTAL MONTH: M 5 = HAIL
GRTST 24HR M ON M 6 = FREEZING RAIN OR DRIZZLE
GRTST DEPTH: M ON M 7 = DUSTSTORM OR SANDSTORM:
VSBY 1/2 MILE OR LESS
8 = SMOKE OR HAZE
[NO. OF DAYS WITH] [WEATHER - DAYS WITH] 9 = BLOWING SNOW
X = TORNADO
MAX 32 OR BELOW: 0 0.01 INCH OR MORE: 13
MAX 90 OR ABOVE: 0 0.10 INCH OR MORE: 11
MIN 32 OR BELOW: 5 0.50 INCH OR MORE: 4
MIN 0 OR BELOW: 0 1.00 INCH OR MORE: 2
[HDD (BASE 65) ]
TOTAL THIS MO. 458 CLEAR (SCALE 0-3) 8
DPTR FM NORMAL -6 PTCLDY (SCALE 4-7) 10
TOTAL FM JUL 1 1864 CLOUDY (SCALE 8-10) 10
DPTR FM NORMAL -202
[CDD (BASE 65) ]
TOTAL THIS MO. 6
DPTR FM NORMAL 2 [PRESSURE DATA]
TOTAL FM JAN 1 6 HIGHEST SLP 30.59 ON 21
DPTR FM NORMAL 4 LOWEST SLP 29.68 ON 1
[REMARKS]
#FINAL-02-21#