000
CXUS52 KILM 011000
CF6FLO
PRELIMINARY LOCAL CLIMATOLOGICAL DATA (WS FORM: F-6)

                                          STATION:   FLORENCE SOUTH  CAROLINA
                                          MONTH:     JANUARY
                                          YEAR:      2018
                                          LATITUDE:   34 10 N
                                          LONGITUDE:  79 43 W

  TEMPERATURE IN F:       :PCPN:    SNOW:  WIND      :SUNSHINE: SKY     :PK WND
================================================================================
1   2   3   4   5  6A  6B    7    8   9   10  11  12  13   14  15   16   17  18
                                     12Z  AVG MX 2MIN
DY MAX MIN AVG DEP HDD CDD  WTR  SNW DPTH SPD SPD DIR MIN PSBL S-S WX    SPD DR
================================================================================

 1  31  20  26 -19  39   0 0.00    M    M 11.5 22  10   M    M   4        29  50
 2  35  15  25 -20  40   0 0.00    M    M  7.3 16  50   M    M   0        22  50
 3  32  18  25 -20  40   0 0.10    M    M  8.7 16 350   M    M   6 12     22 340
 4  37  18  28 -17  37   0    T    M    M  9.7 23 320   M    M   0        31 280
 5  35  10  23 -21  42   0 0.00    M    M  5.8 15 280   M    M   0        20 270
 6  32  16  24 -20  41   0 0.00    M    M  6.7 13 360   M    M   0        17 330
 7  32   8  20 -24  45   0 0.00    M    M  4.2 12  80   M    M   0        16  30
 8  54  17  36  -8  29   0 0.00    M    M  3.5  9 100   M    M   1        10 100
 9  68  34  51   7  14   0 0.00    M    M  2.2  8  30   M    M   1        10 360
10  68  40  54  10  11   0 0.00    M    M  6.9 12  70   M    M   2        15  70
11  77  51  64  20   1   0 0.03    M    M 11.7 25 130   M    M   9 1      32 160
12  75  59  67  22   0   2 0.43    M    M 11.6 22 230   M    M   9 1      31 230
13  59  34  47   2  18   0 0.00    M    M 13.6 24 260   M    M   6        30 260
14  41  26  34 -11  31   0 0.00    M    M  9.2 16  40   M    M   0        22  40
15  43  23  33 -12  32   0 0.00    M    M  6.0 13 350   M    M   0        17 350
16  53  23  38  -7  27   0 0.00    M    M  1.4  7 310   M    M   0 8      11 190
17  44  27  36  -9  29   0 0.03    M    M  7.5 21 350   M    M   9 18     28 350
18  45  19  32 -13  33   0 0.00    M    M  8.8 15 330   M    M   1        23 330
19  59  23  41  -4  24   0 0.00    M    M  3.8 13 240   M    M   0 8      16 250
20  62  27  45   0  20   0 0.00    M    M  5.3 13 270   M    M   0 8      16 280
21  70  33  52   7  13   0 0.00    M    M  1.0  8 250   M    M   0 18     13 210
22  67  36  52   7  13   0 0.00    M    M  3.7 13 170   M    M   3 1      15 160
23  74  51  63  18   2   0 0.20    M    M 15.3 28 260   M    M   5 1      39 260
24  60  35  48   3  17   0 0.00    M    M  6.7 20 360   M    M   0        28 320
25  54  27  41  -4  24   0 0.00    M    M  4.3 15  30   M    M   0 8      19  30
26  59  27  43  -3  22   0 0.00    M    M  4.6 14 120   M    M   0        20 120
27  68  40  54   8  11   0 0.00    M    M  6.0 18 150   M    M   5        22 150
28  62  55  59  13   6   0 0.89    M    M  3.5  8 130   M    M  10 1      10 130
29  59  38  49   3  16   0 0.49    M    M 11.3 20 360   M    M   8 1      28 330
30  48  32  40  -6  25   0 0.00    M    M 10.0 24 340   M    M   M        31 350
31  51  22  37  -9  28   0 0.00    M    M  4.3 13 170   M    M   0        16 180
================================================================================
SM 1654  904       730   2  2.17    M    216.1          M       79
================================================================================
AV 53.4 29.2                               7.0 FASTST   M    M   3    MAX(MPH)
                                 MISC ---->  # 28 260               # 39  260
================================================================================
NOTES:
# LAST OF SEVERAL OCCURRENCES

COLUMN 17 PEAK WIND IN M.P.H.

PRELIMINARY LOCAL CLIMATOLOGICAL DATA (WS FORM: F-6) , PAGE 2

                                          STATION:  FLORENCE SOUTH  CAROLINA
                                          MONTH:    JANUARY
                                          YEAR:     2018
                                          LATITUDE:   34 10 N
                                          LONGITUDE:  79 43 W

[TEMPERATURE DATA]      [PRECIPITATION DATA]       SYMBOLS USED IN COLUMN 16

AVERAGE MONTHLY: 41.3   TOTAL FOR MONTH:   2.17    1 = FOG OR MIST
DPTR FM NORMAL:  -3.6   DPTR FM NORMAL:   -1.06    2 = FOG REDUCING VISIBILITY
HIGHEST:    77 ON 11    GRTST 24HR  0.89 ON 28-28      TO 1/4 MILE OR LESS
LOWEST:      8 ON  7                               3 = THUNDER
                        SNOW, ICE PELLETS, HAIL    4 = ICE PELLETS
                        TOTAL MONTH:    M          5 = HAIL
                        GRTST 24HR    M  ON   M    6 = FREEZING RAIN OR DRIZZLE
                        GRTST DEPTH:  M  ON   M    7 = DUSTSTORM OR SANDSTORM:
                                                       VSBY 1/2 MILE OR LESS
                                                   8 = SMOKE OR HAZE
[NO. OF DAYS WITH]      [WEATHER - DAYS WITH]      9 = BLOWING SNOW
                                                   X = TORNADO
MAX 32 OR BELOW:   4    0.01 INCH OR MORE:   7
MAX 90 OR ABOVE:   0    0.10 INCH OR MORE:   5
MIN 32 OR BELOW:  19    0.50 INCH OR MORE:   1
MIN  0 OR BELOW:   0    1.00 INCH OR MORE:   0

[HDD (BASE 65) ]
TOTAL THIS MO.   730    CLEAR  (SCALE 0-3)  20
DPTR FM NORMAL   107    PTCLDY (SCALE 4-7)   5
TOTAL FM JUL 1  1666    CLOUDY (SCALE 8-10)  5
DPTR FM NORMAL    64

[CDD (BASE 65) ]
TOTAL THIS MO.     2
DPTR FM NORMAL     0    [PRESSURE DATA]
TOTAL FM JAN 1     2    HIGHEST SLP 30.71 ON 26
DPTR FM NORMAL     2    LOWEST  SLP 29.60 ON 12

[REMARKS]
#FINAL-01-18#
