000
CXUS55 KBOU 011000
CF6FNL
PRELIMINARY LOCAL CLIMATOLOGICAL DATA (WS FORM: F-6)
STATION: FT COLLINS/LOVELAND CO
MONTH: FEBRUARY
YEAR: 2021
LATITUDE: 40 27 N
LONGITUDE: 105 1 W
TEMPERATURE IN F: :PCPN: SNOW: WIND :SUNSHINE: SKY :PK WND
================================================================================
1 2 3 4 5 6A 6B 7 8 9 10 11 12 13 14 15 16 17 18
12Z AVG MX 2MIN
DY MAX MIN AVG DEP HDD CDD WTR SNW DPTH SPD SPD DIR MIN PSBL S-S WX SPD DR
================================================================================
1 51 20 36 M 29 0 0.00 M M 2.5 8 20 M M 0 M M
2 63 25 44 M 21 0 0.00 M M 3.5 9 360 M M 0 M M
3 59 27 43 M 22 0 0.00 M M 13.6 31 330 M M 0 49 330
4 43 18 31 M 34 0 0.00 M M 9.9 24 330 M M 1 36 300
5 44 21 33 M 32 0 0.00 M M 6.7 13 90 M M 5 M M
6 36 20 28 M 37 0 0.00 M M 12.3 25 330 M M 3 40 310
7 54 10 32 M 33 0 T M M 9.8 33 90 M M 4 51 110
8 30 9 20 M 45 0 T M M 5.3 10 130 M M 5 M M
9 28 8 18 M 47 0 T M M 4.1 9 120 M M 4 M M
10 24 10 17 M 48 0 T M M 7.3 14 80 M M 8 M M
11 20 3 12 M 53 0 T M M 8.1 13 60 M M 10 M M
12 7 -2 3 M 62 0 T M M 10.2 15 360 M M 10 M M
13 4 -4 0 M 65 0 T M M 7.8 15 30 M M 9 1 M M
14 4 -11 -3 M 68 0 0.09 M M 6.6 12 80 M M 6 8 M M
15 16 -12 2 M 63 0 T M M 2.1 6 120 M M 2 1 M M
16 36 -5 16 M 49 0 0.01 M M 3.5 8 110 M M 4 1 M M
17 37 20 29 M 36 0 0.01 M M 4.1 13 70 M M 9 1 17 70
18 39 11 25 M 40 0 0.09 M M 2.6 7 100 M M 6 12 M M
19 45 6 26 M 39 0 0.00 M M 8.0 28 320 M M 0 1 40 310
20 45 16 31 M 34 0 0.00 M M 7.2 14 50 M M 2 M M
21 46 24 35 M 30 0 0.00 M M 7.9 20 340 M M 1 30 350
22 62 22 42 M 23 0 0.00 M M 6.2 17 320 M M 0 M M
23 62 23 43 M 22 0 0.00 M M 8.2 22 250 M M 0 33 270
24 44 20 32 M 33 0 0.03 M M 8.6 16 30 M M 4 1 23 50
25 40 17 29 M 36 0 0.03 M M 3.5 8 10 M M 5 1 M M
26 45 12 29 M 36 0 0.00 M M 6.7 16 250 M M 1 26 250
27 41 22 32 M 33 0 T M M 11.4 22 290 M M 5 32 300
28 41 15 28 M 37 0 0.00 M M 5.8 17 280 M M 0 25 280
================================================================================
SM 1066 345 1107 0 0.26 M 193.5 M 104
================================================================================
AV 38.1 12.3 6.9 FASTST M M 4 MAX(MPH)
MISC ----> 33 90 51 110
================================================================================
NOTES:
# LAST OF SEVERAL OCCURRENCES
COLUMN 17 PEAK WIND IN M.P.H.
PRELIMINARY LOCAL CLIMATOLOGICAL DATA (WS FORM: F-6) , PAGE 2
STATION: FT COLLINS/LOVELAND CO
MONTH: FEBRUARY
YEAR: 2021
LATITUDE: 40 27 N
LONGITUDE: 105 1 W
[TEMPERATURE DATA] [PRECIPITATION DATA] SYMBOLS USED IN COLUMN 16
AVERAGE MONTHLY: 25.2 TOTAL FOR MONTH: 0.26 1 = FOG OR MIST
DPTR FM NORMAL: 0.0 DPTR FM NORMAL: 0.26 2 = FOG REDUCING VISIBILITY
HIGHEST: 63 ON 2 GRTST 24HR 0.10 ON 17-18 TO 1/4 MILE OR LESS
LOWEST: -12 ON 15 3 = THUNDER
SNOW, ICE PELLETS, HAIL 4 = ICE PELLETS
TOTAL MONTH: M 5 = HAIL
GRTST 24HR M ON M 6 = FREEZING RAIN OR DRIZZLE
GRTST DEPTH: M ON M 7 = DUSTSTORM OR SANDSTORM:
VSBY 1/2 MILE OR LESS
8 = SMOKE OR HAZE
[NO. OF DAYS WITH] [WEATHER - DAYS WITH] 9 = BLOWING SNOW
X = TORNADO
MAX 32 OR BELOW: 8 0.01 INCH OR MORE: 6
MAX 90 OR ABOVE: 0 0.10 INCH OR MORE: 0
MIN 32 OR BELOW: 28 0.50 INCH OR MORE: 0
MIN 0 OR BELOW: 5 1.00 INCH OR MORE: 0
[HDD (BASE 65) ]
TOTAL THIS MO. 1107 CLEAR (SCALE 0-3) 13
DPTR FM NORMAL M PTCLDY (SCALE 4-7) 10
TOTAL FM JUL 1 4550 CLOUDY (SCALE 8-10) 5
DPTR FM NORMAL M
[CDD (BASE 65) ]
TOTAL THIS MO. 0
DPTR FM NORMAL M [PRESSURE DATA]
TOTAL FM JAN 1 0 HIGHEST SLP 30.51 ON 14
DPTR FM NORMAL M LOWEST SLP 29.67 ON 27
[REMARKS]
#FINAL-02-21#