000
CXUS55 KBOU 011000
CF6FNL
PRELIMINARY LOCAL CLIMATOLOGICAL DATA (WS FORM: F-6)
STATION: FT COLLINS/LOVELAND CO
MONTH: JANUARY
YEAR: 2024
LATITUDE: 40 27 N
LONGITUDE: 105 1 W
TEMPERATURE IN F: :PCPN: SNOW: WIND :SUNSHINE: SKY :PK WND
================================================================================
1 2 3 4 5 6A 6B 7 8 9 10 11 12 13 14 15 16 17 18
12Z AVG MX 2MIN
DY MAX MIN AVG DEP HDD CDD WTR SNW DPTH SPD SPD DIR MIN PSBL S-S WX SPD DR
================================================================================
1 55 18 37 M 28 0 M M M 2.6 7 60 M M 2 1 M M
2 47 22 35 M 30 0 M M M 2.6 7 180 M M 0 M M
3 49 19 34 M 31 0 M M M 5.3 13 170 M M 0 M M
4 30 19 25 M 40 0 M M M 4.9 9 20 M M 6 1 M M
5 42 18 30 M 35 0 M M M 6.1 18 360 M M 7 22 360
6 42 20 31 M 34 0 M M M 6.7 14 20 M M 1 M M
7 42 18 30 M 35 0 M M M 5.6 10 10 M M 3 M M
8 31 14 23 M 42 0 M M M 17.9 27 340 M M 3 38 340
9 37 6 22 M 43 0 M M M 5.6 14 280 M M 0 35 280
10 41 23 32 M 33 0 M M M 16.1 32 270 M M 0 43 280
11 28 4 16 M 49 0 M M M 10.1 22 30 M M 2 30 30
12 36 -2 17 M 48 0 M M M 10.7 24 240 M M 3 1 36 80
13 -2 -15 -8 M 73 0 M M M 6.6 13 50 M M 6 18 M M
14 8 -6 1 M 64 0 M M M 3.2 9 130 M M 5 M M
15 3 -14 -5 M 70 0 M M M 9.2 23 10 M M 6 8 29 10
16 23 -22 1 M 64 0 M M M 3.4 9 150 M M 0 M M
17 41 2 22 M 43 0 M M M 5.5 9 110 M M 0 M M
18 45 10 28 M 37 0 M M M 10.2 32 40 M M 5 43 40
19 30 6 18 M 47 0 M M M 4.0 9 120 M M 3 M M
20 31 12 22 M 43 0 M M M 1.2 5 10 M M 1 M M
21 43 18 31 M 34 0 M M M 2.8 7 210 M M 2 M M
22 49 26 38 M 27 0 M M M 2.6 6 120 M M 5 M M
23 52 24 38 M 27 0 M M M 4.7 14 110 M M 4 M M
24 49 27 38 M 27 0 M M M 2.4 7 20 M M 7 M M
25 50 22 36 M 29 0 M M M 4.5 8 80 M M 2 M M
26 48 29 39 M 26 0 M M M 3.8 10 50 M M 8 M M
27 52 19 36 M 29 0 M M M 2.4 8 170 M M 0 M M
28 62 22 42 M 23 0 M M M 4.3 10 20 M M 0 M M
29 63 29 46 M 19 0 M M M 5.6 10 100 M M 0 M M
30 61 28 45 M 20 0 M M M 4.0 8 10 M M 0 M M
31 62 25 44 M 21 0 M M M 3.3 8 20 M M 0 M M
================================================================================
SM 1250 421 1171 0 M M 178.1 M 81
================================================================================
AV 40.3 13.6 5.7 FASTST M M 3 MAX(MPH)
MISC ----> 32 40 43 280
================================================================================
NOTES:
# LAST OF SEVERAL OCCURRENCES
COLUMN 17 PEAK WIND IN M.P.H.
PRELIMINARY LOCAL CLIMATOLOGICAL DATA (WS FORM: F-6) , PAGE 2
STATION: FT COLLINS/LOVELAND CO
MONTH: JANUARY
YEAR: 2024
LATITUDE: 40 27 N
LONGITUDE: 105 1 W
[TEMPERATURE DATA] [PRECIPITATION DATA] SYMBOLS USED IN COLUMN 16
AVERAGE MONTHLY: 27.0 TOTAL FOR MONTH: M 1 = FOG OR MIST
DPTR FM NORMAL: 0.0 DPTR FM NORMAL: M 2 = FOG REDUCING VISIBILITY
HIGHEST: 63 ON 29 GRTST 24HR 0.09 ON 12-13 TO 1/4 MILE OR LESS
LOWEST: -22 ON 16 3 = THUNDER
SNOW, ICE PELLETS, HAIL 4 = ICE PELLETS
TOTAL MONTH: M 5 = HAIL
GRTST 24HR M ON M 6 = FREEZING RAIN OR DRIZZLE
GRTST DEPTH: M ON M 7 = DUSTSTORM OR SANDSTORM:
VSBY 1/2 MILE OR LESS
8 = SMOKE OR HAZE
[NO. OF DAYS WITH] [WEATHER - DAYS WITH] 9 = BLOWING SNOW
X = TORNADO
MAX 32 OR BELOW: 9 0.01 INCH OR MORE: 0
MAX 90 OR ABOVE: 0 0.10 INCH OR MORE: 0
MIN 32 OR BELOW: 31 0.50 INCH OR MORE: 0
MIN 0 OR BELOW: 5 1.00 INCH OR MORE: 0
[HDD (BASE 65) ]
TOTAL THIS MO. 1171 CLEAR (SCALE 0-3) 18
DPTR FM NORMAL M PTCLDY (SCALE 4-7) 12
TOTAL FM JUL 1 3196 CLOUDY (SCALE 8-10) 1
DPTR FM NORMAL M
[CDD (BASE 65) ]
TOTAL THIS MO. 0
DPTR FM NORMAL M [PRESSURE DATA]
TOTAL FM JAN 1 0 HIGHEST SLP 30.58 ON 15
DPTR FM NORMAL M LOWEST SLP 29.39 ON 11
[REMARKS]
#FINAL-01-24#