000
CXUS55 KBOU 011000
CF6FNL
PRELIMINARY LOCAL CLIMATOLOGICAL DATA (WS FORM: F-6)
STATION: FT COLLINS/LOVELAND CO
MONTH: DECEMBER
YEAR: 2023
LATITUDE: 40 27 N
LONGITUDE: 105 1 W
TEMPERATURE IN F: :PCPN: SNOW: WIND :SUNSHINE: SKY :PK WND
================================================================================
1 2 3 4 5 6A 6B 7 8 9 10 11 12 13 14 15 16 17 18
12Z AVG MX 2MIN
DY MAX MIN AVG DEP HDD CDD WTR SNW DPTH SPD SPD DIR MIN PSBL S-S WX SPD DR
================================================================================
1 35 18 27 M 38 0 M M M 3.1 8 40 M M 1 1 M M
2 39 17 28 M 37 0 M M M 8.5 23 310 M M 0 39 290
3 42 28 35 M 30 0 M M M 13.3 37 310 M M 3 51 320
4 57 20 39 M 26 0 M M M 8.2 20 330 M M 0 27 330
5 58 24 41 M 24 0 M M M 2.7 7 150 M M 0 M M
6 66 29 48 M 17 0 M M M 2.7 7 170 M M 0 M M
7 61 29 45 M 20 0 M M M 14.6 33 250 M M 1 54 270
8 43 29 36 M 29 0 M M M 6.9 17 20 M M 6 21 20
9 41 18 30 M 35 0 M M M 9.6 20 330 M M 6 26 330
10 49 16 33 M 32 0 M M M 4.7 9 130 M M 3 16 99
11 51 27 39 M 26 0 M M M 4.1 13 10 M M 7 M M
12 35 29 32 M 33 0 M M M 5.2 10 120 M M 10 M M
13 36 28 32 M 33 0 M M M 3.7 9 140 M M 10 1 M M
14 36 23 30 M 35 0 M M M 3.9 7 80 M M 8 12 M M
15 54 21 38 M 27 0 M M M 6.5 21 350 M M 1 12 26 350
16 58 21 40 M 25 0 M M M 2.6 9 60 M M 0 M M
17 64 28 46 M 19 0 M M M 5.2 22 10 M M 0 28 10
18 49 20 35 M 30 0 M M M 3.5 8 30 M M 0 M M
19 62 28 45 M 20 0 M M M 4.5 10 360 M M 1 M M
20 59 32 46 M 19 0 M M M 4.8 12 30 M M 4 M M
21 59 32 46 M 19 0 M M M 4.8 8 190 M M 2 M M
22 55 24 40 M 25 0 M M M 3.6 8 20 M M 0 M M
23 53 32 43 M 22 0 M M M 6.6 23 20 M M 6 1 32 360
24 34 19 27 M 38 0 M M M 16.9 25 10 M M 8 36 360
25 32 11 22 M 43 0 M M M 9.0 28 340 M M 3 45 330
26 41 30 36 M 29 0 M M M 26.0 32 340 M M 9 47 350
27 50 25 38 M 27 0 M M M 12.1 18 360 M M 4 31 10
28 49 17 33 M 32 0 M M M 4.0 7 40 M M 0 M M
29 56 19 38 M 27 0 M M M 4.3 13 180 M M 0 M M
30 56 22 39 M 26 0 M M M 3.7 7 160 M M 0 M M
31 38 20 29 M 36 0 M M M 3.6 7 40 M M 0 M M
================================================================================
SM 1518 736 879 0 M M 212.9 M 93
================================================================================
AV 49.0 23.7 6.9 FASTST M M 3 MAX(MPH)
MISC ----> 37 310 54 270
================================================================================
NOTES:
# LAST OF SEVERAL OCCURRENCES
COLUMN 17 PEAK WIND IN M.P.H.
PRELIMINARY LOCAL CLIMATOLOGICAL DATA (WS FORM: F-6) , PAGE 2
STATION: FT COLLINS/LOVELAND CO
MONTH: DECEMBER
YEAR: 2023
LATITUDE: 40 27 N
LONGITUDE: 105 1 W
[TEMPERATURE DATA] [PRECIPITATION DATA] SYMBOLS USED IN COLUMN 16
AVERAGE MONTHLY: 36.4 TOTAL FOR MONTH: M 1 = FOG OR MIST
DPTR FM NORMAL: 0.0 DPTR FM NORMAL: M 2 = FOG REDUCING VISIBILITY
HIGHEST: 66 ON 6 GRTST 24HR 0.09 ON 23-23 TO 1/4 MILE OR LESS
LOWEST: 11 ON 25 3 = THUNDER
SNOW, ICE PELLETS, HAIL 4 = ICE PELLETS
TOTAL MONTH: M 5 = HAIL
GRTST 24HR M ON M 6 = FREEZING RAIN OR DRIZZLE
GRTST DEPTH: M ON M 7 = DUSTSTORM OR SANDSTORM:
VSBY 1/2 MILE OR LESS
8 = SMOKE OR HAZE
[NO. OF DAYS WITH] [WEATHER - DAYS WITH] 9 = BLOWING SNOW
X = TORNADO
MAX 32 OR BELOW: 1 0.01 INCH OR MORE: 0
MAX 90 OR ABOVE: 0 0.10 INCH OR MORE: 0
MIN 32 OR BELOW: 31 0.50 INCH OR MORE: 0
MIN 0 OR BELOW: 0 1.00 INCH OR MORE: 0
[HDD (BASE 65) ]
TOTAL THIS MO. 879 CLEAR (SCALE 0-3) 20
DPTR FM NORMAL M PTCLDY (SCALE 4-7) 8
TOTAL FM JUL 1 2025 CLOUDY (SCALE 8-10) 3
DPTR FM NORMAL M
[CDD (BASE 65) ]
TOTAL THIS MO. 0
DPTR FM NORMAL M [PRESSURE DATA]
TOTAL FM JAN 1 663 HIGHEST SLP 30.51 ON 13
DPTR FM NORMAL M LOWEST SLP 29.57 ON 7
[REMARKS]
#FINAL-12-23#