000
CXUS52 KMLB 010623
CF6FPR
PRELIMINARY LOCAL CLIMATOLOGICAL DATA (WS FORM: F-6)
STATION: FORT PIERCE
MONTH: JUNE
YEAR: 2021
LATITUDE: 27 30 N
LONGITUDE: 80 22 W
TEMPERATURE IN F: :PCPN: SNOW: WIND :SUNSHINE: SKY :PK WND
================================================================================
1 2 3 4 5 6A 6B 7 8 9 10 11 12 13 14 15 16 17 18
12Z AVG MX 2MIN
DY MAX MIN AVG DEP HDD CDD WTR SNW DPTH SPD SPD DIR MIN PSBL S-S WX SPD DR
================================================================================
1 85 72 79 1 0 14 0.05 0.0 0 8.4 18 110 M M 3 24 110
2 85 69 77 -1 0 12 1.78 0.0 0 6.2 21 140 M M 5 18 24 110
3 88 72 80 1 0 15 0.01 0.0 0 8.1 26 120 M M 2 13 32 120
4 87 74 81 2 0 16 T 0.0 0 9.5 22 130 M M 5 3 29 130
5 88 71 80 1 0 15 0.13 0.0 0 11.0 22 130 M M 1 8 30 120
6 89 79 84 5 0 19 0.10 0.0 0 14.4 26 120 M M 4 32 130
7 88 74 81 2 0 16 0.00 0.0 0 12.1 21 130 M M 3 26 100
8 88 72 80 1 0 15 0.14 0.0 0 9.7 20 120 M M 3 1 25 130
9 87 76 82 3 0 17 0.00 0.0 0 9.6 16 100 M M 1 22 90
10 88 70 79 0 0 14 0.00 0.0 0 8.7 18 110 M M 1 24 130
11 92 70 81 1 0 16 0.03 0.0 0 8.0 21 130 M M 2 138 24 140
12 94 75 85 5 0 20 T 0.0 0 5.1 15 150 M M 4 3 22 210
13 95 73 84 4 0 19 T 0.0 0 6.3 18 110 M M 2 3 21 270
14 93 71 82 2 0 17 T 0.0 0 8.0 23 180 M M 1 30 210
15 93 74 84 4 0 19 0.47 0.0 0 8.5 24 280 M M 2 38 32 280
16 90 71 81 1 0 16 2.03 0.0 0 6.1 22 160 M M 3 123 31 170
17 89 71 80 0 0 15 0.01 0.0 0 3.4 10 230 M M 4 16 280
18 87 73 80 0 0 15 0.00 0.0 0 5.2 12 120 M M 0 15 110
19 89 77 83 3 0 18 0.02 0.0 0 10.1 20 130 M M 2 8 24 130
20 95 75 85 5 0 20 0.24 0.0 0 4.6 18 150 M M 2 13 22 240
21 92 74 83 3 0 18 0.15 0.0 0 6.3 21 210 M M 2 3 30 210
22 90 74 82 1 0 17 0.56 0.0 0 5.3 21 150 M M 2 3 25 150
23 90 73 82 1 0 17 0.00 0.0 0 4.0 24 170 M M 2 3 32 160
24 88 70 79 -2 0 14 0.11 0.0 0 4.6 16 90 M M 3 22 140
25 86 74 80 -1 0 15 0.06 0.0 0 6.8 17 130 M M 2 13 21 70
26 86 78 82 1 0 17 0.09 0.0 0 8.2 21 110 M M 2 3 25 120
27 88 76 82 1 0 17 0.01 0.0 0 10.1 18 100 M M 1 23 70
28 88 75 82 1 0 17 0.06 0.0 0 7.4 21 130 M M 2 24 130
29 88 75 82 1 0 17 0.26 0.0 0 6.8 22 120 M M 3 13 26 120
30 86 74 80 -1 0 15 0.32 0.0 0 6.6 21 110 M M 2 138 24 100
================================================================================
SM 2672 2202 0 492 6.63 0.0 229.1 M 71
================================================================================
AV 89.1 73.4 7.6 FASTST M M 2 MAX(MPH)
MISC ----> # 26 120 # 32 120
================================================================================
NOTES:
# LAST OF SEVERAL OCCURRENCES
COLUMN 17 PEAK WIND IN M.P.H.
PRELIMINARY LOCAL CLIMATOLOGICAL DATA (WS FORM: F-6) , PAGE 2
STATION: FORT PIERCE
MONTH: JUNE
YEAR: 2021
LATITUDE: 27 30 N
LONGITUDE: 80 22 W
[TEMPERATURE DATA] [PRECIPITATION DATA] SYMBOLS USED IN COLUMN 16
AVERAGE MONTHLY: 81.2 TOTAL FOR MONTH: 6.63 1 = FOG OR MIST
DPTR FM NORMAL: 1.3 DPTR FM NORMAL: -0.06 2 = FOG REDUCING VISIBILITY
HIGHEST: 95 ON 20,13 GRTST 24HR 2.08 ON 15-16 TO 1/4 MILE OR LESS
LOWEST: 69 ON 2 3 = THUNDER
SNOW, ICE PELLETS, HAIL 4 = ICE PELLETS
TOTAL MONTH: 0.0 INCH 5 = HAIL
GRTST 24HR 0.0 6 = FREEZING RAIN OR DRIZZLE
GRTST DEPTH: 0 7 = DUSTSTORM OR SANDSTORM:
VSBY 1/2 MILE OR LESS
8 = SMOKE OR HAZE
[NO. OF DAYS WITH] [WEATHER - DAYS WITH] 9 = BLOWING SNOW
X = TORNADO
MAX 32 OR BELOW: 0 0.01 INCH OR MORE: 21
MAX 90 OR ABOVE: 10 0.10 INCH OR MORE: 12
MIN 32 OR BELOW: 0 0.50 INCH OR MORE: 3
MIN 0 OR BELOW: 0 1.00 INCH OR MORE: 2
[HDD (BASE 65) ]
TOTAL THIS MO. 0 CLEAR (SCALE 0-3) 23
DPTR FM NORMAL 0 PTCLDY (SCALE 4-7) 7
TOTAL FM JUL 1 346 CLOUDY (SCALE 8-10) 0
DPTR FM NORMAL -71
[CDD (BASE 65) ]
TOTAL THIS MO. 492
DPTR FM NORMAL 45 [PRESSURE DATA]
TOTAL FM JAN 1 1491 HIGHEST SLP M ON M
DPTR FM NORMAL 221 LOWEST SLP 29.26 ON 22
[REMARKS]
#FINAL-06-21#