000
CXUS52 KMLB 010736
CF6FPR
PRELIMINARY LOCAL CLIMATOLOGICAL DATA (WS FORM: F-6)
STATION: FORT PIERCE
MONTH: JANUARY
YEAR: 2021
LATITUDE: 27 30 N
LONGITUDE: 80 22 W
TEMPERATURE IN F: :PCPN: SNOW: WIND :SUNSHINE: SKY :PK WND
================================================================================
1 2 3 4 5 6A 6B 7 8 9 10 11 12 13 14 15 16 17 18
12Z AVG MX 2MIN
DY MAX MIN AVG DEP HDD CDD WTR SNW DPTH SPD SPD DIR MIN PSBL S-S WX SPD DR
================================================================================
1 83 65 74 12 0 9 0.00 0.0 0 12.3 24 140 M M 2 1 29 140
2 83 68 76 14 0 11 0.00 0.0 0 8.3 17 130 M M 3 23 150
3 83 64 74 12 0 9 0.00 0.0 0 7.3 18 220 M M 5 26 220
4 71 46 59 -3 6 0 0.00 0.0 0 5.2 12 310 M M 4 16 300
5 71 42 57 -5 8 0 0.00 0.0 0 5.0 14 320 M M 0 1 18 320
6 72 45 59 -3 6 0 0.00 0.0 0 4.7 10 30 M M 0 16 50
7 75 48 62 0 3 0 0.00 0.0 0 5.6 16 130 M M 3 1 20 140
8 75 53 64 2 1 0 T 0.0 0 11.8 24 270 M M 5 33 270
9 62 41 52 -10 13 0 0.00 0.0 0 6.1 17 290 M M 3 23 290
10 67 39 53 -9 12 0 0.00 0.0 0 4.8 12 10 M M 0 17 20
11 77 52 65 4 0 0 0.00 0.0 0 4.1 16 120 M M 1 19 120
12 72 59 66 5 0 1 0.01 0.0 0 3.8 12 310 M M 4 1 16 310
13 66 54 60 -1 5 0 0.03 0.0 0 4.1 8 320 M M 4 1 14 330
14 69 44 57 -4 8 0 0.00 0.0 0 4.7 14 310 M M 4 18 19 300
15 74 41 58 -3 7 0 0.03 0.0 0 4.7 15 210 M M 1 1 19 210
16 68 41 55 -6 10 0 T 0.0 0 7.2 26 280 M M 4 1 38 280
17 65 38 52 -9 13 0 0.00 0.0 0 2.0 10 270 M M 3 1 14 270
18 67 43 55 -6 10 0 0.00 0.0 0 3.2 12 60 M M 2 17 300
19 72 41 57 -4 8 0 0.00 0.0 0 4.3 12 30 M M 0 17 20
20 73 45 59 -2 6 0 0.00 0.0 0 3.5 12 70 M M 0 1 16 40
21 80 44 62 1 3 0 0.00 0.0 0 5.2 14 230 M M 0 1 19 260
22 81 48 65 3 0 0 0.00 0.0 0 4.9 16 230 M M 0 1 22 220
23 81 53 67 5 0 2 T 0.0 0 4.4 12 30 M M 5 12 18 360
24 78 63 71 9 0 6 0.00 0.0 0 8.4 16 120 M M 6 20 120
25 80 67 74 12 0 9 0.00 0.0 0 10.9 21 130 M M 2 31 130
26 85 56 71 9 0 6 0.00 0.0 0 5.2 15 120 M M 2 12 21 190
27 86 57 72 10 0 7 0.00 0.0 0 5.7 17 300 M M 2 12 23 240
28 71 50 61 -1 4 0 0.00 0.0 0 10.6 20 330 M M 4 28 20
29 68 45 57 -5 8 0 0.00 0.0 0 6.3 15 20 M M 1 21 10
30 73 44 59 -3 6 0 0.00 0.0 0 7.2 18 130 M M 2 24 120
31 81 51 66 4 0 1 0.00 0.0 0 6.9 16 210 M M 4 23 170
================================================================================
SM 2309 1547 137 61 0.07 0.0 188.4 M 76
================================================================================
AV 74.5 49.9 6.1 FASTST M M 2 MAX(MPH)
MISC ----> 26 280 38 280
================================================================================
NOTES:
# LAST OF SEVERAL OCCURRENCES
COLUMN 17 PEAK WIND IN M.P.H.
PRELIMINARY LOCAL CLIMATOLOGICAL DATA (WS FORM: F-6) , PAGE 2
STATION: FORT PIERCE
MONTH: JANUARY
YEAR: 2021
LATITUDE: 27 30 N
LONGITUDE: 80 22 W
[TEMPERATURE DATA] [PRECIPITATION DATA] SYMBOLS USED IN COLUMN 16
AVERAGE MONTHLY: 62.2 TOTAL FOR MONTH: 0.07 1 = FOG OR MIST
DPTR FM NORMAL: 0.5 DPTR FM NORMAL: -2.50 2 = FOG REDUCING VISIBILITY
HIGHEST: 86 ON 27 GRTST 24HR 0.06 ON 23-23 TO 1/4 MILE OR LESS
LOWEST: 38 ON 17 3 = THUNDER
SNOW, ICE PELLETS, HAIL 4 = ICE PELLETS
TOTAL MONTH: 0.0 INCH 5 = HAIL
GRTST 24HR 0.0 6 = FREEZING RAIN OR DRIZZLE
GRTST DEPTH: 0 7 = DUSTSTORM OR SANDSTORM:
VSBY 1/2 MILE OR LESS
8 = SMOKE OR HAZE
[NO. OF DAYS WITH] [WEATHER - DAYS WITH] 9 = BLOWING SNOW
X = TORNADO
MAX 32 OR BELOW: 0 0.01 INCH OR MORE: 3
MAX 90 OR ABOVE: 0 0.10 INCH OR MORE: 0
MIN 32 OR BELOW: 0 0.50 INCH OR MORE: 0
MIN 0 OR BELOW: 0 1.00 INCH OR MORE: 0
[HDD (BASE 65) ]
TOTAL THIS MO. 137 CLEAR (SCALE 0-3) 19
DPTR FM NORMAL -22 PTCLDY (SCALE 4-7) 12
TOTAL FM JUL 1 271 CLOUDY (SCALE 8-10) 0
DPTR FM NORMAL -6
[CDD (BASE 65) ]
TOTAL THIS MO. 61
DPTR FM NORMAL 4 [PRESSURE DATA]
TOTAL FM JAN 1 61 HIGHEST SLP 30.35 ON 19
DPTR FM NORMAL 4 LOWEST SLP 29.82 ON 15
[REMARKS]
#FINAL-01-21#