000
CXUS54 KMAF 011110
CF6FST
PRELIMINARY LOCAL CLIMATOLOGICAL DATA (WS FORM: F-6)
STATION: FORT STOCKTON
MONTH: MARCH
YEAR: 2022
LATITUDE: 30 55 N
LONGITUDE: 102 55 W
TEMPERATURE IN F: :PCPN: SNOW: WIND :SUNSHINE: SKY :PK WND
================================================================================
1 2 3 4 5 6A 6B 7 8 9 10 11 12 13 14 15 16 17 18
12Z AVG MX 2MIN
DY MAX MIN AVG DEP HDD CDD WTR SNW DPTH SPD SPD DIR MIN PSBL S-S WX SPD DR
================================================================================
1 74 42 58 2 7 0 0.00 M M 9.1 16 120 M M 0 22 110
2 73 42 58 2 7 0 0.00 M M 8.5 17 110 M M 0 24 110
3 77 42 60 4 5 0 0.00 M M 10.0 20 160 M M 0 28 170
4 87 55 71 14 0 6 0.00 M M 13.8 24 150 M M 0 32 150
5 81 50 66 9 0 1 0.00 M M 7.5 25 170 M M 0 32 170
6 86 49 68 11 0 3 0.00 M M 15.9 29 320 M M 0 35 340
7 51 27 39 -18 26 0 0.00 M M 8.9 16 40 M M 0 22 50
8 59 29 44 -14 21 0 0.00 M M 6.9 18 330 M M 0 25 340
9 73 36 55 -3 10 0 0.00 M M 13.5 25 170 M M 0 34 160
10 74 41 58 0 7 0 0.00 M M 10.5 18 30 M M 0 23 30
11 49 25 37 -21 28 0 0.00 M M 13.8 25 340 M M 3 35 320
12 63 25 44 -15 21 0 0.00 M M 11.2 22 160 M M 0 29 160
13 76 32 54 -5 11 0 0.00 M M 11.9 24 160 M M 0 32 160
14 75 45 60 1 5 0 0.00 M M 16.2 36 350 M M 0 8 46 10
15 75 41 58 -2 7 0 0.00 M M 7.3 15 230 M M 0 17 230
16 88 49 69 9 0 4 0.00 M M 12.1 24 180 M M 0 31 180
17 76 45 61 1 4 0 0.00 M M 20.9 36 310 M M 4 8 49 320
18 62 35 49 -11 16 0 0.00 M M 6.8 18 330 M M 0 23 340
19 78 45 62 1 3 0 0.00 M M 10.3 23 150 M M 0 31 140
20 79 53 66 5 0 1 0.00 M M 23.2 37 150 M M 0 8 49 150
21 70 50 60 -1 5 0 0.00 M M 19.4 36 250 M M 1 8 49 160
22 57 41 49 -13 16 0 0.00 M M 18.4 31 320 M M 5 37 300
23 61 36 49 -13 16 0 T M M 11.2 31 280 M M 0 8 51 270
24 77 39 58 -4 7 0 0.00 M M 11.4 26 320 M M 0 31 320
25 85 51 68 6 0 3 0.00 M M 8.3 17 220 M M 0 8 20 220
26 90 48 69 6 0 4 0.00 M M 8.0 16 150 M M 0 21 150
27 94 52 73 10 0 8 0.00 0.0 0 M 24 150 M M M 30 160
28 91 55 73 10 0 8 0.00 M M 12.3 21 170 M M 0 27 150
29 92 59 76 12 0 11 0.00 M M 17.2 39 320 M M 2 8 52 320
30 70 51 61 -3 4 0 0.00 M M 15.5 38 310 M M 2 8 49 320
31 71 43 57 -7 8 0 0.00 M M 9.0 20 350 M M 0 26 290
================================================================================
SM 2314 1333 234 49 T 0.0 369.0 M 17
================================================================================
AV 74.6 43.0 12.3 FASTST M M 1 MAX(MPH)
MISC ----> 39 320 52 320
================================================================================
NOTES:
# LAST OF SEVERAL OCCURRENCES
COLUMN 17 PEAK WIND IN M.P.H.
PRELIMINARY LOCAL CLIMATOLOGICAL DATA (WS FORM: F-6) , PAGE 2
STATION: FORT STOCKTON
MONTH: MARCH
YEAR: 2022
LATITUDE: 30 55 N
LONGITUDE: 102 55 W
[TEMPERATURE DATA] [PRECIPITATION DATA] SYMBOLS USED IN COLUMN 16
AVERAGE MONTHLY: 58.8 TOTAL FOR MONTH: T 1 = FOG OR MIST
DPTR FM NORMAL: -1.1 DPTR FM NORMAL: -0.59 2 = FOG REDUCING VISIBILITY
HIGHEST: 94 ON 27 GRTST 24HR T ON 7- 7 TO 1/4 MILE OR LESS
LOWEST: 25 ON 12,11 3 = THUNDER
SNOW, ICE PELLETS, HAIL 4 = ICE PELLETS
TOTAL MONTH: 0.0 INCH 5 = HAIL
GRTST 24HR 0.0 6 = FREEZING RAIN OR DRIZZLE
GRTST DEPTH: 0 7 = DUSTSTORM OR SANDSTORM:
VSBY 1/2 MILE OR LESS
8 = SMOKE OR HAZE
[NO. OF DAYS WITH] [WEATHER - DAYS WITH] 9 = BLOWING SNOW
X = TORNADO
MAX 32 OR BELOW: 0 0.01 INCH OR MORE: 0
MAX 90 OR ABOVE: 4 0.10 INCH OR MORE: 0
MIN 32 OR BELOW: 5 0.50 INCH OR MORE: 0
MIN 0 OR BELOW: 0 1.00 INCH OR MORE: 0
[HDD (BASE 65) ]
TOTAL THIS MO. 234 CLEAR (SCALE 0-3) 28
DPTR FM NORMAL 32 PTCLDY (SCALE 4-7) 2
TOTAL FM JUL 1 1645 CLOUDY (SCALE 8-10) 1
DPTR FM NORMAL -255
[CDD (BASE 65) ]
TOTAL THIS MO. 49
DPTR FM NORMAL 5 [PRESSURE DATA]
TOTAL FM JAN 1 51 HIGHEST SLP 30.44 ON 12
DPTR FM NORMAL -3 LOWEST SLP 29.31 ON 29
[REMARKS]
#FINAL-03-22#