000
CXUS56 KSGX 011045
CF6FUL
PRELIMINARY LOCAL CLIMATOLOGICAL DATA (WS FORM: F-6)
STATION: FULLERTON AIRPORT CA
MONTH: JULY
YEAR: 2022
LATITUDE: 33 52 N
LONGITUDE: 117 58 W
TEMPERATURE IN F: :PCPN: SNOW: WIND :SUNSHINE: SKY :PK WND
================================================================================
1 2 3 4 5 6A 6B 7 8 9 10 11 12 13 14 15 16 17 18
12Z AVG MX 2MIN
DY MAX MIN AVG DEP HDD CDD WTR SNW DPTH SPD SPD DIR MIN PSBL S-S WX SPD DR
================================================================================
1 84 64 74 0 0 9 0.00 M M 4.3 10 160 M M 2 18 15 210
2 80 64 72 -2 0 7 0.00 M M 5.1 13 190 M M 1 16 160
3 78 64 71 -3 0 6 0.00 M M 6.2 12 170 M M 3 17 210
4 79 62 71 -3 0 6 0.00 M M 4.1 14 200 M M 3 8 18 190
5 82 64 73 -1 0 8 0.00 M M 4.4 13 200 M M 2 8 16 190
6 82 65 74 0 0 9 0.00 M M 3.5 10 190 M M 4 14 270
7 83 62 73 -2 0 8 0.00 M M 4.6 13 190 M M 0 17 190
8 82 62 72 -3 0 7 0.00 M M 4.1 12 180 M M 3 16 210
9 88 63 76 1 0 11 0.00 M M 3.7 10 220 M M 3 14 290
10 84 61 73 -2 0 8 0.00 M M 3.9 10 190 M M 1 18 14 200
11 79 63 71 -4 0 6 0.00 M M 5.2 10 180 M M 3 15 190
12 77 62 70 -5 0 5 0.00 M M 4.8 12 190 M M 5 16 190
13 84 64 74 -1 0 9 0.00 M M 3.5 13 190 M M 4 8 16 190
14 78 64 71 -4 0 6 0.00 M M 4.0 12 190 M M 1 17 190
15 83 63 73 -2 0 8 0.00 M M 4.8 12 200 M M 1 16 200
16 83 63 73 -3 0 8 0.00 M M 4.2 13 190 M M 2 18 15 180
17 85 63 74 -2 0 9 0.00 M M 4.6 14 190 M M 3 18 19 180
18 86 68 77 1 0 12 0.00 M M 4.7 12 190 M M 1 16 190
19 90 65 78 2 0 13 0.00 M M 4.0 13 180 M M 0 18 180
20 90 67 79 3 0 14 0.00 M M 3.4 14 210 M M 0 17 210
21 85 66 76 0 0 11 0.00 M M 4.0 12 190 M M 2 17 170
22 85 64 75 -1 0 10 0.00 M M 4.7 12 190 M M 5 15 230
23 82 67 75 -1 0 10 0.00 M M 5.7 13 190 M M 6 18 210
24 82 67 75 -1 0 10 0.00 M M 5.2 13 160 M M 6 16 210
25 82 67 75 -1 0 10 0.00 M M 4.6 12 160 M M 6 17 180
26 85 65 75 -1 0 10 0.00 M M 4.0 12 220 M M 4 15 220
27 86 63 75 -1 0 10 0.00 M M 3.1 12 190 M M 2 8 17 190
28 85 64 75 -1 0 10 0.00 M M 4.1 10 180 M M 1 15 210
29 83 65 74 -2 0 9 0.00 M M 4.9 12 210 M M 3 17 230
30 89 66 78 2 0 13 0.00 M M 4.4 14 190 M M 2 18 170
31 88 70 79 3 0 14 0.00 M M 3.5 12 210 M M 4 15 200
================================================================================
SM 2589 1997 0 286 0.00 M 135.3 M 83
================================================================================
AV 83.5 64.4 4.4 FASTST M M 3 MAX(MPH)
MISC ----> # 14 200 19 180
================================================================================
NOTES:
# LAST OF SEVERAL OCCURRENCES
COLUMN 17 PEAK WIND IN M.P.H.
PRELIMINARY LOCAL CLIMATOLOGICAL DATA (WS FORM: F-6) , PAGE 2
STATION: FULLERTON AIRPORT CA
MONTH: JULY
YEAR: 2022
LATITUDE: 33 52 N
LONGITUDE: 117 58 W
[TEMPERATURE DATA] [PRECIPITATION DATA] SYMBOLS USED IN COLUMN 16
AVERAGE MONTHLY: 74.0 TOTAL FOR MONTH: 0.00 1 = FOG OR MIST
DPTR FM NORMAL: -1.2 DPTR FM NORMAL: -0.02 2 = FOG REDUCING VISIBILITY
HIGHEST: 90 ON 20,19 GRTST 24HR 0.00 ON 1- 1 TO 1/4 MILE OR LESS
LOWEST: 61 ON 10 3 = THUNDER
SNOW, ICE PELLETS, HAIL 4 = ICE PELLETS
TOTAL MONTH: M 5 = HAIL
GRTST 24HR M ON M 6 = FREEZING RAIN OR DRIZZLE
GRTST DEPTH: M ON M 7 = DUSTSTORM OR SANDSTORM:
VSBY 1/2 MILE OR LESS
8 = SMOKE OR HAZE
[NO. OF DAYS WITH] [WEATHER - DAYS WITH] 9 = BLOWING SNOW
X = TORNADO
MAX 32 OR BELOW: 0 0.01 INCH OR MORE: 0
MAX 90 OR ABOVE: 2 0.10 INCH OR MORE: 0
MIN 32 OR BELOW: 0 0.50 INCH OR MORE: 0
MIN 0 OR BELOW: 0 1.00 INCH OR MORE: 0
[HDD (BASE 65) ]
TOTAL THIS MO. 0 CLEAR (SCALE 0-3) 22
DPTR FM NORMAL 0 PTCLDY (SCALE 4-7) 9
TOTAL FM JUL 1 0 CLOUDY (SCALE 8-10) 0
DPTR FM NORMAL 0
[CDD (BASE 65) ]
TOTAL THIS MO. 286
DPTR FM NORMAL -32 [PRESSURE DATA]
TOTAL FM JAN 1 746 HIGHEST SLP 30.09 ON 9
DPTR FM NORMAL 81 LOWEST SLP 29.78 ON 22
[REMARKS]
#FINAL-07-22#