000
CXUS56 KSGX 011245
CF6FUL
PRELIMINARY LOCAL CLIMATOLOGICAL DATA (WS FORM: F-6)
STATION: FULLERTON AIRPORT CA
MONTH: NOVEMBER
YEAR: 2020
LATITUDE: 33 52 N
LONGITUDE: 117 58 W
TEMPERATURE IN F: :PCPN: SNOW: WIND :SUNSHINE: SKY :PK WND
================================================================================
1 2 3 4 5 6A 6B 7 8 9 10 11 12 13 14 15 16 17 18
12Z AVG MX 2MIN
DY MAX MIN AVG DEP HDD CDD WTR SNW DPTH SPD SPD DIR MIN PSBL S-S WX SPD DR
================================================================================
1 90 56 73 8 0 8 0.00 0.0 0 1.1 7 210 M M 2 128 10 240
2 79 56 68 4 0 3 0.00 0.0 0 2.5 9 210 M M 3 128 12 200
3 81 60 71 7 0 6 0.00 0.0 0 1.5 10 200 M M 4 18 15 200
4 90 56 73 9 0 8 0.00 0.0 0 0.8 8 280 M M 0 18 11 270
5 95 57 76 12 0 11 0.00 0.0 0 1.6 7 80 M M 0 9 300
6 76 59 68 4 0 3 T 0.0 0 5.4 15 150 M M 4 21 160
7 63 M M M M M 0.18 M 0 4.9 21 270 M M 4 8 27 260
8 65 50 58 -5 7 0 T 0.0 0 7.1 20 270 M M 4 8 32 250
9 65 43 54 -9 11 0 0.00 0.0 0 4.0 10 190 M M 0 8 14 230
10 71 43 57 -5 8 0 0.00 0.0 0 2.3 12 250 M M 0 15 280
11 71 43 57 -5 8 0 0.00 0.0 0 2.8 9 190 M M 0 13 230
12 75 45 60 -2 5 0 0.00 0.0 0 2.0 10 190 M M 0 8 13 200
13 70 47 59 -3 6 0 0.00 0.0 0 3.3 10 190 M M 0 8 13 150
14 74 50 62 1 3 0 0.00 0.0 0 2.4 8 190 M M 1 8 11 180
15 90 48 69 8 0 4 0.00 0.0 0 1.7 8 280 M M 0 8 11 280
16 94 53 74 13 0 9 0.00 0.0 0 2.2 12 200 M M 0 8 15 80
17 82 51 67 7 0 2 0.00 0.0 0 1.7 8 200 M M 1 8 11 210
18 71 55 63 3 2 0 0.00 0.0 0 2.3 9 220 M M 6 18 12 220
19 75 55 65 5 0 0 0.00 0.0 0 2.2 10 160 M M 3 8 13 180
20 77 51 64 4 1 0 0.00 0.0 0 1.3 8 210 M M 0 8 11 210
21 80 50 65 5 0 0 0.00 0.0 0 0.9 8 200 M M 2 18 10 210
22 73 50 62 3 3 0 0.00 0.0 0 2.3 8 190 M M 1 28 11 230
23 69 53 61 2 4 0 0.00 0.0 0 3.3 9 210 M M 6 128 14 210
24 71 52 62 3 3 0 0.00 0.0 0 2.6 8 200 M M 1 8 11 190
25 70 48 59 0 6 0 0.00 0.0 0 1.7 10 200 M M 1 8 13 210
26 73 50 62 4 3 0 0.00 0.0 0 6.8 25 70 M M 5 18 35 80
27 75 48 62 4 3 0 0.00 0.0 0 3.8 16 90 M M 0 22 90
28 79 45 62 4 3 0 0.00 0.0 0 2.6 13 80 M M 0 8 17 70
29 80 42 61 3 4 0 0.00 0.0 0 1.6 10 290 M M 0 8 13 300
30 83 45 64 6 1 0 0.00 0.0 0 1.4 9 250 M M 1 11 250
================================================================================
SM 2307 1461 81 54 0.18 0.0 80.1 M 49
================================================================================
AV 76.9 50.4 2.7 FASTST M M 2 MAX(MPH)
MISC ----> # 25 70 # 35 80
================================================================================
NOTES:
# LAST OF SEVERAL OCCURRENCES
COLUMN 17 PEAK WIND IN M.P.H.
PRELIMINARY LOCAL CLIMATOLOGICAL DATA (WS FORM: F-6) , PAGE 2
STATION: FULLERTON AIRPORT CA
MONTH: NOVEMBER
YEAR: 2020
LATITUDE: 33 52 N
LONGITUDE: 117 58 W
[TEMPERATURE DATA] [PRECIPITATION DATA] SYMBOLS USED IN COLUMN 16
AVERAGE MONTHLY: 63.6 TOTAL FOR MONTH: 0.18 1 = FOG OR MIST
DPTR FM NORMAL: 2.6 DPTR FM NORMAL: -0.92 2 = FOG REDUCING VISIBILITY
HIGHEST: 95 ON 5 GRTST 24HR 0.18 ON 7- 7 TO 1/4 MILE OR LESS
LOWEST: 42 ON 29 3 = THUNDER
SNOW, ICE PELLETS, HAIL 4 = ICE PELLETS
TOTAL MONTH: 0.0 INCH 5 = HAIL
GRTST 24HR 0.0 6 = FREEZING RAIN OR DRIZZLE
GRTST DEPTH: 0 7 = DUSTSTORM OR SANDSTORM:
VSBY 1/2 MILE OR LESS
8 = SMOKE OR HAZE
[NO. OF DAYS WITH] [WEATHER - DAYS WITH] 9 = BLOWING SNOW
X = TORNADO
MAX 32 OR BELOW: 0 0.01 INCH OR MORE: 1
MAX 90 OR ABOVE: 5 0.10 INCH OR MORE: 1
MIN 32 OR BELOW: 0 0.50 INCH OR MORE: 0
MIN 0 OR BELOW: 0 1.00 INCH OR MORE: 0
[HDD (BASE 65) ]
TOTAL THIS MO. 81 CLEAR (SCALE 0-3) 23
DPTR FM NORMAL -59 PTCLDY (SCALE 4-7) 7
TOTAL FM JUL 1 83 CLOUDY (SCALE 8-10) 0
DPTR FM NORMAL -81
[CDD (BASE 65) ]
TOTAL THIS MO. 54
DPTR FM NORMAL 34 [PRESSURE DATA]
TOTAL FM JAN 1 2081 HIGHEST SLP 30.19 ON 28
DPTR FM NORMAL 830 LOWEST SLP 29.63 ON 6
[REMARKS]
#FINAL-11-20#