000
CXUS53 KIWX 010800
CF6FWA
PRELIMINARY LOCAL CLIMATOLOGICAL DATA (WS FORM: F-6)
STATION: FORT WAYNE
MONTH: MARCH
YEAR: 2020
LATITUDE: 41 0 N
LONGITUDE: 85 12 W
TEMPERATURE IN F: :PCPN: SNOW: WIND :SUNSHINE: SKY :PK WND
================================================================================
1 2 3 4 5 6A 6B 7 8 9 10 11 12 13 14 15 16 17 18
12Z AVG MX 2MIN
DY MAX MIN AVG DEP HDD CDD WTR SNW DPTH SPD SPD DIR MIN PSBL S-S WX SPD DR
================================================================================
1 50 16 33 0 32 0 0.00 0.0 1 9.8 17 190 M M 6 25 200
2 51 38 45 12 20 0 0.65 0.0 0 10.7 31 230 M M 9 13 42 230
3 52 36 44 11 21 0 0.02 0.0 0 12.1 36 260 M M 7 1 53 240
4 47 29 38 4 27 0 0.01 0.0 0 9.1 20 320 M M 4 27 330
5 55 25 40 6 25 0 0.05 0.0 0 9.3 29 280 M M 5 3 39 280
6 38 31 35 1 30 0 0.03 0.1 0 13.9 24 340 M M 10 1 36 300
7 47 21 34 -1 31 0 0.00 0.0 0 5.8 13 190 M M 2 19 240
8 61 30 46 11 19 0 0.00 0.0 0 13.0 23 210 M M 5 29 200
9 66 42 54 18 11 0 0.07 0.0 0 16.3 30 200 M M 8 1 41 200
10 55 30 43 7 22 0 0.14 0.0 0 11.3 29 200 M M 9 1 41 210
11 45 30 38 2 27 0 T 0.0 0 3.8 12 270 M M 10 12 15 260
12 58 41 50 13 15 0 T 0.0 0 6.3 17 160 M M 10 18 24 160
13 54 33 44 7 21 0 T 0.0 0 15.2 28 310 M M 5 42 310
14 39 32 36 -2 29 0 0.08 0.6 0 6.0 15 80 M M 10 1 19 30
15 45 30 38 0 27 0 0.00 0.0 1 8.8 15 80 M M 6 24 80
16 43 28 36 -2 29 0 0.02 0.0 0 4.1 10 80 M M 9 1 14 70
17 49 30 40 1 25 0 0.01 0.0 0 7.6 16 300 M M 8 1 23 300
18 42 30 36 -3 29 0 0.90 0.0 0 8.1 21 80 M M 10 1 30 70
19 62 39 51 11 14 0 0.44 0.0 0 10.7 22 210 M M 9 12 31 210
20 65 30 48 8 17 0 0.01 0.0 0 16.7 29 260 M M 9 42 330
21 33 28 31 -9 34 0 T T 0 8.9 18 40 M M 10 25 40
22 37 22 30 -11 35 0 0.13 1.1 0 10.0 22 100 M M 7 1 28 110
23 42 33 38 -3 27 0 0.01 0.1 T 5.7 13 80 M M 10 1 16 80
24 44 36 40 -1 25 0 0.00 0.0 0 8.5 16 70 M M 10 1 22 120
25 56 27 42 0 23 0 0.00 0.0 0 4.6 12 210 M M 6 128 15 220
26 62 39 51 9 14 0 0.13 0.0 0 7.3 18 50 M M 9 13 23 50
27 51 43 47 4 18 0 0.03 0.0 0 12.3 21 70 M M 10 1 28 70
28 63 43 53 10 12 0 0.47 0.0 0 8.5 26 180 M M 10 13 34 180
29 64 47 56 13 9 0 T 0.0 0 21.3 45 230 M M 9 61 230
30 47 33 40 -4 25 0 T 0.0 0 14.0 25 270 M M 8 37 290
31 43 32 38 -6 27 0 0.03 0.0 0 6.3 12 10 M M 9 1 14 10
================================================================================
SM 1566 1004 720 0 3.23 1.9 306.0 M 249
================================================================================
AV 50.5 32.4 9.9 FASTST M M 8 MAX(MPH)
MISC ----> # 45 230 # 61 230
================================================================================
NOTES:
# LAST OF SEVERAL OCCURRENCES
COLUMN 17 PEAK WIND IN M.P.H.
PRELIMINARY LOCAL CLIMATOLOGICAL DATA (WS FORM: F-6) , PAGE 2
STATION: FORT WAYNE
MONTH: MARCH
YEAR: 2020
LATITUDE: 41 0 N
LONGITUDE: 85 12 W
[TEMPERATURE DATA] [PRECIPITATION DATA] SYMBOLS USED IN COLUMN 16
AVERAGE MONTHLY: 41.5 TOTAL FOR MONTH: 3.23 1 = FOG OR MIST
DPTR FM NORMAL: 3.1 DPTR FM NORMAL: 0.52 2 = FOG REDUCING VISIBILITY
HIGHEST: 66 ON 9 GRTST 24HR 0.90 ON 18-18 TO 1/4 MILE OR LESS
LOWEST: 16 ON 1 3 = THUNDER
SNOW, ICE PELLETS, HAIL 4 = ICE PELLETS
TOTAL MONTH: 1.9 INCHES 5 = HAIL
GRTST 24HR 1.1 ON 22-22 6 = FREEZING RAIN OR DRIZZLE
GRTST DEPTH: 1 ON 15, 1 7 = DUSTSTORM OR SANDSTORM:
VSBY 1/2 MILE OR LESS
8 = SMOKE OR HAZE
[NO. OF DAYS WITH] [WEATHER - DAYS WITH] 9 = BLOWING SNOW
X = TORNADO
MAX 32 OR BELOW: 0 0.01 INCH OR MORE: 19
MAX 90 OR ABOVE: 0 0.10 INCH OR MORE: 7
MIN 32 OR BELOW: 18 0.50 INCH OR MORE: 2
MIN 0 OR BELOW: 0 1.00 INCH OR MORE: 0
[HDD (BASE 65) ]
TOTAL THIS MO. 720 CLEAR (SCALE 0-3) 1
DPTR FM NORMAL -106 PTCLDY (SCALE 4-7) 10
TOTAL FM JUL 1 4927 CLOUDY (SCALE 8-10) 20
DPTR FM NORMAL -497
[CDD (BASE 65) ]
TOTAL THIS MO. 0
DPTR FM NORMAL 0 [PRESSURE DATA]
TOTAL FM JAN 1 0 HIGHEST SLP 30.64 ON 15
DPTR FM NORMAL 0 LOWEST SLP 29.51 ON 29
[REMARKS]
#FINAL-03-20#