097
CXUS54 KFWD 012028
CF6FWD
PRELIMINARY LOCAL CLIMATOLOGICAL DATA (WS FORM: F-6)
STATION: FORT WORTH NWS
MONTH: AUGUST
YEAR: 2020
LATITUDE: 32 50 N
LONGITUDE: 97 18 W
TEMPERATURE IN F: :PCPN: SNOW: WIND :SUNSHINE: SKY :PK WND
================================================================================
1 2 3 4 5 6A 6B 7 8 9 10 11 12 13 14 15 16 17 18
12Z AVG MX 2MIN
DY MAX MIN AVG DEP HDD CDD WTR SNW DPTH SPD SPD DIR MIN PSBL S-S WX SPD DR
================================================================================
1 89 69 79 -7 0 14 0.00 0.0 0 M M M M M M M M
2 92 70 81 -5 0 16 0.00 0.0 0 M M M M M M M M
3 91 72 82 -4 0 17 0.00 0.0 0 M M M M M M M M
4 91 73 82 -4 0 17 0.00 0.0 0 M M M M M M M M
5 89 75 82 -4 0 17 T 0.0 0 M M M M M M M M
6 96 74 85 -1 0 20 0.00 0.0 0 M M M M M M M M
7 95 78 87 1 0 22 0.00 0.0 0 M M M M M M M M
8 96 78 87 1 0 22 0.00 0.0 0 M M M M M M M M
9 96 78 87 1 0 22 0.00 0.0 0 M M M M M M M M
10 96 78 87 1 0 22 0.00 0.0 0 M M M M M M M M
11 97 79 88 2 0 23 0.00 0.0 0 M M M M M M M M
12 99 81 90 4 0 25 0.00 0.0 0 M M M M M M M M
13 99 82 91 5 0 26 0.00 0.0 0 M M M M M M M M
14 102 81 92 6 0 27 0.00 0.0 0 M M M M M M M M
15 99 79 89 4 0 24 0.00 0.0 0 M M M M M M M M
16 99 71 85 0 0 20 0.20 0.0 0 M M M M M M 137 M M
17 90 71 81 -4 0 16 0.00 0.0 0 M M M M M M M M
18 93 75 84 -1 0 19 0.00 0.0 0 M M M M M M M M
19 90 68 79 -6 0 14 0.00 0.0 0 M M M M M M M M
20 91 70 81 -4 0 16 0.00 0.0 0 M M M M M M M M
21 92 70 81 -4 0 16 0.00 0.0 0 M M M M M M M M
22 93 73 83 -1 0 18 0.00 0.0 0 M M M M M M M M
23 93 72 83 -1 0 18 0.00 0.0 0 M M M M M M M M
24 93 75 84 0 0 19 0.00 0.0 0 M M M M M M M M
25 93 74 84 0 0 19 0.03 0.0 0 M M M M M M 3 M M
26 93 75 84 0 0 19 T 0.0 0 M M M M M M 3 M M
27 93 72 83 0 0 18 0.00 0.0 0 M M M M M M 3 M M
28 101 76 89 6 0 24 0.00 0.0 0 M M M M M M M M
29 103 72 88 5 0 23 1.41 0.0 0 M M M M M M 3 M M
30 96 72 84 1 0 19 T 0.0 0 M M M M M M 3 M M
31 95 80 88 6 0 23 0.00 0.0 0 M M M M M M M M
================================================================================
SM 2935 2313 0 615 1.64 0.0 M M M
================================================================================
AV 94.7 74.6 M FASTST M M 0 MAX(MPH)
MISC ----> M M M M
================================================================================
NOTES:
# LAST OF SEVERAL OCCURRENCES
COLUMN 17 PEAK WIND IN M.P.H.
PRELIMINARY LOCAL CLIMATOLOGICAL DATA (WS FORM: F-6) , PAGE 2
STATION: FORT WORTH NWS
MONTH: AUGUST
YEAR: 2020
LATITUDE: 32 50 N
LONGITUDE: 97 18 W
[TEMPERATURE DATA] [PRECIPITATION DATA] SYMBOLS USED IN COLUMN 16
AVERAGE MONTHLY: 84.7 TOTAL FOR MONTH: 1.64 1 = FOG OR MIST
DPTR FM NORMAL: -0.3 DPTR FM NORMAL: -0.33 2 = FOG REDUCING VISIBILITY
HIGHEST: 103 ON 29 GRTST 24HR 1.41 ON 29-29 TO 1/4 MILE OR LESS
LOWEST: 68 ON 19 3 = THUNDER
SNOW, ICE PELLETS, HAIL 4 = ICE PELLETS
TOTAL MONTH: 0.0 INCH 5 = HAIL
GRTST 24HR 0.0 6 = FREEZING RAIN OR DRIZZLE
GRTST DEPTH: 0 7 = DUSTSTORM OR SANDSTORM:
VSBY 1/2 MILE OR LESS
8 = SMOKE OR HAZE
[NO. OF DAYS WITH] [WEATHER - DAYS WITH] 9 = BLOWING SNOW
X = TORNADO
MAX 32 OR BELOW: 0 0.01 INCH OR MORE: 3
MAX 90 OR ABOVE: 29 0.10 INCH OR MORE: 2
MIN 32 OR BELOW: 0 0.50 INCH OR MORE: 1
MIN 0 OR BELOW: 0 1.00 INCH OR MORE: 1
[HDD (BASE 65) ]
TOTAL THIS MO. 0 CLEAR (SCALE 0-3) 0
DPTR FM NORMAL 0 PTCLDY (SCALE 4-7) 0
TOTAL FM JUL 1 0 CLOUDY (SCALE 8-10) 0
DPTR FM NORMAL 0
[CDD (BASE 65) ]
TOTAL THIS MO. 615
DPTR FM NORMAL 0 [PRESSURE DATA]
TOTAL FM JAN 1 2079 HIGHEST SLP M ON M
DPTR FM NORMAL -16 LOWEST SLP M ON M
[REMARKS]
#FINAL-08-20#