000
CXUS52 KMFL 011130
CF6FXE
PRELIMINARY LOCAL CLIMATOLOGICAL DATA (WS FORM: F-6)
STATION: FORT LAUDERDALE EXEC ARPT
MONTH: DECEMBER
YEAR: 2021
LATITUDE: 26 12 N
LONGITUDE: 80 11 W
TEMPERATURE IN F: :PCPN: SNOW: WIND :SUNSHINE: SKY :PK WND
================================================================================
1 2 3 4 5 6A 6B 7 8 9 10 11 12 13 14 15 16 17 18
12Z AVG MX 2MIN
DY MAX MIN AVG DEP HDD CDD WTR SNW DPTH SPD SPD DIR MIN PSBL S-S WX SPD DR
================================================================================
1 79 58 69 -3 0 4 0.00 M M 2.8 12 110 M M 0 15 80
2 80 61 71 -1 0 6 0.00 M M 5.4 13 340 M M 1 18 340
3 80 55 68 -4 0 3 0.00 M M 4.2 13 60 M M 1 16 60
4 80 61 71 -1 0 6 0.00 M M 3.6 13 120 M M 5 43 210
5 83 64 74 2 0 9 0.01 M M 3.6 18 100 M M 4 20 100
6 82 69 76 5 0 11 1.41 0.0 0 2.8 16 140 M M 7 1 20 140
7 84 65 75 4 0 10 T 0.0 0 2.0 9 80 M M 2 1 11 340
8 85 63 74 3 0 9 0.00 0.0 0 3.3 12 230 M M 0 16 220
9 84 67 76 5 0 11 T 0.0 0 1.6 10 120 M M 2 1 14 100
10 83 68 76 5 0 11 0.00 0.0 0 5.5 15 120 M M 3 18 100
11 84 69 77 6 0 12 T 0.0 0 5.7 17 110 M M 1 20 110
12 84 66 75 4 0 10 0.00 0.0 M 4.7 14 80 M M 1 1 19 90
13 82 76 79 8 0 14 0.00 0.0 M 7.8 17 80 M M 2 21 80
14 84 69 77 6 0 12 0.00 0.0 0 9.3 17 90 M M 3 22 80
15 83 71 77 7 0 12 0.23 0.0 0 10.9 26 100 M M 4 18 33 110
16 84 73 79 9 0 14 0.01 0.0 0 13.7 22 80 M M 4 27 90
17 83 70 77 7 0 12 0.00 0.0 0 10.8 18 90 M M 3 23 80
18 83 74 79 9 0 14 0.02 0.0 0 10.0 20 100 M M 4 24 110
19 87 72 80 10 0 15 0.51 0.0 0 6.3 20 160 M M 3 1 24 210
20 84 70 77 7 0 12 0.00 0.0 0 3.7 14 90 M M 4 1 16 70
21 80 68 74 4 0 9 0.03 0.0 0 9.4 22 220 M M 3 18 30 240
22 72 57 65 -5 0 0 0.02 0.0 M 7.7 17 280 M M 2 25 280
23 76 53 65 -5 0 0 0.00 0.0 M 5.3 10 340 M M 0 14 300
24 80 57 69 0 0 4 0.00 0.0 0 4.4 16 100 M M 3 21 100
25 81 59 70 1 0 5 T 0.0 0 2.6 10 130 M M 2 15 110
26 82 62 72 3 0 7 0.00 0.0 0 2.8 9 280 M M 1 1 12 290
27 83 61 72 3 0 7 0.00 0.0 0 2.6 10 130 M M 0 12 110
28 81 65 73 4 0 8 0.00 0.0 0 4.2 14 120 M M 5 19 110
29 83 66 75 6 0 10 0.00 0.0 0 4.3 15 150 M M 3 19 130
30 86 65 76 7 0 11 0.00 0.0 0 3.6 14 140 M M 2 1 17 130
31 84 67 76 8 0 11 0.00 0.0 0 3.8 12 110 M M 1 1 14 130
================================================================================
SM 2546 2021 0 279 2.24 0.0 168.4 M 76
================================================================================
AV 82.1 65.2 5.4 FASTST M M 2 MAX(MPH)
MISC ----> 26 100 43 210
================================================================================
NOTES:
# LAST OF SEVERAL OCCURRENCES
COLUMN 17 PEAK WIND IN M.P.H.
PRELIMINARY LOCAL CLIMATOLOGICAL DATA (WS FORM: F-6) , PAGE 2
STATION: FORT LAUDERDALE EXEC ARPT
MONTH: DECEMBER
YEAR: 2021
LATITUDE: 26 12 N
LONGITUDE: 80 11 W
[TEMPERATURE DATA] [PRECIPITATION DATA] SYMBOLS USED IN COLUMN 16
AVERAGE MONTHLY: 73.7 TOTAL FOR MONTH: 2.24 1 = FOG OR MIST
DPTR FM NORMAL: 3.4 DPTR FM NORMAL: -0.55 2 = FOG REDUCING VISIBILITY
HIGHEST: 87 ON 19 GRTST 24HR 1.41 ON 6- 6 TO 1/4 MILE OR LESS
LOWEST: 53 ON 23 3 = THUNDER
SNOW, ICE PELLETS, HAIL 4 = ICE PELLETS
TOTAL MONTH: 0.0 INCH 5 = HAIL
GRTST 24HR 0.0 6 = FREEZING RAIN OR DRIZZLE
GRTST DEPTH: 0 7 = DUSTSTORM OR SANDSTORM:
VSBY 1/2 MILE OR LESS
8 = SMOKE OR HAZE
[NO. OF DAYS WITH] [WEATHER - DAYS WITH] 9 = BLOWING SNOW
X = TORNADO
MAX 32 OR BELOW: 0 0.01 INCH OR MORE: 8
MAX 90 OR ABOVE: 0 0.10 INCH OR MORE: 3
MIN 32 OR BELOW: 0 0.50 INCH OR MORE: 2
MIN 0 OR BELOW: 0 1.00 INCH OR MORE: 1
[HDD (BASE 65) ]
TOTAL THIS MO. 0 CLEAR (SCALE 0-3) 20
DPTR FM NORMAL -36 PTCLDY (SCALE 4-7) 11
TOTAL FM JUL 1 0 CLOUDY (SCALE 8-10) 0
DPTR FM NORMAL -39
[CDD (BASE 65) ]
TOTAL THIS MO. 279
DPTR FM NORMAL 80 [PRESSURE DATA]
TOTAL FM JAN 1 4718 HIGHEST SLP 30.29 ON 14
DPTR FM NORMAL 241 LOWEST SLP 29.74 ON 21
[REMARKS]
#FINAL-12-21#