010
CXUS52 KMFL 011000
CF6FXE
PRELIMINARY LOCAL CLIMATOLOGICAL DATA (WS FORM: F-6)
STATION: FORT LAUDERDALE EXEC ARPT
MONTH: AUGUST
YEAR: 2020
LATITUDE: 26 12 N
LONGITUDE: 80 11 W
TEMPERATURE IN F: :PCPN: SNOW: WIND :SUNSHINE: SKY :PK WND
================================================================================
1 2 3 4 5 6A 6B 7 8 9 10 11 12 13 14 15 16 17 18
12Z AVG MX 2MIN
DY MAX MIN AVG DEP HDD CDD WTR SNW DPTH SPD SPD DIR MIN PSBL S-S WX SPD DR
================================================================================
1 90 75 83 -1 0 18 0.52 0.0 0 13.3 31 90 M M 6 1 42 90
2 90 79 85 1 0 20 0.14 0.0 0 11.6 21 260 M M 7 1 29 30
3 91 78 85 1 0 20 0.56 0.0 0 4.7 20 190 M M 5 1 26 190
4 91 78 85 1 0 20 0.86 0.0 0 4.0 21 180 M M 2 13 27 160
5 91 76 84 0 0 19 0.16 0.0 0 4.0 15 290 M M 3 13 19 280
6 94 75 85 1 0 20 0.80 0.0 0 2.9 18 210 M M 3 3 23 220
7 92 78 85 1 0 20 0.00 0.0 0 5.0 15 110 M M 2 19 90
8 92 80 86 2 0 21 T 0.0 0 8.0 16 90 M M 2 3 21 90
9 92 82 87 3 0 22 0.00 0.0 0 8.5 17 80 M M 2 22 90
10 93 80 87 3 0 22 M 0.0 0 6.9 17 90 M M 1 22 90
11 91 76 84 0 0 19 1.05 0.0 0 5.2 15 180 M M 2 13 19 100
12 91 77 84 0 0 19 0.04 0.0 0 6.2 15 130 M M 3 13 19 130
13 92 82 87 3 0 22 0.04 0.0 0 9.3 18 150 M M 3 13 24 150
14 92 83 88 4 0 23 T 0.0 0 7.7 14 110 M M 1 20 100
15 91 78 85 1 0 20 0.55 0.0 0 4.3 21 140 M M 2 13 24 130
16 92 79 86 2 0 21 T 0.0 0 5.1 15 130 M M 1 22 130
17 93 77 85 1 0 20 0.10 0.0 0 4.1 16 120 M M 1 1 21 330
18 94 77 86 2 0 21 T 0.0 0 4.7 16 140 M M 1 3 20 160
19 91 76 84 1 0 19 0.21 0.0 0 4.4 22 160 M M 3 13 30 150
20 93 75 84 1 0 19 0.25 0.0 0 5.1 23 220 M M 2 138 31 220
21 93 79 86 3 0 21 0.00 0.0 0 7.6 18 140 M M 2 24 150
22 92 82 87 4 0 22 0.01 0.0 0 10.7 23 110 M M 3 3 30 110
23 93 82 88 5 0 23 0.05 0.0 0 16.1 24 100 M M 4 1 29 80
24 93 85 89 6 0 24 T 0.0 0 22.3 31 110 M M 6 38 90
25 92 84 88 5 0 23 0.00 0.0 0 15.7 22 90 M M 4 27 110
26 92 81 87 4 0 22 T 0.0 0 12.2 20 100 M M 4 1 24 100
27 94 81 88 5 0 23 T 0.0 0 8.4 16 120 M M 1 22 110
28 95 81 88 5 0 23 T 0.0 0 6.9 16 120 M M 2 23 120
29 94 81 88 5 0 23 T 0.0 0 5.4 14 140 M M 3 3 18 120
30 94 77 86 3 0 21 0.56 0.0 0 5.3 17 230 M M 4 13 23 210
31 93 74 84 1 0 19 1.18 0.0 0 3.2 30 250 M M 4 13 39 250
================================================================================
SM 2861 2448 0 649 7.08 0.0 238.8 M 89
================================================================================
AV 92.3 79.0 7.7 FASTST M M 3 MAX(MPH)
MISC ----> # 31 90 # 42 90
================================================================================
NOTES:
# LAST OF SEVERAL OCCURRENCES
COLUMN 17 PEAK WIND IN M.P.H.
PRELIMINARY LOCAL CLIMATOLOGICAL DATA (WS FORM: F-6) , PAGE 2
STATION: FORT LAUDERDALE EXEC ARPT
MONTH: AUGUST
YEAR: 2020
LATITUDE: 26 12 N
LONGITUDE: 80 11 W
[TEMPERATURE DATA] [PRECIPITATION DATA] SYMBOLS USED IN COLUMN 16
AVERAGE MONTHLY: 85.6 TOTAL FOR MONTH: 7.08 1 = FOG OR MIST
DPTR FM NORMAL: 2.1 DPTR FM NORMAL: 0.30 2 = FOG REDUCING VISIBILITY
HIGHEST: 95 ON 28 GRTST 24HR 1.18 ON 31-31 TO 1/4 MILE OR LESS
LOWEST: 74 ON 31 3 = THUNDER
SNOW, ICE PELLETS, HAIL 4 = ICE PELLETS
TOTAL MONTH: 0.0 INCH 5 = HAIL
GRTST 24HR 0.0 6 = FREEZING RAIN OR DRIZZLE
GRTST DEPTH: 0 7 = DUSTSTORM OR SANDSTORM:
VSBY 1/2 MILE OR LESS
8 = SMOKE OR HAZE
[NO. OF DAYS WITH] [WEATHER - DAYS WITH] 9 = BLOWING SNOW
X = TORNADO
MAX 32 OR BELOW: 0 0.01 INCH OR MORE: 17
MAX 90 OR ABOVE: 31 0.10 INCH OR MORE: 13
MIN 32 OR BELOW: 0 0.50 INCH OR MORE: 8
MIN 0 OR BELOW: 0 1.00 INCH OR MORE: 2
[HDD (BASE 65) ]
TOTAL THIS MO. 0 CLEAR (SCALE 0-3) 20
DPTR FM NORMAL 0 PTCLDY (SCALE 4-7) 11
TOTAL FM JUL 1 0 CLOUDY (SCALE 8-10) 0
DPTR FM NORMAL 0
[CDD (BASE 65) ]
TOTAL THIS MO. 649
DPTR FM NORMAL 76 [PRESSURE DATA]
TOTAL FM JAN 1 3318 HIGHEST SLP 30.16 ON 8
DPTR FM NORMAL 485 LOWEST SLP 29.66 ON 2
[REMARKS]
#FINAL-08-20#