000
CXUS54 KTSA 011336
CF6FYV
PRELIMINARY LOCAL CLIMATOLOGICAL DATA (WS FORM: F-6)
STATION: FAYETTEVILLE ARKANSAS
MONTH: NOVEMBER
YEAR: 2022
LATITUDE: 36 0 N
LONGITUDE: 94 10 W
TEMPERATURE IN F: :PCPN: SNOW: WIND :SUNSHINE: SKY :PK WND
================================================================================
1 2 3 4 5 6A 6B 7 8 9 10 11 12 13 14 15 16 17 18
12Z AVG MX 2MIN
DY MAX MIN AVG DEP HDD CDD WTR SNW DPTH SPD SPD DIR MIN PSBL S-S WX SPD DR
================================================================================
1 78 38 58 6 7 0 0.00 0.0 0 1.9 14 140 M M 0 18 18 160
2 75 40 58 6 7 0 0.00 0.0 0 5.2 20 180 M M 1 1 24 170
3 77 53 65 13 0 0 0.00 0.0 0 10.7 22 180 M M 2 32 180
4 78 47 63 12 2 0 1.10 0.0 0 13.7 24 260 M M 8 13 35 240
5 59 42 51 0 14 0 0.01 0.0 0 8.2 20 220 M M 5 1 29 200
6 75 48 62 11 3 0 0.00 0.0 0 7.0 22 180 M M 0 29 190
7 76 45 61 11 4 0 0.00 0.0 0 3.9 16 70 M M 3 23 70
8 80 59 70 20 0 5 0.00 0.0 0 5.8 17 180 M M 6 23 190
9 82 60 71 21 0 6 0.00 0.0 0 9.7 21 180 M M 1 29 170
10 78 63 71 22 0 6 0.00 0.0 0 9.2 21 170 M M 4 28 160
11 65 32 49 0 16 0 0.43 0.3 0 10.5 21 330 M M 8 1 26 350
12 42 24 33 -15 32 0 T T 0 6.1 17 310 M M 0 1 26 340
13 50 18 34 -14 31 0 0.00 0.0 0 0.8 7 170 M M 0 10 90
14 47 24 36 -12 29 0 0.35 2.3 0 2.5 14 90 M M 8 12 19 150
15 38 27 33 -15 32 0 0.00 0.0 0 4.2 12 320 M M 8 12 17 320
16 43 21 32 -15 33 0 0.00 0.0 0 6.4 22 320 M M 0 1 30 280
17 51 18 35 -12 30 0 0.00 0.0 0 4.9 16 350 M M 1 22 350
18 37 26 32 -14 33 0 0.01 0.3 0 5.8 16 350 M M 10 23 350
19 45 21 33 -13 32 0 0.00 0.0 0 5.5 17 280 M M 3 25 250
20 49 15 32 -14 33 0 0.00 0.0 0 2.5 10 210 M M 0 14 220
21 56 19 38 -7 27 0 0.00 0.0 0 4.4 14 210 M M 0 19 210
22 61 25 43 -2 22 0 0.00 0.0 0 2.6 12 260 M M 0 16 230
23 61 27 44 -1 21 0 0.13 0.0 0 5.7 18 160 M M 5 13 24 160
24 54 49 52 8 13 0 1.57 0.0 0 4.1 14 170 M M 10 13 18 170
25 60 36 48 4 17 0 0.00 0.0 0 3.5 9 60 M M 6 128 14 60
26 55 34 45 1 20 0 1.06 0.0 0 3.4 13 250 M M 10 12 19 260
27 51 41 46 3 19 0 0.05 0.0 0 8.3 20 320 M M 9 18 27 300
28 60 32 46 3 19 0 T T 0 7.4 22 180 M M 3 12 31 170
29 73 34 54 11 11 0 0.00 0.0 0 15.9 26 320 M M 5 37 230
30 45 23 34 -8 31 0 0.00 0.0 0 5.5 25 330 M M 1 33 320
================================================================================
SM 1801 1041 538 17 4.71 2.9 185.3 M 117
================================================================================
AV 60.0 34.7 6.2 FASTST M M 4 MAX(MPH)
MISC ----> 26 320 37 230
================================================================================
NOTES:
# LAST OF SEVERAL OCCURRENCES
COLUMN 17 PEAK WIND IN M.P.H.
PRELIMINARY LOCAL CLIMATOLOGICAL DATA (WS FORM: F-6) , PAGE 2
STATION: FAYETTEVILLE ARKANSAS
MONTH: NOVEMBER
YEAR: 2022
LATITUDE: 36 0 N
LONGITUDE: 94 10 W
[TEMPERATURE DATA] [PRECIPITATION DATA] SYMBOLS USED IN COLUMN 16
AVERAGE MONTHLY: 47.4 TOTAL FOR MONTH: 4.71 1 = FOG OR MIST
DPTR FM NORMAL: 0.1 DPTR FM NORMAL: 1.03 2 = FOG REDUCING VISIBILITY
HIGHEST: 82 ON 9 GRTST 24HR 1.70 ON 23-24 TO 1/4 MILE OR LESS
LOWEST: 15 ON 20 3 = THUNDER
SNOW, ICE PELLETS, HAIL 4 = ICE PELLETS
TOTAL MONTH: 2.9 INCHES 5 = HAIL
GRTST 24HR 2.3 ON 14-14 6 = FREEZING RAIN OR DRIZZLE
GRTST DEPTH: 0 7 = DUSTSTORM OR SANDSTORM:
VSBY 1/2 MILE OR LESS
8 = SMOKE OR HAZE
[NO. OF DAYS WITH] [WEATHER - DAYS WITH] 9 = BLOWING SNOW
X = TORNADO
MAX 32 OR BELOW: 0 0.01 INCH OR MORE: 9
MAX 90 OR ABOVE: 0 0.10 INCH OR MORE: 6
MIN 32 OR BELOW: 15 0.50 INCH OR MORE: 3
MIN 0 OR BELOW: 0 1.00 INCH OR MORE: 3
[HDD (BASE 65) ]
TOTAL THIS MO. 538 CLEAR (SCALE 0-3) 15
DPTR FM NORMAL 6 PTCLDY (SCALE 4-7) 10
TOTAL FM JUL 1 750 CLOUDY (SCALE 8-10) 5
DPTR FM NORMAL -70
[CDD (BASE 65) ]
TOTAL THIS MO. 17
DPTR FM NORMAL 14 [PRESSURE DATA]
TOTAL FM JAN 1 1896 HIGHEST SLP 30.53 ON 20
DPTR FM NORMAL 544 LOWEST SLP 29.48 ON 26
[REMARKS]
#FINAL-11-22#