000
CXUS54 KTSA 111801
CF6FYV
PRELIMINARY LOCAL CLIMATOLOGICAL DATA (WS FORM: F-6)
STATION: FAYETTEVILLE ARKANSAS
MONTH: APRIL
YEAR: 2022
LATITUDE: 36 0 N
LONGITUDE: 94 10 W
TEMPERATURE IN F: :PCPN: SNOW: WIND :SUNSHINE: SKY :PK WND
================================================================================
1 2 3 4 5 6A 6B 7 8 9 10 11 12 13 14 15 16 17 18
12Z AVG MX 2MIN
DY MAX MIN AVG DEP HDD CDD WTR SNW DPTH SPD SPD DIR MIN PSBL S-S WX SPD DR
================================================================================
1 67 26 47 -6 18 0 T 0.0 0 3.2 12 170 M M 1 16 180
2 68 42 55 1 10 0 0.03 0.0 0 5.0 16 310 M M 5 1 26 290
3 74 37 56 2 9 0 0.00 0.0 0 6.4 22 170 M M 2 8 29 170
4 64 55 60 6 5 0 0.14 0.0 0 4.3 20 190 M M 6 1 30 160
5 77 50 64 10 1 0 0.10 0.0 0 7.9 22 320 M M 4 13 32 320
6 66 50 58 3 7 0 T 0.0 0 12.3 25 330 M M 5 38 320
7 59 43 51 -4 14 0 T 0.0 0 15.8 29 300 M M 6 45 290
8 52 31 42 -13 23 0 T 0.0 0 12.0 24 340 M M 7 37 340
9 71 26 49 -6 16 0 0.00 0.0 0 6.2 17 190 M M 0 25 160
10 80 61 71 15 0 6 0.00 0.0 0 18.0 31 180 M M 1 44 210
11 73 58 66 10 0 1 0.61 0.0 0 6.8 22 200 M M 10 123 32 210
12 82 54 68 12 0 3 0.00 0.0 0 14.5 29 170 M M 6 128 42 150
13 73 36 55 -1 10 0 0.87 0.0 0 11.8 30 170 M M 4 13 45 180
14 67 32 50 -7 15 0 0.00 0.0 0 3.7 15 190 M M 0 1 24 220
15 80 43 62 5 3 0 0.00 0.0 0 11.4 28 200 M M 4 1 42 200
16 61 51 56 -1 9 0 0.19 0.0 0 8.4 21 70 M M 9 13 30 70
17 57 46 52 -6 13 0 0.04 0.0 0 6.1 17 120 M M 10 138 24 120
18 62 39 51 -7 14 0 0.00 0.0 0 6.6 18 340 M M 4 25 340
19 68 34 51 -7 14 0 0.00 0.0 0 7.5 18 170 M M 1 8 29 170
20 69 51 60 2 5 0 0.23 0.0 0 11.9 29 170 M M 10 13 43 180
21 78 63 71 12 0 6 T 0.0 0 8.7 18 140 M M 7 1 30 130
22 85 69 77 18 0 12 0.00 0.0 0 16.1 29 170 M M 2 41 170
23 83 69 76 17 0 11 0.00 0.0 0 20.0 30 170 M M 2 45 170
24 75 57 66 7 0 1 1.35 0.0 0 9.3 22 190 M M 8 138 29 190
25 64 46 55 -5 10 0 0.11 0.0 0 6.4 16 330 M M 3 13 23 310
26 69 42 56 -4 9 0 0.00 0.0 0 3.0 14 70 M M 0 20 70
27 75 42 59 -1 6 0 0.00 0.0 0 5.8 17 170 M M 0 25 170
28 70 55 63 3 2 0 0.27 0.0 0 6.2 36 160 M M 7 1 47 170
29 80 66 73 12 0 8 0.00 0.0 0 17.1 29 180 M M 7 40 170
30 77 53 65 4 0 0 T 0.0 0 10.4 26 180 M M 3 13 38 170
================================================================================
SM 2126 1427 213 48 3.94 0.0 282.8 M 134
================================================================================
AV 70.9 47.6 9.4 FASTST M M 4 MAX(MPH)
MISC ----> 36 160 47 170
================================================================================
NOTES:
# LAST OF SEVERAL OCCURRENCES
COLUMN 17 PEAK WIND IN M.P.H.
PRELIMINARY LOCAL CLIMATOLOGICAL DATA (WS FORM: F-6) , PAGE 2
STATION: FAYETTEVILLE ARKANSAS
MONTH: APRIL
YEAR: 2022
LATITUDE: 36 0 N
LONGITUDE: 94 10 W
[TEMPERATURE DATA] [PRECIPITATION DATA] SYMBOLS USED IN COLUMN 16
AVERAGE MONTHLY: 59.2 TOTAL FOR MONTH: 3.94 1 = FOG OR MIST
DPTR FM NORMAL: 2.1 DPTR FM NORMAL: -1.07 2 = FOG REDUCING VISIBILITY
HIGHEST: 85 ON 22 GRTST 24HR 1.46 ON 24-25 TO 1/4 MILE OR LESS
LOWEST: 26 ON 9, 1 3 = THUNDER
SNOW, ICE PELLETS, HAIL 4 = ICE PELLETS
TOTAL MONTH: T 5 = HAIL
GRTST 24HR 0.0 6 = FREEZING RAIN OR DRIZZLE
GRTST DEPTH: 0 7 = DUSTSTORM OR SANDSTORM:
VSBY 1/2 MILE OR LESS
8 = SMOKE OR HAZE
[NO. OF DAYS WITH] [WEATHER - DAYS WITH] 9 = BLOWING SNOW
X = TORNADO
MAX 32 OR BELOW: 0 0.01 INCH OR MORE: 11
MAX 90 OR ABOVE: 0 0.10 INCH OR MORE: 9
MIN 32 OR BELOW: 4 0.50 INCH OR MORE: 3
MIN 0 OR BELOW: 0 1.00 INCH OR MORE: 1
[HDD (BASE 65) ]
TOTAL THIS MO. 213 CLEAR (SCALE 0-3) 12
DPTR FM NORMAL -47 PTCLDY (SCALE 4-7) 14
TOTAL FM JUL 1 3400 CLOUDY (SCALE 8-10) 4
DPTR FM NORMAL -588
[CDD (BASE 65) ]
TOTAL THIS MO. 48
DPTR FM NORMAL 25 [PRESSURE DATA]
TOTAL FM JAN 1 49 HIGHEST SLP 30.44 ON 26
DPTR FM NORMAL 20 LOWEST SLP 29.42 ON 5
[REMARKS]
#FINAL-04-22#