000
CXUS54 KTSA 010840
CF6FYV
PRELIMINARY LOCAL CLIMATOLOGICAL DATA (WS FORM: F-6)
STATION: FAYETTEVILLE ARKANSAS
MONTH: AUGUST
YEAR: 2020
LATITUDE: 36 0 N
LONGITUDE: 94 10 W
TEMPERATURE IN F: :PCPN: SNOW: WIND :SUNSHINE: SKY :PK WND
================================================================================
1 2 3 4 5 6A 6B 7 8 9 10 11 12 13 14 15 16 17 18
12Z AVG MX 2MIN
DY MAX MIN AVG DEP HDD CDD WTR SNW DPTH SPD SPD DIR MIN PSBL S-S WX SPD DR
================================================================================
1 82 61 72 -6 0 7 0.00 0.0 0 5.0 16 330 M M 2 24 330
2 85 63 74 -4 0 9 T 0.0 0 6.1 15 300 M M 4 3 22 290
3 83 59 71 -7 0 6 0.00 0.0 0 5.1 15 320 M M 2 21 320
4 80 54 67 -11 0 2 0.00 0.0 0 1.8 9 330 M M 2 13 50
5 85 56 71 -7 0 6 0.00 0.0 0 2.2 16 200 M M 1 22 180
6 86 60 73 -5 0 8 0.24 0.0 0 4.0 15 170 M M 4 13 18 190
7 81 68 75 -3 0 10 0.38 0.0 0 4.4 14 140 M M 5 13 19 140
8 89 72 81 3 0 16 0.00 0.0 0 8.7 23 200 M M 0 3 31 200
9 91 71 81 3 0 16 0.03 0.0 0 5.4 18 200 M M 0 1 25 190
10 92 71 82 4 0 17 0.00 0.0 0 5.7 16 190 M M 0 24 190
11 81 67 74 -4 0 9 0.48 0.0 0 3.0 21 240 M M 3 1238 33 240
12 88 66 77 -1 0 12 0.00 0.0 0 3.1 8 180 M M 4 12 M M
13 91 65 78 0 0 13 T 0.0 0 2.0 9 190 M M 2 12 12 180
14 90 70 80 2 0 15 T 0.0 0 4.5 14 190 M M 2 13 20 240
15 93 67 80 2 0 15 T 0.0 0 2.5 10 350 M M 2 1 16 340
16 91 65 78 0 0 13 T 0.0 0 2.8 12 90 M M 0 16 60
17 88 58 73 -4 0 8 0.00 0.0 0 3.3 15 220 M M 1 24 240
18 85 58 72 -5 0 7 0.00 0.0 0 3.9 17 330 M M 0 1 26 320
19 85 53 69 -8 0 4 0.00 0.0 0 2.2 12 350 M M 1 1 16 350
20 86 55 71 -6 0 6 0.00 0.0 0 2.4 10 60 M M 1 1 15 350
21 88 54 71 -6 0 6 0.00 0.0 0 1.2 10 290 M M 1 1 17 280
22 89 58 74 -3 0 9 0.00 0.0 0 2.2 12 240 M M 1 19 250
23 91 58 75 -1 0 10 0.00 0.0 0 3.2 12 210 M M 1 1 16 200
24 93 60 77 1 0 12 0.00 0.0 0 1.4 12 240 M M 1 1 17 190
25 94 65 80 4 0 15 0.00 0.0 0 2.4 13 120 M M 2 1 18 120
26 78 67 73 -3 0 8 T 0.0 0 2.6 13 180 M M 4 17 170
27 86 69 78 2 0 13 0.01 0.0 0 2.9 14 350 M M 3 23 20
28 94 70 82 7 0 17 0.00 0.0 0 5.8 17 310 M M 2 23 260
29 92 67 80 5 0 15 0.00 0.0 0 5.5 23 350 M M 3 3 34 320
30 82 70 76 1 0 11 T 0.0 0 4.6 13 170 M M 7 3 16 170
31 85 69 77 3 0 12 T 0.0 0 6.7 22 180 M M 3 13 32 190
================================================================================
SM 2704 1966 0 327 1.14 0.0 116.6 M 64
================================================================================
AV 87.2 63.4 3.8 FASTST M M 2 MAX(MPH)
MISC ----> # 23 200 # 34 320
================================================================================
NOTES:
# LAST OF SEVERAL OCCURRENCES
COLUMN 17 PEAK WIND IN M.P.H.
PRELIMINARY LOCAL CLIMATOLOGICAL DATA (WS FORM: F-6) , PAGE 2
STATION: FAYETTEVILLE ARKANSAS
MONTH: AUGUST
YEAR: 2020
LATITUDE: 36 0 N
LONGITUDE: 94 10 W
[TEMPERATURE DATA] [PRECIPITATION DATA] SYMBOLS USED IN COLUMN 16
AVERAGE MONTHLY: 75.3 TOTAL FOR MONTH: 1.14 1 = FOG OR MIST
DPTR FM NORMAL: -1.8 DPTR FM NORMAL: -2.10 2 = FOG REDUCING VISIBILITY
HIGHEST: 94 ON 28,25 GRTST 24HR 0.48 ON 11-11 TO 1/4 MILE OR LESS
LOWEST: 53 ON 19 3 = THUNDER
SNOW, ICE PELLETS, HAIL 4 = ICE PELLETS
TOTAL MONTH: 0.0 INCH 5 = HAIL
GRTST 24HR 0.0 6 = FREEZING RAIN OR DRIZZLE
GRTST DEPTH: 0 7 = DUSTSTORM OR SANDSTORM:
VSBY 1/2 MILE OR LESS
8 = SMOKE OR HAZE
[NO. OF DAYS WITH] [WEATHER - DAYS WITH] 9 = BLOWING SNOW
X = TORNADO
MAX 32 OR BELOW: 0 0.01 INCH OR MORE: 5
MAX 90 OR ABOVE: 11 0.10 INCH OR MORE: 3
MIN 32 OR BELOW: 0 0.50 INCH OR MORE: 0
MIN 0 OR BELOW: 0 1.00 INCH OR MORE: 0
[HDD (BASE 65) ]
TOTAL THIS MO. 0 CLEAR (SCALE 0-3) 22
DPTR FM NORMAL -1 PTCLDY (SCALE 4-7) 9
TOTAL FM JUL 1 0 CLOUDY (SCALE 8-10) 0
DPTR FM NORMAL -1
[CDD (BASE 65) ]
TOTAL THIS MO. 327
DPTR FM NORMAL -49 [PRESSURE DATA]
TOTAL FM JAN 1 1248 HIGHEST SLP 30.14 ON 8
DPTR FM NORMAL 123 LOWEST SLP 29.70 ON 28
[REMARKS]
#FINAL-08-20#