000
CXUS54 KTSA 011215
CLMFYV

CLIMATE REPORT
NATIONAL WEATHER SERVICE TULSA OK
715 AM CDT FRI JUN 1 2018

...................................

...THE FAYETTEVILLE ARKANSAS CLIMATE SUMMARY FOR THE MONTH OF MAY 2018...

CLIMATE NORMAL PERIOD 1981 TO 2010
CLIMATE RECORD PERIOD 1905 TO 2018

WEATHER         OBSERVED          NORMAL  DEPART  LAST YEAR`S
                 VALUE   DATE(S)  VALUE   FROM    VALUE  DATE(S)
                                          NORMAL
................................................................
TEMPERATURE (F)
RECORD
 HIGH              93   05/30/1977
 LOW               30   05/04/1954
HIGHEST            90   05/28        95      -5       86  05/27
                        05/27
LOWEST             49   05/06        29      20       40  05/02
                        05/05                             05/01
AVG. MAXIMUM     83.9              76.1     7.8     76.4
AVG. MINIMUM     60.1              54.0     6.1     51.5
MEAN             72.0              65.1     6.9     63.9
DAYS MAX >= 90      2               0.1     1.9        0
DAYS MAX <= 32      0               0.0     0.0        0
DAYS MIN <= 32      0               0.1    -0.1        0
DAYS MIN <= 0       0               0.0     0.0        0

PRECIPITATION (INCHES)
RECORD
 MAXIMUM        13.39   1957
 MINIMUM         1.05   2012
TOTALS           5.82              6.04   -0.22     6.24
DAILY AVG.       0.19              0.19    0.00     0.20
DAYS >= .01        11              12.4    -1.4       11
DAYS >= .10         9               8.2     0.8        8
DAYS >= .50         4               4.4    -0.4        6
DAYS >= 1.00        1               2.0    -1.0        3
GREATEST
 24 HR. TOTAL    2.25   05/03 TO 05/03           05/19 TO 05/19
                                                          05/31 TO 05/31EATHER         OBSERVED          NORMAL  DEPART  LAST YEAR`S
                                                          05/31 TO 05/31EATHER         OBSERVED          NORMAL  DEPART  LAST YEAR`S

SNOWFALL (INCHES)
RECORDS
 TOTAL            0.5   2013
 24 HR TOTAL      0.5   05/03/2013 TO 05/03/2013
TOTALS            0.0               0.0     0.0      0.0
SINCE 7/1         0.4               7.0    -6.6      1.0
SNOWDEPTH AVG.      0                MM      MM        0
DAYS >= TRACE       0               0.0     0.0        0
DAYS >= 1.0         0               0.0     0.0        0
GREATEST
 SNOW DEPTH         0   MM                             0  MM
 24 HR TOTAL      0.0   05/31 TO 05/31           05/31 TO 05/31
                                                          05/31 TO 05/31EATHER         OBSERVED          NORMAL  DEPART  LAST YEAR`S
                                                          05/31 TO 05/31EATHER         OBSERVED          NORMAL  DEPART  LAST YEAR`S

DEGREE_DAYS
HEATING TOTAL       4                84     -80       95
 SINCE 7/1       4007              4182    -175     3214
COOLING TOTAL     228                85     143       67
 SINCE 1/1        239               113     126      104
.................................................................

WIND (MPH)
AVERAGE WIND SPEED              5.8
HIGHEST WIND SPEED/DIRECTION    33/210    DATE  05/02
HIGHEST GUST SPEED/DIRECTION    42/220    DATE  05/02

SKY COVER
POSSIBLE SUNSHINE (PERCENT)   MM
AVERAGE SKY COVER           0.20
NUMBER OF DAYS FAIR           21
NUMBER OF DAYS PC              9
NUMBER OF DAYS CLOUDY          1

AVERAGE RH (PERCENT)     73

WEATHER CONDITIONS. NUMBER OF DAYS WITH
THUNDERSTORM              9     MIXED PRECIP                0
HEAVY RAIN                5     RAIN                        6
LIGHT RAIN               12     FREEZING RAIN               0
LT FREEZING RAIN          0     HAIL                        0
HEAVY SNOW                0     SNOW                        0
LIGHT SNOW                0     SLEET                       0
FOG                      23     FOG W/VIS <= 1/4 MILE      12
HAZE                      0

-  INDICATES NEGATIVE NUMBERS.
R  INDICATES RECORD WAS SET OR TIED.
MM INDICATES DATA IS MISSING.
T  INDICATES TRACE AMOUNT.

&&
-------------------------------------------------------------------
 YEARLY PRECIPITATION (INCHES):
 TOTAL.....................22.38
 DEPARTURE FROM NORMAL.....+2.17
$$
