000
CXUS53 KDDC 061308
CF6GCK
PRELIMINARY LOCAL CLIMATOLOGICAL DATA (WS FORM: F-6)
STATION: GARDEN CITY REGIONAL ARPT KS
MONTH: JUNE
YEAR: 2023
LATITUDE: 37 55 N
LONGITUDE: 100 43 W
TEMPERATURE IN F: :PCPN: SNOW: WIND :SUNSHINE: SKY :PK WND
================================================================================
1 2 3 4 5 6A 6B 7 8 9 10 11 12 13 14 15 16 17 18
12Z AVG MX 2MIN
DY MAX MIN AVG DEP HDD CDD WTR SNW DPTH SPD SPD DIR MIN PSBL S-S WX SPD DR
================================================================================
1 78 59 69 -1 0 4 0.08 M M 14.4 31 190 M M 6 13 40 180
2 76 56 66 -4 0 1 0.90 M M 13.8 37 120 M M 6 123 46 190
3 67 57 62 -8 3 0 0.15 M M 5.9 16 290 M M 8 1 20 290
4 72 54 63 -8 2 0 0.05 M M 8.2 21 140 M M 5 12 26 140
5 80 55 68 -3 0 3 0.00 M M 6.4 22 170 M M 2 3 30 180
6 81 55 68 -3 0 3 0.00 M M 5.1 13 130 M M 0 17 180
7 83 58 71 -1 0 6 T M M 6.5 17 190 M M 0 26 150
8 85 56 71 -1 0 6 0.00 M M 4.2 10 170 M M 0 1 17 170
9 87 60 74 2 0 9 0.52 M M 9.5 35 30 M M 2 13 45 30
10 83 56 70 -3 0 5 T M M 8.2 43 340 M M 1 3 58 350
11 75 58 67 -6 0 2 0.14 M M 13.8 32 30 M M 4 13 43 40
12 68 55 62 -11 3 0 0.12 M M 8.3 25 280 M M 8 1 34 280
13 71 51 61 -12 4 0 0.12 M M 8.2 28 290 M M 4 13 37 300
14 79 50 65 -9 0 0 0.00 M M 4.6 12 320 M M 1 15 290
15 81 56 69 -5 0 4 0.63 M M 8.8 25 10 M M 5 13 35 10
16 82 53 68 -6 0 3 0.06 M M 5.6 26 310 M M 0 3 36 310
17 77 53 65 -9 0 0 0.91 M M 8.6 37 250 M M 8 138 52 230
18 83 52 68 -7 0 3 0.00 M M 8.3 15 200 M M 1 20 190
19 88 61 75 0 0 10 0.00 M M 14.0 22 150 M M 0 30 150
20 87 70 79 4 0 14 0.00 M M 13.5 20 140 M M 4 30 130
21 86 67 77 2 0 12 0.00 M M 15.0 28 110 M M 6 18 36 110
22 75 60 68 -8 0 3 0.15 M M 7.7 26 70 M M 4 13 36 70
23 83 60 72 -4 0 7 0.65 M M 10.3 30 320 M M 2 13 48 330
24 90 64 77 1 0 12 0.00 M M 9.1 22 350 M M 0 1 27 350
25 84 59 72 -4 0 7 0.00 M M 9.5 24 30 M M 0 29 20
26 85 60 73 -3 0 8 0.00 M M 11.5 22 140 M M 3 27 130
27 85 64 75 -1 0 10 0.05 M M 16.7 36 210 M M 2 38 49 170
28 96 69 83 6 0 18 0.00 M M 9.4 20 30 M M 0 3 28 180
29 93 69 81 4 0 16 T M M 11.2 29 30 M M 1 46 270
30 87 60 74 -3 0 9 0.13 M M 10.8 32 10 M M 3 138 41 360
================================================================================
SM 2447 1757 12 175 4.66 M 287.1 M 86
================================================================================
AV 81.6 58.6 9.6 FASTST M M 3 MAX(MPH)
MISC ----> 43 340 58 350
================================================================================
NOTES:
# LAST OF SEVERAL OCCURRENCES
COLUMN 17 PEAK WIND IN M.P.H.
PRELIMINARY LOCAL CLIMATOLOGICAL DATA (WS FORM: F-6) , PAGE 2
STATION: GARDEN CITY REGIONAL ARPT KS
MONTH: JUNE
YEAR: 2023
LATITUDE: 37 55 N
LONGITUDE: 100 43 W
[TEMPERATURE DATA] [PRECIPITATION DATA] SYMBOLS USED IN COLUMN 16
AVERAGE MONTHLY: 70.1 TOTAL FOR MONTH: 4.66 1 = FOG OR MIST
DPTR FM NORMAL: -3.7 DPTR FM NORMAL: 1.15 2 = FOG REDUCING VISIBILITY
HIGHEST: 96 ON 28 GRTST 24HR 0.98 ON 2- 3 TO 1/4 MILE OR LESS
LOWEST: 50 ON 14 3 = THUNDER
4 = ICE PELLETS
5 = HAIL
6 = FREEZING RAIN OR DRIZZLE
7 = DUSTSTORM OR SANDSTORM:
VSBY 1/2 MILE OR LESS
8 = SMOKE OR HAZE
[NO. OF DAYS WITH] [WEATHER - DAYS WITH] 9 = BLOWING SNOW
X = TORNADO
MAX 32 OR BELOW: 0 0.01 INCH OR MORE: 15
MAX 90 OR ABOVE: 3 0.10 INCH OR MORE: 11
MIN 32 OR BELOW: 0 0.50 INCH OR MORE: 5
MIN 0 OR BELOW: 0 1.00 INCH OR MORE: 0
[HDD (BASE 65) ]
TOTAL THIS MO. 12 CLEAR (SCALE 0-3) 18
DPTR FM NORMAL 0 PTCLDY (SCALE 4-7) 11
TOTAL FM JUL 1 5246 CLOUDY (SCALE 8-10) 1
DPTR FM NORMAL 76
[CDD (BASE 65) ]
TOTAL THIS MO. 175
DPTR FM NORMAL -100 [PRESSURE DATA]
TOTAL FM JAN 1 264 HIGHEST SLP 30.09 ON 5
DPTR FM NORMAL -108 LOWEST SLP 29.64 ON 27
[REMARKS]
#FINAL-06-23#