000
CXUS54 KFWD 010731
CF6GDJ
PRELIMINARY LOCAL CLIMATOLOGICAL DATA (WS FORM: F-6)
STATION: GRANBURY
MONTH: APRIL
YEAR: 2020
LATITUDE: 32 26 N
LONGITUDE: 97 48 W
TEMPERATURE IN F: :PCPN: SNOW: WIND :SUNSHINE: SKY :PK WND
================================================================================
1 2 3 4 5 6A 6B 7 8 9 10 11 12 13 14 15 16 17 18
12Z AVG MX 2MIN
DY MAX MIN AVG DEP HDD CDD WTR SNW DPTH SPD SPD DIR MIN PSBL S-S WX SPD DR
================================================================================
1 74 50 62 2 3 0 0.00 0.0 0 9.1 17 150 M M 0 22 150
2 71 61 66 6 0 1 0.01 0.0 0 11.8 17 150 M M 8 21 160
3 67 42 55 -5 10 0 0.03 0.0 0 11.9 20 320 M M 10 1 28 320
4 47 41 44 -17 21 0 0.23 0.0 0 6.4 13 330 M M 10 13 M M
5 65 47 56 -5 9 0 0.00 0.0 0 4.5 10 140 M M 10 1 M M
6 69 62 66 5 0 1 0.00 0.0 0 6.3 12 140 M M 8 1 18 140
7 89 65 77 15 0 12 0.00 0.0 0 6.5 13 240 M M 2 1 18 240
8 94 66 80 18 0 15 0.00 0.0 0 9.9 18 250 M M 0 24 230
9 74 61 68 6 0 3 0.02 0.0 0 4.3 13 360 M M 3 24 360
10 73 56 65 3 0 0 0.00 0.0 0 7.7 13 110 M M 0 20 80
11 70 58 64 1 1 0 0.00 0.0 0 8.3 15 170 M M 7 3 21 170
12 83 46 65 2 0 0 0.32 0.0 0 14.0 27 300 M M 4 3 36 240
13 57 39 48 -15 17 0 0.00 0.0 0 11.6 24 350 M M 1 33 350
14 56 39 48 -16 17 0 0.00 0.0 0 8.6 13 360 M M 7 17 10
15 67 35 51 -13 14 0 0.00 0.0 0 4.1 9 130 M M 0 M M
16 76 53 65 1 0 0 0.00 0.0 0 12.6 22 140 M M 0 30 150
17 66 47 57 -8 8 0 0.00 0.0 0 9.5 20 310 M M 7 25 310
18 66 46 56 -9 9 0 0.00 0.0 0 4.7 9 150 M M 9 M M
19 86 61 74 9 0 9 0.00 0.0 0 10.0 21 310 M M 4 29 300
20 80 52 66 0 0 1 0.00 0.0 0 3.9 10 110 M M 1 18 M M
21 86 63 75 9 0 10 0.00 0.0 0 9.1 16 120 M M 6 8 23 140
22 92 63 78 12 0 13 0.00 0.0 0 12.3 24 220 M M 4 1 30 220
23 86 54 70 4 0 5 0.00 0.0 0 6.6 10 350 M M 1 8 18 320
24 93 64 79 12 0 14 0.00 0.0 0 12.7 22 320 M M 0 8 32 310
25 79 53 66 -1 0 1 0.00 0.0 0 6.9 12 350 M M 1 21 350
26 85 46 66 -1 0 1 0.00 0.0 0 6.5 14 140 M M 0 3 20 170
27 88 61 75 7 0 10 0.00 0.0 0 14.1 24 150 M M 0 29 170
28 93 71 82 14 0 17 0.00 0.0 0 12.1 21 180 M M 5 3 25 160
29 82 52 67 -1 0 2 0.00 0.0 0 11.0 21 320 M M 2 3 27 310
30 88 46 67 -1 0 2 0.00 0.0 0 4.2 10 140 M M 0 M M
================================================================================
SM 2302 1600 109 117 0.61 0.0 261.2 M 110
================================================================================
AV 76.7 53.3 8.7 FASTST M M 4 MAX(MPH)
MISC ----> # 27 300 # 36 240
================================================================================
NOTES:
# LAST OF SEVERAL OCCURRENCES
COLUMN 17 PEAK WIND IN M.P.H.
PRELIMINARY LOCAL CLIMATOLOGICAL DATA (WS FORM: F-6) , PAGE 2
STATION: GRANBURY
MONTH: APRIL
YEAR: 2020
LATITUDE: 32 26 N
LONGITUDE: 97 48 W
[TEMPERATURE DATA] [PRECIPITATION DATA] SYMBOLS USED IN COLUMN 16
AVERAGE MONTHLY: 65.0 TOTAL FOR MONTH: 0.61 1 = FOG OR MIST
DPTR FM NORMAL: 0.8 DPTR FM NORMAL: M 2 = FOG REDUCING VISIBILITY
HIGHEST: 94 ON 8 GRTST 24HR 0.32 ON 12-12 TO 1/4 MILE OR LESS
LOWEST: 35 ON 15 3 = THUNDER
SNOW, ICE PELLETS, HAIL 4 = ICE PELLETS
TOTAL MONTH: 0.0 INCH 5 = HAIL
GRTST 24HR 0.0 6 = FREEZING RAIN OR DRIZZLE
GRTST DEPTH: 0 7 = DUSTSTORM OR SANDSTORM:
VSBY 1/2 MILE OR LESS
8 = SMOKE OR HAZE
[NO. OF DAYS WITH] [WEATHER - DAYS WITH] 9 = BLOWING SNOW
X = TORNADO
MAX 32 OR BELOW: 0 0.01 INCH OR MORE: 5
MAX 90 OR ABOVE: 4 0.10 INCH OR MORE: 2
MIN 32 OR BELOW: 0 0.50 INCH OR MORE: 0
MIN 0 OR BELOW: 0 1.00 INCH OR MORE: 0
[HDD (BASE 65) ]
TOTAL THIS MO. 109 CLEAR (SCALE 0-3) 16
DPTR FM NORMAL 3 PTCLDY (SCALE 4-7) 10
TOTAL FM JUL 1 2065 CLOUDY (SCALE 8-10) 4
DPTR FM NORMAL -591
[CDD (BASE 65) ]
TOTAL THIS MO. 117
DPTR FM NORMAL 36 [PRESSURE DATA]
TOTAL FM JAN 1 223 HIGHEST SLP M ON M
DPTR FM NORMAL 121 LOWEST SLP M ON M
[REMARKS]
#FINAL-04-20#