000
CXUS56 KTFX 290915
CF6GDV
28
PRELIMINARY LOCAL CLIMATOLOGICAL DATA (WS FORM: F-6)
STATION: GLENDIVE APT MT
MONTH: February
YEAR: 2020
LATITUDE: 47.13 N
LONGITUDE: 104.80 W
TEMPERATURE IN F: :PCPN: SNOW: WIND :SUNSHINE: SKY :PK WND
================================================================================
1 2 3 4 5 6A 6B 7 8 9 10 11 12 13 14 15 16 17 18
12Z AVG MX 2MIN
DY MAX MIN AVG DEP HDD CDD WTR SNW DPTH SPD SPD DIR MIN PSBL S-S WX SPD DR
================================================================================
01 43 26 34 13 31 0 0.00 M M 16.5 M M M M M 38 280
02 32 19 25 4 40 0 T M M 13.4 M M M M M 30 340
03 32 12 22 1 43 0 0.00 M M 5.1 M M M M M M M
04 39 13 26 5 39 0 0.00 M M 10.0 M M M M M 24 350
05 31 16 23 1 42 0 0.00 M M 11.5 M M M M M 22 310
06 30 12 21 -1 44 0 0.01 M M 7.3 M M M M M M M
07 29 14 21 -1 44 0 T M M 5.8 M M M M M M M
08 30 17 23 1 42 0 T M M 8.2 M M M M M M M
09 28 4 16 -6 49 0 T M M 12.5 M M M M M 23 340
10 36 7 21 -2 44 0 T M M 15.3 M M M M M 32 340
11 35 7 21 -2 44 0 0.06 M M 11.7 M M M M M 21 300
12 18 -25 -3 -26 68 0 T M M 13.5 M M M M M 35 360
13 42 17 29 6 36 0 T M M 6.6 M M M M M M M
14 34 17 25 1 40 0 T M M 13.9 M M M M M 39 330
15 40 15 27 3 38 0 T M M 6.9 M M M M M M M
16 33 16 24 0 41 0 0.03 M M 6.0 M M M M M M M
17 20 -2 9 -16 56 0 0.02 M M 6.9 M M M M M M M
18 19 -4 7 -18 58 0 T M M 9.3 M M M M M 24 360
19 38 6 22 -3 43 0 T M M 5.0 M M M M M M M
20 47 13 30 5 35 0 0.00 M M 12.3 M M M M M M M
21 52 19 35 9 30 0 0.00 M M 8.9 M M M M M M M
22 40 26 33 7 32 0 0.00 M M 9.5 M M M M M 24 300
23 35 25 30 4 35 0 0.00 M M 8.6 M M M M M 26 340
24 26 2 14 -13 51 0 0.04 M M 8.7 M M M M M 31 360
25 36 7 21 -6 44 0 0.01 M M 11.1 M M M M M M M
26 41 28 34 7 31 0 0.01 M M 9.3 M M M M M M M
27 52 28 40 12 25 0 T M M 9.8 M M M M M 24 350
28 51 29 40 12 25 0 0.00 M M 9.6 M M M M M 30 320
29M M M M M M 0.0 M M M M M M M
================================================================================
SM 989 364 1150 0 0.18 273.2
================================================================================
AV 34.1 12.6 9.4 MAX(MPH)
39
[TEMPERATURE DATA] [PRECIPITATION DATA]
Average Monthly: 23.3 Total for Month: 0.18
Dptr fm Normal: -0.1 Dptr fm Normal: -0.09