000
CXUS51 KPHI 010815
CF6GED
PRELIMINARY LOCAL CLIMATOLOGICAL DATA (WS FORM: F-6)
STATION: GEORGETOWN DE
MONTH: JUNE
YEAR: 2023
LATITUDE: 38 41 N
LONGITUDE: 75 22 W
TEMPERATURE IN F: :PCPN: SNOW: WIND :SUNSHINE: SKY :PK WND
================================================================================
1 2 3 4 5 6A 6B 7 8 9 10 11 12 13 14 15 16 17 18
12Z AVG MX 2MIN
DY MAX MIN AVG DEP HDD CDD WTR SNW DPTH SPD SPD DIR MIN PSBL S-S WX SPD DR
================================================================================
1 80 57 69 0 0 4 0.00 M M 6.9 16 40 M M 6 18 23 70
2 89 52 71 2 0 6 0.00 M M 3.2 10 50 M M 1 1 14 80
3 75 58 67 -3 0 2 T M M 11.9 24 70 M M 7 8 32 80
4 73 54 64 -6 1 0 0.00 M M 9.1 20 60 M M 3 27 40
5 79 51 65 -5 0 0 0.00 M M 3.5 12 280 M M 4 18 360
6 82 57 70 -1 0 5 0.01 M M 5.3 16 10 M M 2 18 24 270
7 79 58 69 -2 0 4 0.00 M M 4.3 14 270 M M 6 8 20 330
8 75 56 66 -5 0 1 1.03 M M 3.6 20 40 M M 4 138 24 40
9 79 53 66 -6 0 1 T M M 4.6 14 290 M M 2 128 20 320
10 84 56 70 -2 0 5 0.00 M M 6.3 14 310 M M 0 26 280
11 89 63 76 4 0 11 0.00 M M 10.3 21 210 M M 1 8 26 210
12 83 66 75 2 0 10 0.88 M M 9.1 21 170 M M 7 138 29 160
13 81 63 72 -1 0 7 0.00 M M 6.3 18 230 M M 3 23 220
14 82 61 72 -1 0 7 0.00 M M 9.5 22 240 M M 2 32 220
15 83 57 70 -4 0 5 0.00 M M 4.2 12 280 M M 0 17 250
16 85 62 74 0 0 9 0.07 M M 6.1 21 230 M M 6 3 27 210
17 83 64 74 0 0 9 0.00 M M 5.9 17 300 M M 2 18 24 300
18 86 58 72 -2 0 7 0.00 M M 3.5 15 230 M M 0 20 230
19 87 59 73 -2 0 8 0.00 M M 5.3 17 120 M M 2 8 21 120
20 79 69 74 -1 0 9 0.00 M M 11.2 20 70 M M 4 18 30 50
21 71 65 68 -7 0 3 0.96 M M 17.9 28 60 M M 9 18 43 70
22 67 65 66 -10 0 1 0.05 M M 13.3 22 50 M M 10 18 29 80
23 85 65 75 -1 0 10 0.13 M M 8.1 24 160 M M 7 138 31 170
24 87 72 80 4 0 15 0.02 M M 6.1 15 210 M M 6 1 20 210
25 90 71 81 5 0 16 0.00 M M 4.2 12 240 M M 1 1 19 250
26 93 73 83 7 0 18 T M M 9.6 21 190 M M 1 3 26 190
27 90 69 80 3 0 15 0.06 M M 7.2 18 210 M M 3 3 24 290
28 85 68 77 0 0 12 0.00 M M 4.5 12 290 M M 4 8 18 280
29 87 65 76 -1 0 11 0.00 M M 3.9 12 130 M M 1 18 15 130
30 88 63 76 -1 0 11 T M M 4.6 15 130 M M 2 18 19 130
================================================================================
SM 2476 1850 1 222 3.21 M 209.5 M 106
================================================================================
AV 82.5 61.7 7.0 FASTST M M 4 MAX(MPH)
MISC ----> 28 60 43 70
================================================================================
NOTES:
# LAST OF SEVERAL OCCURRENCES
COLUMN 17 PEAK WIND IN M.P.H.
PRELIMINARY LOCAL CLIMATOLOGICAL DATA (WS FORM: F-6) , PAGE 2
STATION: GEORGETOWN DE
MONTH: JUNE
YEAR: 2023
LATITUDE: 38 41 N
LONGITUDE: 75 22 W
[TEMPERATURE DATA] [PRECIPITATION DATA] SYMBOLS USED IN COLUMN 16
AVERAGE MONTHLY: 72.1 TOTAL FOR MONTH: 3.21 1 = FOG OR MIST
DPTR FM NORMAL: -1.5 DPTR FM NORMAL: -0.86 2 = FOG REDUCING VISIBILITY
HIGHEST: 93 ON 26 GRTST 24HR 1.03 ON 8- 8 TO 1/4 MILE OR LESS
LOWEST: 51 ON 5 3 = THUNDER
SNOW, ICE PELLETS, HAIL 4 = ICE PELLETS
TOTAL MONTH: M 5 = HAIL
GRTST 24HR M ON M 6 = FREEZING RAIN OR DRIZZLE
GRTST DEPTH: M ON M 7 = DUSTSTORM OR SANDSTORM:
VSBY 1/2 MILE OR LESS
8 = SMOKE OR HAZE
[NO. OF DAYS WITH] [WEATHER - DAYS WITH] 9 = BLOWING SNOW
X = TORNADO
MAX 32 OR BELOW: 0 0.01 INCH OR MORE: 9
MAX 90 OR ABOVE: 3 0.10 INCH OR MORE: 4
MIN 32 OR BELOW: 0 0.50 INCH OR MORE: 3
MIN 0 OR BELOW: 0 1.00 INCH OR MORE: 1
[HDD (BASE 65) ]
TOTAL THIS MO. 1 CLEAR (SCALE 0-3) 14
DPTR FM NORMAL -9 PTCLDY (SCALE 4-7) 14
TOTAL FM JUL 1 3391 CLOUDY (SCALE 8-10) 2
DPTR FM NORMAL -676
[CDD (BASE 65) ]
TOTAL THIS MO. 222
DPTR FM NORMAL -44 [PRESSURE DATA]
TOTAL FM JAN 1 315 HIGHEST SLP 30.14 ON 21
DPTR FM NORMAL -70 LOWEST SLP 29.53 ON 14
[REMARKS]
#FINAL-06-23#